2600:1017:b823:7cf5:f41f:b1ae:d37:6aac - - [10/Jul/2019:11:16:24 -0400] "GET /wp-content/themes/mb-std-17/images/favicon-16x16.png HTTP/1.1" 200 810 "https://cary.mommybites.com/thank-you/" "Mozilla/5.0 (iPad; CPU OS 12_3_1 like Mac OS X) AppleWebKit/605.1.15 (KHTML, like Gecko) Version/12.1.1 Mobile/15E148 Safari/604.1"
180.76.15.29 - - [10/Jul/2019:11:21:20 -0400] "GET /?p=35447 HTTP/1.1" 301 20 "-" "Mozilla/5.0 (compatible; Baiduspider/2.0; +http://www.baidu.com/search/spider.html)"
180.76.15.143 - - [10/Jul/2019:11:21:20 -0400] "GET /col1/baby/babywearing-myths-busted/ HTTP/1.1" 200 16325 "-" "Mozilla/5.0 (compatible; Baiduspider/2.0; +http://www.baidu.com/search/spider.html)"
40.77.167.53 - - [10/Jul/2019:11:22:16 -0400] "GET /thank-you/ HTTP/1.1" 200 11709 "-" "Mozilla/5.0 (Windows NT 6.1; WOW64) AppleWebKit/534+ (KHTML, like Gecko) BingPreview/1.0b"
216.244.66.227 - - [10/Jul/2019:12:00:14 -0400] "GET /robots.txt HTTP/1.1" 304 - "-" "Mozilla/5.0 (compatible; DotBot/1.1; http://www.opensiteexplorer.org/dotbot, [email protected])"
216.244.66.227 - - [10/Jul/2019:12:48:09 -0400] "GET /robots.txt HTTP/1.1" 304 - "-" "Mozilla/5.0 (compatible; DotBot/1.1; http://www.opensiteexplorer.org/dotbot, [email protected])"
172.68.132.7 - - [10/Jul/2019:12:48:20 -0400] "POST /boston/wp-cron.php?doing_wp_cron=1562777300.3982989788055419921875 HTTP/1.1" 200 20 "https://cary.mommybites.com/boston/wp-cron.php?doing_wp_cron=1562777300.3982989788055419921875" "WordPress/4.9.6; https://cary.mommybites.com/boston"
37.187.162.191 - - [10/Jul/2019:12:48:20 -0400] "GET /boston/feed/ HTTP/1.1" 304 - "-" "Mozilla/5.0 (compatible; PaperLiBot/2.1; https://support.paper.li/entries/20023257-what-is-paper-li)"
172.69.23.17 - - [10/Jul/2019:13:18:39 -0400] "POST /wp-cron.php?doing_wp_cron=1562779119.4660789966583251953125 HTTP/1.1" 200 20 "https://cary.mommybites.com/wp-cron.php?doing_wp_cron=1562779119.4660789966583251953125" "WordPress/4.9.6; https://cary.mommybites.com"
172.69.90.30 - - [10/Jul/2019:13:18:39 -0400] "GET / HTTP/1.1" 200 19157 "-" "Mozilla/5.0 (compatible; Nimbostratus-Bot/v1.3.2; http://cloudsystemnetworks.com)"
172.68.189.15 - - [10/Jul/2019:13:29:54 -0400] "POST /wp-cron.php?doing_wp_cron=1562779794.0887980461120605468750 HTTP/1.1" 200 20 "https://cary.mommybites.com/wp-cron.php?doing_wp_cron=1562779794.0887980461120605468750" "WordPress/4.9.6; https://cary.mommybites.com"
172.69.160.138 - - [10/Jul/2019:13:29:53 -0400] "GET /thank-you/ HTTP/1.1" 200 11717 "-" "Mozilla/5.0 (iPad; CPU OS 12_3_1 like Mac OS X) AppleWebKit/605.1.15 (KHTML, like Gecko) Version/12.1.1 Mobile/15E148 Safari/604.1"
172.69.160.152 - - [10/Jul/2019:13:29:55 -0400] "GET /wp-content/themes/mb-std-17/css/ie10-viewport-bug-workaround.css?ver=4.9.6 HTTP/1.1" 200 292 "https://cary.mommybites.com/thank-you/" "Mozilla/5.0 (iPad; CPU OS 12_3_1 like Mac OS X) AppleWebKit/605.1.15 (KHTML, like Gecko) Version/12.1.1 Mobile/15E148 Safari/604.1"
172.69.160.144 - - [10/Jul/2019:13:29:55 -0400] "GET /wp-content/plugins/contact-form-7/includes/css/styles.css?ver=4.7 HTTP/1.1" 200 634 "https://cary.mommybites.com/thank-you/" "Mozilla/5.0 (iPad; CPU OS 12_3_1 like Mac OS X) AppleWebKit/605.1.15 (KHTML, like Gecko) Version/12.1.1 Mobile/15E148 Safari/604.1"
172.69.160.140 - - [10/Jul/2019:13:29:55 -0400] "GET /wp-content/plugins/mb-boards/css/board.css?ver=0.1.6 HTTP/1.1" 200 1445 "https://cary.mommybites.com/thank-you/" "Mozilla/5.0 (iPad; CPU OS 12_3_1 like Mac OS X) AppleWebKit/605.1.15 (KHTML, like Gecko) Version/12.1.1 Mobile/15E148 Safari/604.1"
172.69.160.144 - - [10/Jul/2019:13:29:55 -0400] "GET /wp-content/themes/mb-std-17/css/template.css?ver=4.9.6 HTTP/1.1" 200 14121 "https://cary.mommybites.com/thank-you/" "Mozilla/5.0 (iPad; CPU OS 12_3_1 like Mac OS X) AppleWebKit/605.1.15 (KHTML, like Gecko) Version/12.1.1 Mobile/15E148 Safari/604.1"
172.69.160.132 - - [10/Jul/2019:13:29:55 -0400] "GET /wp-content/uploads/2017/03/iStock_kidstakingtest-150x150.jpg HTTP/1.1" 200 4771 "https://cary.mommybites.com/thank-you/" "Mozilla/5.0 (iPad; CPU OS 12_3_1 like Mac OS X) AppleWebKit/605.1.15 (KHTML, like Gecko) Version/12.1.1 Mobile/15E148 Safari/604.1"
172.69.160.134 - - [10/Jul/2019:13:29:55 -0400] "GET /wp-content/uploads/2017/03/MommyConOC2016-291-150x150.jpg HTTP/1.1" 200 7539 "https://cary.mommybites.com/thank-you/" "Mozilla/5.0 (iPad; CPU OS 12_3_1 like Mac OS X) AppleWebKit/605.1.15 (KHTML, like Gecko) Version/12.1.1 Mobile/15E148 Safari/604.1"
172.69.160.134 - - [10/Jul/2019:13:29:55 -0400] "GET /wp-includes/js/jquery/jquery-migrate.min.js?ver=1.4.1 HTTP/1.1" 200 4014 "https://cary.mommybites.com/thank-you/" "Mozilla/5.0 (iPad; CPU OS 12_3_1 like Mac OS X) AppleWebKit/605.1.15 (KHTML, like Gecko) Version/12.1.1 Mobile/15E148 Safari/604.1"
172.69.160.134 - - [10/Jul/2019:13:29:55 -0400] "GET /wp-content/uploads/2017/03/playground1-150x150.jpg HTTP/1.1" 200 10261 "https://cary.mommybites.com/thank-you/" "Mozilla/5.0 (iPad; CPU OS 12_3_1 like Mac OS X) AppleWebKit/605.1.15 (KHTML, like Gecko) Version/12.1.1 Mobile/15E148 Safari/604.1"
172.69.160.148 - - [10/Jul/2019:13:29:55 -0400] "GET /wp-includes/js/jquery/jquery.js?ver=1.12.4 HTTP/1.1" 200 33766 "https://cary.mommybites.com/thank-you/" "Mozilla/5.0 (iPad; CPU OS 12_3_1 like Mac OS X) AppleWebKit/605.1.15 (KHTML, like Gecko) Version/12.1.1 Mobile/15E148 Safari/604.1"
172.69.160.148 - - [10/Jul/2019:13:29:55 -0400] "GET /wp-content/plugins/super-socializer/css/share-svg.css?ver=7.12.21 HTTP/1.1" 200 31598 "https://cary.mommybites.com/thank-you/" "Mozilla/5.0 (iPad; CPU OS 12_3_1 like Mac OS X) AppleWebKit/605.1.15 (KHTML, like Gecko) Version/12.1.1 Mobile/15E148 Safari/604.1"
172.69.160.148 - - [10/Jul/2019:13:29:55 -0400] "GET /wp-content/uploads/2016/09/MB-Chit-Chat_150x150.jpg HTTP/1.1" 200 45239 "https://cary.mommybites.com/thank-you/" "Mozilla/5.0 (iPad; CPU OS 12_3_1 like Mac OS X) AppleWebKit/605.1.15 (KHTML, like Gecko) Version/12.1.1 Mobile/15E148 Safari/604.1"
172.69.160.140 - - [10/Jul/2019:13:29:55 -0400] "GET /wp-content/uploads/2013/11/Ask_toddler-thumbnail.jpg HTTP/1.1" 200 61233 "https://cary.mommybites.com/thank-you/" "Mozilla/5.0 (iPad; CPU OS 12_3_1 like Mac OS X) AppleWebKit/605.1.15 (KHTML, like Gecko) Version/12.1.1 Mobile/15E148 Safari/604.1"
172.69.160.146 - - [10/Jul/2019:13:29:55 -0400] "GET /wp-content/uploads/2015/10/Screen-time-150x150.jpg HTTP/1.1" 200 8103 "https://cary.mommybites.com/thank-you/" "Mozilla/5.0 (iPad; CPU OS 12_3_1 like Mac OS X) AppleWebKit/605.1.15 (KHTML, like Gecko) Version/12.1.1 Mobile/15E148 Safari/604.1"
172.69.160.132 - - [10/Jul/2019:13:29:55 -0400] "GET /wp-content/uploads/2017/03/toddlerxylophone-150x150.jpg HTTP/1.1" 200 5919 "https://cary.mommybites.com/thank-you/" "Mozilla/5.0 (iPad; CPU OS 12_3_1 like Mac OS X) AppleWebKit/605.1.15 (KHTML, like Gecko) Version/12.1.1 Mobile/15E148 Safari/604.1"
172.69.160.152 - - [10/Jul/2019:13:29:55 -0400] "GET /wp-content/plugins/mb-boards/js/board.js?ver=0.1.6 HTTP/1.1" 200 1452 "https://cary.mommybites.com/thank-you/" "Mozilla/5.0 (iPad; CPU OS 12_3_1 like Mac OS X) AppleWebKit/605.1.15 (KHTML, like Gecko) Version/12.1.1 Mobile/15E148 Safari/604.1"
172.69.160.134 - - [10/Jul/2019:13:29:55 -0400] "GET /wp-content/plugins/super-socializer/js/front/facebook/commenting.js?ver=7.12.21 HTTP/1.1" 200 1613 "https://cary.mommybites.com/thank-you/" "Mozilla/5.0 (iPad; CPU OS 12_3_1 like Mac OS X) AppleWebKit/605.1.15 (KHTML, like Gecko) Version/12.1.1 Mobile/15E148 Safari/604.1"
172.69.160.148 - - [10/Jul/2019:13:29:55 -0400] "GET /wp-content/plugins/mystickymenu/js/mystickymenu.min.js?ver=2.0.6 HTTP/1.1" 200 1228 "https://cary.mommybites.com/thank-you/" "Mozilla/5.0 (iPad; CPU OS 12_3_1 like Mac OS X) AppleWebKit/605.1.15 (KHTML, like Gecko) Version/12.1.1 Mobile/15E148 Safari/604.1"
172.69.160.138 - - [10/Jul/2019:13:29:55 -0400] "GET /wp-content/plugins/super-socializer/js/front/sharing/sharing.js?ver=7.12.21 HTTP/1.1" 200 11309 "https://cary.mommybites.com/thank-you/" "Mozilla/5.0 (iPad; CPU OS 12_3_1 like Mac OS X) AppleWebKit/605.1.15 (KHTML, like Gecko) Version/12.1.1 Mobile/15E148 Safari/604.1"
172.69.160.150 - - [10/Jul/2019:13:29:55 -0400] "GET /wp-content/themes/mb-std-17/js/html5shiv/respond.min.js?ver=20151215 HTTP/1.1" 200 2151 "https://cary.mommybites.com/thank-you/" "Mozilla/5.0 (iPad; CPU OS 12_3_1 like Mac OS X) AppleWebKit/605.1.15 (KHTML, like Gecko) Version/12.1.1 Mobile/15E148 Safari/604.1"
172.69.160.140 - - [10/Jul/2019:13:29:55 -0400] "GET /wp-content/themes/mb-std-17/js/html5shiv/html5shiv.min.js?ver=20151215 HTTP/1.1" 200 1309 "https://cary.mommybites.com/thank-you/" "Mozilla/5.0 (iPad; CPU OS 12_3_1 like Mac OS X) AppleWebKit/605.1.15 (KHTML, like Gecko) Version/12.1.1 Mobile/15E148 Safari/604.1"
172.69.160.152 - - [10/Jul/2019:13:29:55 -0400] "GET /wp-content/plugins/adrotate/library/jquery.adrotate.clicktracker.js HTTP/1.1" 200 537 "https://cary.mommybites.com/thank-you/" "Mozilla/5.0 (iPad; CPU OS 12_3_1 like Mac OS X) AppleWebKit/605.1.15 (KHTML, like Gecko) Version/12.1.1 Mobile/15E148 Safari/604.1"
172.69.160.134 - - [10/Jul/2019:13:29:55 -0400] "GET /wp-content/themes/mb-std-17/js/ie-emulation-modes-warning.js?ver=20151215 HTTP/1.1" 200 1039 "https://cary.mommybites.com/thank-you/" "Mozilla/5.0 (iPad; CPU OS 12_3_1 like Mac OS X) AppleWebKit/605.1.15 (KHTML, like Gecko) Version/12.1.1 Mobile/15E148 Safari/604.1"
172.69.160.136 - - [10/Jul/2019:13:29:55 -0400] "GET /wp-content/themes/mb-std-17/js/skip-link-focus-fix.js?ver=20151215 HTTP/1.1" 200 472 "https://cary.mommybites.com/thank-you/" "Mozilla/5.0 (iPad; CPU OS 12_3_1 like Mac OS X) AppleWebKit/605.1.15 (KHTML, like Gecko) Version/12.1.1 Mobile/15E148 Safari/604.1"
172.69.160.144 - - [10/Jul/2019:13:29:55 -0400] "GET /wp-content/plugins/super-socializer/js/front/social_login/general.js?ver=7.12.21 HTTP/1.1" 200 1454 "https://cary.mommybites.com/thank-you/" "Mozilla/5.0 (iPad; CPU OS 12_3_1 like Mac OS X) AppleWebKit/605.1.15 (KHTML, like Gecko) Version/12.1.1 Mobile/15E148 Safari/604.1"
172.69.160.144 - - [10/Jul/2019:13:29:55 -0400] "GET /wp-content/plugins/contact-form-7/includes/js/jquery.form.min.js?ver=3.51.0-2014.06.20 HTTP/1.1" 200 5860 "https://cary.mommybites.com/thank-you/" "Mozilla/5.0 (iPad; CPU OS 12_3_1 like Mac OS X) AppleWebKit/605.1.15 (KHTML, like Gecko) Version/12.1.1 Mobile/15E148 Safari/604.1"
172.69.160.140 - - [10/Jul/2019:13:29:55 -0400] "GET /wp-content/themes/mb-std-17/js/functions.js?ver=1533317725 HTTP/1.1" 200 2995 "https://cary.mommybites.com/thank-you/" "Mozilla/5.0 (iPad; CPU OS 12_3_1 like Mac OS X) AppleWebKit/605.1.15 (KHTML, like Gecko) Version/12.1.1 Mobile/15E148 Safari/604.1"
172.69.160.136 - - [10/Jul/2019:13:29:55 -0400] "GET /wp-content/plugins/contact-form-7/includes/js/scripts.js?ver=4.7 HTTP/1.1" 200 3667 "https://cary.mommybites.com/thank-you/" "Mozilla/5.0 (iPad; CPU OS 12_3_1 like Mac OS X) AppleWebKit/605.1.15 (KHTML, like Gecko) Version/12.1.1 Mobile/15E148 Safari/604.1"
172.69.160.134 - - [10/Jul/2019:13:29:55 -0400] "GET /wp-includes/js/wp-embed.min.js?ver=4.9.6 HTTP/1.1" 200 751 "https://cary.mommybites.com/thank-you/" "Mozilla/5.0 (iPad; CPU OS 12_3_1 like Mac OS X) AppleWebKit/605.1.15 (KHTML, like Gecko) Version/12.1.1 Mobile/15E148 Safari/604.1"
172.69.160.134 - - [10/Jul/2019:13:29:55 -0400] "GET /wp-content/plugins/super-socializer/js/front/facebook/sdk.js?ver=7.12.21 HTTP/1.1" 200 729 "https://cary.mommybites.com/thank-you/" "Mozilla/5.0 (iPad; CPU OS 12_3_1 like Mac OS X) AppleWebKit/605.1.15 (KHTML, like Gecko) Version/12.1.1 Mobile/15E148 Safari/604.1"
172.69.160.138 - - [10/Jul/2019:13:29:55 -0400] "GET /wp-content/plugins/wordpress-23-related-posts-plugin/static/themes/vertical-m.css?version=3.6.4 HTTP/1.1" 200 592 "https://cary.mommybites.com/thank-you/" "Mozilla/5.0 (iPad; CPU OS 12_3_1 like Mac OS X) AppleWebKit/605.1.15 (KHTML, like Gecko) Version/12.1.1 Mobile/15E148 Safari/604.1"
172.69.160.132 - - [10/Jul/2019:13:29:56 -0400] "GET /wp-content/themes/mb-std-17/images/logo.png HTTP/1.1" 200 2837 "https://cary.mommybites.com/thank-you/" "Mozilla/5.0 (iPad; CPU OS 12_3_1 like Mac OS X) AppleWebKit/605.1.15 (KHTML, like Gecko) Version/12.1.1 Mobile/15E148 Safari/604.1"
40.77.167.59 - - [10/Jul/2019:13:34:22 -0400] "GET /thank-you/ HTTP/1.1" 200 11709 "-" "Mozilla/5.0 (Windows NT 6.1; WOW64) AppleWebKit/534+ (KHTML, like Gecko) BingPreview/1.0b"
205.164.44.178 - - [10/Jul/2019:13:34:22 -0400] "POST /wp-cron.php?doing_wp_cron=1562780062.4467830657958984375000 HTTP/1.1" 200 20 "https://cary.mommybites.com/wp-cron.php?doing_wp_cron=1562780062.4467830657958984375000" "WordPress/4.9.6; https://cary.mommybites.com"
40.77.167.59 - - [10/Jul/2019:13:34:22 -0400] "GET /thank-you/ HTTP/1.1" 200 11709 "-" "Mozilla/5.0 (Windows NT 6.1; WOW64) AppleWebKit/534+ (KHTML, like Gecko) BingPreview/1.0b"
172.68.189.123 - - [10/Jul/2019:13:49:39 -0400] "POST /wp-cron.php?doing_wp_cron=1562780979.0180609226226806640625 HTTP/1.1" 200 20 "https://cary.mommybites.com/wp-cron.php?doing_wp_cron=1562780979.0180609226226806640625" "WordPress/4.9.6; https://cary.mommybites.com"
159.69.189.72 - - [10/Jul/2019:13:49:38 -0400] "GET /feed HTTP/1.1" 301 20 "-" "FeedBurner/1.0 (http://www.FeedBurner.com) Mozilla/5.0 (Macintosh; Intel Mac OS X 10_11_6) AppleWebKit/537.36 (KHTML, like Gecko) Chrome/63.0.3239.132 Safari/537.36 Specificfeeds- http://www.specificfeeds.com"
159.69.189.72 - - [10/Jul/2019:13:49:40 -0400] "GET /feed/ HTTP/1.1" 200 23048 "-" "FeedBurner/1.0 (http://www.FeedBurner.com) Mozilla/5.0 (Macintosh; Intel Mac OS X 10_11_6) AppleWebKit/537.36 (KHTML, like Gecko) Chrome/63.0.3239.132 Safari/537.36 Specificfeeds- http://www.specificfeeds.com"
172.69.234.132 - - [10/Jul/2019:13:56:00 -0400] "GET /newyork/files/2018/11/Flexible-jobs-for-parents-in-NYC-1-1024x683.jpg HTTP/1.1" 200 88290 "-" "Mozilla/5.0 (Windows NT 10.0; Win64; x64) AppleWebKit/537.36 (KHTML, like Gecko) Chrome/75.0.3770.100 Safari/537.36"
96.224.32.98 - - [10/Jul/2019:16:24:12 -0400] "GET /thank-you/ HTTP/1.1" 200 11709 "-" "Mozilla/5.0 (Macintosh; Intel Mac OS X 10_11_6) AppleWebKit/537.36 (KHTML, like Gecko) Chrome/75.0.3770.90 Safari/537.36"
172.68.132.7 - - [10/Jul/2019:16:24:13 -0400] "POST /wp-cron.php?doing_wp_cron=1562790253.0890870094299316406250 HTTP/1.1" 200 20 "https://cary.mommybites.com/wp-cron.php?doing_wp_cron=1562790253.0890870094299316406250" "WordPress/4.9.6; https://cary.mommybites.com"
172.68.133.122 - - [10/Jul/2019:17:25:20 -0400] "POST /wp-cron.php?doing_wp_cron=1562793919.9434731006622314453125 HTTP/1.1" 200 20 "https://cary.mommybites.com/wp-cron.php?doing_wp_cron=1562793919.9434731006622314453125" "WordPress/4.9.6; https://cary.mommybites.com"
180.76.15.162 - - [10/Jul/2019:17:25:19 -0400] "GET /wp-json/oembed/1.0/embed?url=https%3A%2F%2Fcary.mommybites.com%2F&format=xml HTTP/1.1" 200 1143 "-" "Mozilla/5.0 (compatible; Baiduspider/2.0; +http://www.baidu.com/search/spider.html)"
172.68.142.247 - - [10/Jul/2019:17:38:09 -0400] "POST /wp-cron.php?doing_wp_cron=1562794689.1917130947113037109375 HTTP/1.1" 200 20 "https://cary.mommybites.com/wp-cron.php?doing_wp_cron=1562794689.1917130947113037109375" "WordPress/4.9.6; https://cary.mommybites.com"
159.69.242.206 - - [10/Jul/2019:17:38:08 -0400] "GET /feed HTTP/1.1" 301 20 "-" "FeedBurner/1.0 (http://www.FeedBurner.com) Mozilla/5.0 (Macintosh; Intel Mac OS X 10_11_6) AppleWebKit/537.36 (KHTML, like Gecko) Chrome/63.0.3239.132 Safari/537.36 Specificfeeds- http://www.specificfeeds.com"
159.69.242.206 - - [10/Jul/2019:17:38:10 -0400] "GET /feed/ HTTP/1.1" 200 23048 "-" "FeedBurner/1.0 (http://www.FeedBurner.com) Mozilla/5.0 (Macintosh; Intel Mac OS X 10_11_6) AppleWebKit/537.36 (KHTML, like Gecko) Chrome/63.0.3239.132 Safari/537.36 Specificfeeds- http://www.specificfeeds.com"
172.68.133.122 - - [10/Jul/2019:18:48:19 -0400] "POST /boston/wp-cron.php?doing_wp_cron=1562798899.6456289291381835937500 HTTP/1.1" 200 20 "https://cary.mommybites.com/boston/wp-cron.php?doing_wp_cron=1562798899.6456289291381835937500" "WordPress/4.9.6; https://cary.mommybites.com/boston"
37.187.162.191 - - [10/Jul/2019:18:48:19 -0400] "GET /boston/feed/ HTTP/1.1" 304 - "-" "Mozilla/5.0 (compatible; PaperLiBot/2.1; https://support.paper.li/entries/20023257-what-is-paper-li)"
159.69.242.206 - - [10/Jul/2019:20:58:29 -0400] "GET /feed HTTP/1.1" 301 20 "-" "FeedBurner/1.0 (http://www.FeedBurner.com) Mozilla/5.0 (Macintosh; Intel Mac OS X 10_11_6) AppleWebKit/537.36 (KHTML, like Gecko) Chrome/63.0.3239.132 Safari/537.36 Specificfeeds- http://www.specificfeeds.com"
172.68.189.123 - - [10/Jul/2019:20:58:29 -0400] "POST /wp-cron.php?doing_wp_cron=1562806709.6182539463043212890625 HTTP/1.1" 200 20 "https://cary.mommybites.com/wp-cron.php?doing_wp_cron=1562806709.6182539463043212890625" "WordPress/4.9.6; https://cary.mommybites.com"
159.69.242.206 - - [10/Jul/2019:20:58:31 -0400] "GET /feed/ HTTP/1.1" 200 23048 "-" "FeedBurner/1.0 (http://www.FeedBurner.com) Mozilla/5.0 (Macintosh; Intel Mac OS X 10_11_6) AppleWebKit/537.36 (KHTML, like Gecko) Chrome/63.0.3239.132 Safari/537.36 Specificfeeds- http://www.specificfeeds.com"
112.198.226.85 - - [10/Jul/2019:21:21:02 -0400] "GET /newyork/files/2018/11/Flexible-jobs-for-parents-in-NYC-1-1024x683.jpg HTTP/1.1" 200 88290 "-" "Mozilla/5.0 (iPhone; CPU iPhone OS 10_3_2 like Mac OS X) AppleWebKit/603.1.30 (KHTML, like Gecko) CriOS/70.0.3538.75 Mobile/14F89 Safari/602.1"
172.68.143.56 - - [10/Jul/2019:22:22:27 -0400] "POST /wp-cron.php?doing_wp_cron=1562811747.4522368907928466796875 HTTP/1.1" 200 20 "https://cary.mommybites.com/wp-cron.php?doing_wp_cron=1562811747.4522368907928466796875" "WordPress/4.9.6; https://cary.mommybites.com"
180.76.15.23 - - [10/Jul/2019:22:22:27 -0400] "GET /category/col1/prenatal/ HTTP/1.1" 200 14210 "-" "Mozilla/5.0 (compatible; Baiduspider/2.0; +http://www.baidu.com/search/spider.html)"
172.68.132.7 - - [10/Jul/2019:22:55:47 -0400] "POST /wp-cron.php?doing_wp_cron=1562813747.4719951152801513671875 HTTP/1.1" 200 20 "https://cary.mommybites.com/wp-cron.php?doing_wp_cron=1562813747.4719951152801513671875" "WordPress/4.9.6; https://cary.mommybites.com"
180.76.15.12 - - [10/Jul/2019:22:55:47 -0400] "GET /tag/development/ HTTP/1.1" 200 13792 "-" "Mozilla/5.0 (compatible; Baiduspider/2.0; +http://www.baidu.com/search/spider.html)"
172.68.189.123 - - [10/Jul/2019:23:29:07 -0400] "POST /wp-cron.php?doing_wp_cron=1562815747.5236060619354248046875 HTTP/1.1" 200 20 "https://cary.mommybites.com/wp-cron.php?doing_wp_cron=1562815747.5236060619354248046875" "WordPress/4.9.6; https://cary.mommybites.com"
180.76.15.135 - - [10/Jul/2019:23:29:07 -0400] "GET /col1/prenatal/breastfeeding-basics-teleclass-re-cap-2/ HTTP/1.1" 200 17113 "-" "Mozilla/5.0 (compatible; Baiduspider/2.0; +http://www.baidu.com/search/spider.html)"
172.68.189.123 - - [11/Jul/2019:00:48:19 -0400] "POST /boston/wp-cron.php?doing_wp_cron=1562820499.7896220684051513671875 HTTP/1.1" 200 20 "https://cary.mommybites.com/boston/wp-cron.php?doing_wp_cron=1562820499.7896220684051513671875" "WordPress/4.9.6; https://cary.mommybites.com/boston"
37.187.162.191 - - [11/Jul/2019:00:48:19 -0400] "GET /boston/feed/ HTTP/1.1" 304 - "-" "Mozilla/5.0 (compatible; PaperLiBot/2.1; https://support.paper.li/entries/20023257-what-is-paper-li)"
205.164.44.178 - - [11/Jul/2019:00:51:25 -0400] "POST /wp-cron.php?doing_wp_cron=1562820685.1500890254974365234375 HTTP/1.1" 200 20 "https://cary.mommybites.com/wp-cron.php?doing_wp_cron=1562820685.1500890254974365234375" "WordPress/4.9.6; https://cary.mommybites.com"
159.69.242.206 - - [11/Jul/2019:00:51:24 -0400] "GET /feed HTTP/1.1" 301 20 "-" "FeedBurner/1.0 (http://www.FeedBurner.com) Mozilla/5.0 (Macintosh; Intel Mac OS X 10_11_6) AppleWebKit/537.36 (KHTML, like Gecko) Chrome/63.0.3239.132 Safari/537.36 Specificfeeds- http://www.specificfeeds.com"
159.69.242.206 - - [11/Jul/2019:00:51:26 -0400] "GET /feed/ HTTP/1.1" 200 23048 "-" "FeedBurner/1.0 (http://www.FeedBurner.com) Mozilla/5.0 (Macintosh; Intel Mac OS X 10_11_6) AppleWebKit/537.36 (KHTML, like Gecko) Chrome/63.0.3239.132 Safari/537.36 Specificfeeds- http://www.specificfeeds.com"
172.68.10.210 - - [11/Jul/2019:02:42:00 -0400] "GET /robots.txt HTTP/1.1" 200 486 "-" "Mozilla/5.0 (compatible; YandexBot/3.0; +http://yandex.com/bots)"
172.69.234.142 - - [11/Jul/2019:02:42:04 -0400] "GET /wp-content/uploads/2009/06/NewYorkFamily1.pdf HTTP/1.1" 200 6847095 "-" "Mozilla/5.0 (compatible; YandexBot/3.0; +http://yandex.com/bots)"
180.76.15.161 - - [11/Jul/2019:04:29:09 -0400] "GET /author/xzahiggins/ HTTP/1.1" 200 11849 "-" "Mozilla/5.0 (compatible; Baiduspider/2.0; +http://www.baidu.com/search/spider.html)"
172.69.23.17 - - [11/Jul/2019:04:29:10 -0400] "POST /wp-cron.php?doing_wp_cron=1562833750.0588040351867675781250 HTTP/1.1" 200 20 "https://cary.mommybites.com/wp-cron.php?doing_wp_cron=1562833750.0588040351867675781250" "WordPress/4.9.6; https://cary.mommybites.com"
172.68.142.247 - - [11/Jul/2019:04:45:29 -0400] "POST /wp-cron.php?doing_wp_cron=1562834729.4748558998107910156250 HTTP/1.1" 200 20 "https://cary.mommybites.com/wp-cron.php?doing_wp_cron=1562834729.4748558998107910156250" "WordPress/4.9.6; https://cary.mommybites.com"
159.69.242.206 - - [11/Jul/2019:04:45:29 -0400] "GET /feed HTTP/1.1" 301 20 "-" "FeedBurner/1.0 (http://www.FeedBurner.com) Mozilla/5.0 (Macintosh; Intel Mac OS X 10_11_6) AppleWebKit/537.36 (KHTML, like Gecko) Chrome/63.0.3239.132 Safari/537.36 Specificfeeds- http://www.specificfeeds.com"
159.69.242.206 - - [11/Jul/2019:04:45:30 -0400] "GET /feed/ HTTP/1.1" 200 23048 "-" "FeedBurner/1.0 (http://www.FeedBurner.com) Mozilla/5.0 (Macintosh; Intel Mac OS X 10_11_6) AppleWebKit/537.36 (KHTML, like Gecko) Chrome/63.0.3239.132 Safari/537.36 Specificfeeds- http://www.specificfeeds.com"
172.68.189.123 - - [11/Jul/2019:05:02:29 -0400] "POST /wp-cron.php?doing_wp_cron=1562835749.8469359874725341796875 HTTP/1.1" 200 20 "https://cary.mommybites.com/wp-cron.php?doing_wp_cron=1562835749.8469359874725341796875" "WordPress/4.9.6; https://cary.mommybites.com"
180.76.15.163 - - [11/Jul/2019:05:02:29 -0400] "GET /wp-json/tribe/events/v1/ HTTP/1.1" 404 116 "-" "Mozilla/5.0 (compatible; Baiduspider/2.0; +http://www.baidu.com/search/spider.html)"
180.76.15.26 - - [11/Jul/2019:05:35:49 -0400] "GET /wp-content/plugins/contact-form-7/includes/js/scripts.js HTTP/1.1" 304 - "-" "Mozilla/5.0 (compatible; Baiduspider/2.0; +http://www.baidu.com/search/spider.html)"
172.68.174.30 - - [11/Jul/2019:06:48:19 -0400] "POST /boston/wp-cron.php?doing_wp_cron=1562842099.5665020942687988281250 HTTP/1.1" 200 20 "https://cary.mommybites.com/boston/wp-cron.php?doing_wp_cron=1562842099.5665020942687988281250" "WordPress/4.9.6; https://cary.mommybites.com/boston"
37.187.162.191 - - [11/Jul/2019:06:48:19 -0400] "GET /boston/feed/ HTTP/1.1" 304 - "-" "Mozilla/5.0 (compatible; PaperLiBot/2.1; https://support.paper.li/entries/20023257-what-is-paper-li)"
205.164.44.178 - - [11/Jul/2019:08:45:19 -0400] "POST /wp-cron.php?doing_wp_cron=1562849119.7069599628448486328125 HTTP/1.1" 200 20 "https://cary.mommybites.com/wp-cron.php?doing_wp_cron=1562849119.7069599628448486328125" "WordPress/4.9.6; https://cary.mommybites.com"
159.69.189.72 - - [11/Jul/2019:08:45:19 -0400] "GET /feed HTTP/1.1" 301 20 "-" "FeedBurner/1.0 (http://www.FeedBurner.com) Mozilla/5.0 (Macintosh; Intel Mac OS X 10_11_6) AppleWebKit/537.36 (KHTML, like Gecko) Chrome/63.0.3239.132 Safari/537.36 Specificfeeds- http://www.specificfeeds.com"
159.69.189.72 - - [11/Jul/2019:08:45:22 -0400] "GET /feed/ HTTP/1.1" 200 23048 "-" "FeedBurner/1.0 (http://www.FeedBurner.com) Mozilla/5.0 (Macintosh; Intel Mac OS X 10_11_6) AppleWebKit/537.36 (KHTML, like Gecko) Chrome/63.0.3239.132 Safari/537.36 Specificfeeds- http://www.specificfeeds.com"
172.68.189.15 - - [11/Jul/2019:10:01:34 -0400] "POST /wp-cron.php?doing_wp_cron=1562853693.9788970947265625000000 HTTP/1.1" 200 20 "https://cary.mommybites.com/wp-cron.php?doing_wp_cron=1562853693.9788970947265625000000" "WordPress/4.9.6; https://cary.mommybites.com"
71.105.119.18 - - [11/Jul/2019:10:01:33 -0400] "GET / HTTP/1.1" 200 21786 "-" "Mozilla/5.0 (Windows NT 10.0; Win64; x64) AppleWebKit/537.36 (KHTML, like Gecko) Chrome/75.0.3770.100 Safari/537.36"
71.105.119.18 - - [11/Jul/2019:10:01:42 -0400] "GET /thank-you/ HTTP/1.1" 200 14381 "-" "Mozilla/5.0 (Windows NT 10.0; Win64; x64) AppleWebKit/537.36 (KHTML, like Gecko) Chrome/75.0.3770.100 Safari/537.36"
71.105.119.18 - - [11/Jul/2019:10:01:55 -0400] "GET /wp-admin/post.php?post=35672&action=edit HTTP/1.1" 200 47628 "https://cary.mommybites.com/thank-you/" "Mozilla/5.0 (Windows NT 10.0; Win64; x64) AppleWebKit/537.36 (KHTML, like Gecko) Chrome/75.0.3770.100 Safari/537.36"
71.105.119.18 - - [11/Jul/2019:10:02:13 -0400] "POST /wp-admin/admin-ajax.php HTTP/1.1" 200 104 "https://cary.mommybites.com/wp-admin/post.php?post=35672&action=edit" "Mozilla/5.0 (Windows NT 10.0; Win64; x64) AppleWebKit/537.36 (KHTML, like Gecko) Chrome/75.0.3770.100 Safari/537.36"
71.105.119.18 - - [11/Jul/2019:10:02:28 -0400] "POST /wp-admin/admin-ajax.php HTTP/1.1" 200 104 "https://cary.mommybites.com/wp-admin/post.php?post=35672&action=edit" "Mozilla/5.0 (Windows NT 10.0; Win64; x64) AppleWebKit/537.36 (KHTML, like Gecko) Chrome/75.0.3770.100 Safari/537.36"
71.105.119.18 - - [11/Jul/2019:10:02:43 -0400] "POST /wp-admin/admin-ajax.php HTTP/1.1" 200 104 "https://cary.mommybites.com/wp-admin/post.php?post=35672&action=edit" "Mozilla/5.0 (Windows NT 10.0; Win64; x64) AppleWebKit/537.36 (KHTML, like Gecko) Chrome/75.0.3770.100 Safari/537.36"
71.105.119.18 - - [11/Jul/2019:10:02:59 -0400] "POST /wp-admin/admin-ajax.php HTTP/1.1" 200 104 "https://cary.mommybites.com/wp-admin/post.php?post=35672&action=edit" "Mozilla/5.0 (Windows NT 10.0; Win64; x64) AppleWebKit/537.36 (KHTML, like Gecko) Chrome/75.0.3770.100 Safari/537.36"
71.105.119.18 - - [11/Jul/2019:10:03:14 -0400] "POST /wp-admin/admin-ajax.php HTTP/1.1" 200 104 "https://cary.mommybites.com/wp-admin/post.php?post=35672&action=edit" "Mozilla/5.0 (Windows NT 10.0; Win64; x64) AppleWebKit/537.36 (KHTML, like Gecko) Chrome/75.0.3770.100 Safari/537.36"
71.105.119.18 - - [11/Jul/2019:10:03:48 -0400] "POST /wp-admin/admin-ajax.php HTTP/1.1" 200 104 "https://cary.mommybites.com/wp-admin/post.php?post=35672&action=edit" "Mozilla/5.0 (Windows NT 10.0; Win64; x64) AppleWebKit/537.36 (KHTML, like Gecko) Chrome/75.0.3770.100 Safari/537.36"
71.105.119.18 - - [11/Jul/2019:10:04:04 -0400] "POST /wp-admin/admin-ajax.php HTTP/1.1" 200 104 "https://cary.mommybites.com/wp-admin/post.php?post=35672&action=edit" "Mozilla/5.0 (Windows NT 10.0; Win64; x64) AppleWebKit/537.36 (KHTML, like Gecko) Chrome/75.0.3770.100 Safari/537.36"
71.105.119.18 - - [11/Jul/2019:10:04:38 -0400] "POST /wp-admin/admin-ajax.php HTTP/1.1" 200 104 "https://cary.mommybites.com/wp-admin/post.php?post=35672&action=edit" "Mozilla/5.0 (Windows NT 10.0; Win64; x64) AppleWebKit/537.36 (KHTML, like Gecko) Chrome/75.0.3770.100 Safari/537.36"
71.105.119.18 - - [11/Jul/2019:10:04:54 -0400] "POST /wp-admin/admin-ajax.php HTTP/1.1" 200 104 "https://cary.mommybites.com/wp-admin/post.php?post=35672&action=edit" "Mozilla/5.0 (Windows NT 10.0; Win64; x64) AppleWebKit/537.36 (KHTML, like Gecko) Chrome/75.0.3770.100 Safari/537.36"
71.105.119.18 - - [11/Jul/2019:10:05:09 -0400] "POST /wp-admin/admin-ajax.php HTTP/1.1" 200 104 "https://cary.mommybites.com/wp-admin/post.php?post=35672&action=edit" "Mozilla/5.0 (Windows NT 10.0; Win64; x64) AppleWebKit/537.36 (KHTML, like Gecko) Chrome/75.0.3770.100 Safari/537.36"
71.105.119.18 - - [11/Jul/2019:10:05:24 -0400] "POST /wp-admin/admin-ajax.php HTTP/1.1" 200 104 "https://cary.mommybites.com/wp-admin/post.php?post=35672&action=edit" "Mozilla/5.0 (Windows NT 10.0; Win64; x64) AppleWebKit/537.36 (KHTML, like Gecko) Chrome/75.0.3770.100 Safari/537.36"
71.105.119.18 - - [11/Jul/2019:10:05:39 -0400] "POST /wp-admin/admin-ajax.php HTTP/1.1" 200 104 "https://cary.mommybites.com/wp-admin/post.php?post=35672&action=edit" "Mozilla/5.0 (Windows NT 10.0; Win64; x64) AppleWebKit/537.36 (KHTML, like Gecko) Chrome/75.0.3770.100 Safari/537.36"
71.105.119.18 - - [11/Jul/2019:10:05:55 -0400] "POST /wp-admin/admin-ajax.php HTTP/1.1" 200 104 "https://cary.mommybites.com/wp-admin/post.php?post=35672&action=edit" "Mozilla/5.0 (Windows NT 10.0; Win64; x64) AppleWebKit/537.36 (KHTML, like Gecko) Chrome/75.0.3770.100 Safari/537.36"
71.105.119.18 - - [11/Jul/2019:10:07:19 -0400] "POST /wp-admin/admin-ajax.php HTTP/1.1" 200 104 "https://cary.mommybites.com/wp-admin/post.php?post=35672&action=edit" "Mozilla/5.0 (Windows NT 10.0; Win64; x64) AppleWebKit/537.36 (KHTML, like Gecko) Chrome/75.0.3770.100 Safari/537.36"
71.105.119.18 - - [11/Jul/2019:10:07:34 -0400] "POST /wp-admin/admin-ajax.php HTTP/1.1" 200 151 "https://cary.mommybites.com/wp-admin/post.php?post=35672&action=edit" "Mozilla/5.0 (Windows NT 10.0; Win64; x64) AppleWebKit/537.36 (KHTML, like Gecko) Chrome/75.0.3770.100 Safari/537.36"
71.105.119.18 - - [11/Jul/2019:10:07:49 -0400] "POST /wp-admin/admin-ajax.php HTTP/1.1" 200 104 "https://cary.mommybites.com/wp-admin/post.php?post=35672&action=edit" "Mozilla/5.0 (Windows NT 10.0; Win64; x64) AppleWebKit/537.36 (KHTML, like Gecko) Chrome/75.0.3770.100 Safari/537.36"
71.105.119.18 - - [11/Jul/2019:10:07:55 -0400] "POST /wp-admin/post.php HTTP/1.1" 302 20 "https://cary.mommybites.com/wp-admin/post.php?post=35672&action=edit" "Mozilla/5.0 (Windows NT 10.0; Win64; x64) AppleWebKit/537.36 (KHTML, like Gecko) Chrome/75.0.3770.100 Safari/537.36"
71.105.119.18 - - [11/Jul/2019:10:07:55 -0400] "GET /thank-you/?preview_id=35672&preview_nonce=e62ff064ec&_thumbnail_id=-1&preview=true HTTP/1.1" 200 14969 "https://cary.mommybites.com/wp-admin/post.php?post=35672&action=edit" "Mozilla/5.0 (Windows NT 10.0; Win64; x64) AppleWebKit/537.36 (KHTML, like Gecko) Chrome/75.0.3770.100 Safari/537.36"
71.105.119.18 - - [11/Jul/2019:10:07:56 -0400] "GET /wp-content/uploads/2019/07/email40.png HTTP/1.1" 404 322 "https://cary.mommybites.com/thank-you/?preview_id=35672&preview_nonce=e62ff064ec&_thumbnail_id=-1&preview=true" "Mozilla/5.0 (Windows NT 10.0; Win64; x64) AppleWebKit/537.36 (KHTML, like Gecko) Chrome/75.0.3770.100 Safari/537.36"
71.105.119.18 - - [11/Jul/2019:10:07:56 -0400] "GET /wp-content/uploads/2019/07/twitter40.png HTTP/1.1" 404 324 "https://cary.mommybites.com/thank-you/?preview_id=35672&preview_nonce=e62ff064ec&_thumbnail_id=-1&preview=true" "Mozilla/5.0 (Windows NT 10.0; Win64; x64) AppleWebKit/537.36 (KHTML, like Gecko) Chrome/75.0.3770.100 Safari/537.36"
71.105.119.18 - - [11/Jul/2019:10:07:56 -0400] "GET /wp-content/uploads/2019/07/web40.png HTTP/1.1" 404 320 "https://cary.mommybites.com/thank-you/?preview_id=35672&preview_nonce=e62ff064ec&_thumbnail_id=-1&preview=true" "Mozilla/5.0 (Windows NT 10.0; Win64; x64) AppleWebKit/537.36 (KHTML, like Gecko) Chrome/75.0.3770.100 Safari/537.36"
71.105.119.18 - - [11/Jul/2019:10:07:56 -0400] "GET /wp-content/uploads/2019/07/fb-logo40.png HTTP/1.1" 404 324 "https://cary.mommybites.com/thank-you/?preview_id=35672&preview_nonce=e62ff064ec&_thumbnail_id=-1&preview=true" "Mozilla/5.0 (Windows NT 10.0; Win64; x64) AppleWebKit/537.36 (KHTML, like Gecko) Chrome/75.0.3770.100 Safari/537.36"
71.105.119.18 - - [11/Jul/2019:10:07:56 -0400] "GET /wp-content/uploads/2019/07/linkedin40.png HTTP/1.1" 404 325 "https://cary.mommybites.com/thank-you/?preview_id=35672&preview_nonce=e62ff064ec&_thumbnail_id=-1&preview=true" "Mozilla/5.0 (Windows NT 10.0; Win64; x64) AppleWebKit/537.36 (KHTML, like Gecko) Chrome/75.0.3770.100 Safari/537.36"
71.105.119.18 - - [11/Jul/2019:10:07:56 -0400] "GET /wp-content/uploads/2019/07/Instagram-40.png HTTP/1.1" 404 327 "https://cary.mommybites.com/thank-you/?preview_id=35672&preview_nonce=e62ff064ec&_thumbnail_id=-1&preview=true" "Mozilla/5.0 (Windows NT 10.0; Win64; x64) AppleWebKit/537.36 (KHTML, like Gecko) Chrome/75.0.3770.100 Safari/537.36"
71.105.119.18 - - [11/Jul/2019:10:08:04 -0400] "POST /wp-admin/admin-ajax.php HTTP/1.1" 200 104 "https://cary.mommybites.com/wp-admin/post.php?post=35672&action=edit" "Mozilla/5.0 (Windows NT 10.0; Win64; x64) AppleWebKit/537.36 (KHTML, like Gecko) Chrome/75.0.3770.100 Safari/537.36"
71.105.119.18 - - [11/Jul/2019:10:08:40 -0400] "GET /thank-you/?preview_id=35672&preview_nonce=e62ff064ec&_thumbnail_id=-1&preview=true HTTP/1.1" 200 14969 "https://cary.mommybites.com/wp-admin/post.php?post=35672&action=edit" "Mozilla/5.0 (Windows NT 10.0; Win64; x64) AppleWebKit/537.36 (KHTML, like Gecko) Chrome/75.0.3770.100 Safari/537.36"
71.105.119.18 - - [11/Jul/2019:10:08:41 -0400] "GET /wp-includes/css/dashicons.min.css?ver=4.9.6 HTTP/1.1" 304 - "https://cary.mommybites.com/thank-you/?preview_id=35672&preview_nonce=e62ff064ec&_thumbnail_id=-1&preview=true" "Mozilla/5.0 (Windows NT 10.0; Win64; x64) AppleWebKit/537.36 (KHTML, like Gecko) Chrome/75.0.3770.100 Safari/537.36"
71.105.119.18 - - [11/Jul/2019:10:08:41 -0400] "GET /wp-content/plugins/mb-boards/css/board.css?ver=0.1.6 HTTP/1.1" 304 - "https://cary.mommybites.com/thank-you/?preview_id=35672&preview_nonce=e62ff064ec&_thumbnail_id=-1&preview=true" "Mozilla/5.0 (Windows NT 10.0; Win64; x64) AppleWebKit/537.36 (KHTML, like Gecko) Chrome/75.0.3770.100 Safari/537.36"
71.105.119.18 - - [11/Jul/2019:10:08:41 -0400] "GET /wp-content/themes/mb-std-17/style.css?ver=4.9.6 HTTP/1.1" 304 - "https://cary.mommybites.com/thank-you/?preview_id=35672&preview_nonce=e62ff064ec&_thumbnail_id=-1&preview=true" "Mozilla/5.0 (Windows NT 10.0; Win64; x64) AppleWebKit/537.36 (KHTML, like Gecko) Chrome/75.0.3770.100 Safari/537.36"
71.105.119.18 - - [11/Jul/2019:10:08:41 -0400] "GET /wp-content/themes/mb-std-17/genericons/genericons.css?ver=3.4.1 HTTP/1.1" 304 - "https://cary.mommybites.com/thank-you/?preview_id=35672&preview_nonce=e62ff064ec&_thumbnail_id=-1&preview=true" "Mozilla/5.0 (Windows NT 10.0; Win64; x64) AppleWebKit/537.36 (KHTML, like Gecko) Chrome/75.0.3770.100 Safari/537.36"
71.105.119.18 - - [11/Jul/2019:10:08:41 -0400] "GET /wp-content/themes/mb-std-17/images/logo.png HTTP/1.1" 304 - "https://cary.mommybites.com/thank-you/?preview_id=35672&preview_nonce=e62ff064ec&_thumbnail_id=-1&preview=true" "Mozilla/5.0 (Windows NT 10.0; Win64; x64) AppleWebKit/537.36 (KHTML, like Gecko) Chrome/75.0.3770.100 Safari/537.36"
71.105.119.18 - - [11/Jul/2019:10:08:41 -0400] "GET /wp-content/plugins/contact-form-7/includes/css/styles.css?ver=4.7 HTTP/1.1" 200 634 "https://cary.mommybites.com/thank-you/?preview_id=35672&preview_nonce=e62ff064ec&_thumbnail_id=-1&preview=true" "Mozilla/5.0 (Windows NT 10.0; Win64; x64) AppleWebKit/537.36 (KHTML, like Gecko) Chrome/75.0.3770.100 Safari/537.36"
71.105.119.18 - - [11/Jul/2019:10:08:41 -0400] "GET /wp-includes/css/admin-bar.min.css?ver=4.9.6 HTTP/1.1" 200 3910 "https://cary.mommybites.com/thank-you/?preview_id=35672&preview_nonce=e62ff064ec&_thumbnail_id=-1&preview=true" "Mozilla/5.0 (Windows NT 10.0; Win64; x64) AppleWebKit/537.36 (KHTML, like Gecko) Chrome/75.0.3770.100 Safari/537.36"
71.105.119.18 - - [11/Jul/2019:10:08:41 -0400] "GET /wp-content/themes/mb-std-17/css/template.css?ver=4.9.6 HTTP/1.1" 304 - "https://cary.mommybites.com/thank-you/?preview_id=35672&preview_nonce=e62ff064ec&_thumbnail_id=-1&preview=true" "Mozilla/5.0 (Windows NT 10.0; Win64; x64) AppleWebKit/537.36 (KHTML, like Gecko) Chrome/75.0.3770.100 Safari/537.36"
71.105.119.18 - - [11/Jul/2019:10:08:41 -0400] "GET /wp-includes/js/jquery/jquery.js?ver=1.12.4 HTTP/1.1" 200 33766 "https://cary.mommybites.com/thank-you/?preview_id=35672&preview_nonce=e62ff064ec&_thumbnail_id=-1&preview=true" "Mozilla/5.0 (Windows NT 10.0; Win64; x64) AppleWebKit/537.36 (KHTML, like Gecko) Chrome/75.0.3770.100 Safari/537.36"
71.105.119.18 - - [11/Jul/2019:10:08:41 -0400] "GET /wp-content/plugins/super-socializer/css/front.css?ver=7.12.21 HTTP/1.1" 200 14322 "https://cary.mommybites.com/thank-you/?preview_id=35672&preview_nonce=e62ff064ec&_thumbnail_id=-1&preview=true" "Mozilla/5.0 (Windows NT 10.0; Win64; x64) AppleWebKit/537.36 (KHTML, like Gecko) Chrome/75.0.3770.100 Safari/537.36"
71.105.119.18 - - [11/Jul/2019:10:08:41 -0400] "GET /wp-content/plugins/wordpress-23-related-posts-plugin/static/themes/vertical-m.css?version=3.6.4 HTTP/1.1" 304 - "https://cary.mommybites.com/thank-you/?preview_id=35672&preview_nonce=e62ff064ec&_thumbnail_id=-1&preview=true" "Mozilla/5.0 (Windows NT 10.0; Win64; x64) AppleWebKit/537.36 (KHTML, like Gecko) Chrome/75.0.3770.100 Safari/537.36"
71.105.119.18 - - [11/Jul/2019:10:08:41 -0400] "GET /wp-content/themes/mb-std-17/css/ie10-viewport-bug-workaround.css?ver=4.9.6 HTTP/1.1" 200 292 "https://cary.mommybites.com/thank-you/?preview_id=35672&preview_nonce=e62ff064ec&_thumbnail_id=-1&preview=true" "Mozilla/5.0 (Windows NT 10.0; Win64; x64) AppleWebKit/537.36 (KHTML, like Gecko) Chrome/75.0.3770.100 Safari/537.36"
71.105.119.18 - - [11/Jul/2019:10:08:41 -0400] "GET /wp-includes/js/jquery/jquery-migrate.min.js?ver=1.4.1 HTTP/1.1" 200 4014 "https://cary.mommybites.com/thank-you/?preview_id=35672&preview_nonce=e62ff064ec&_thumbnail_id=-1&preview=true" "Mozilla/5.0 (Windows NT 10.0; Win64; x64) AppleWebKit/537.36 (KHTML, like Gecko) Chrome/75.0.3770.100 Safari/537.36"
71.105.119.18 - - [11/Jul/2019:10:08:41 -0400] "GET /wp-content/plugins/wordpress-23-related-posts-plugin/static/themes/edit_related_posts.css?ver=3.6.4 HTTP/1.1" 304 - "https://cary.mommybites.com/thank-you/?preview_id=35672&preview_nonce=e62ff064ec&_thumbnail_id=-1&preview=true" "Mozilla/5.0 (Windows NT 10.0; Win64; x64) AppleWebKit/537.36 (KHTML, like Gecko) Chrome/75.0.3770.100 Safari/537.36"
71.105.119.18 - - [11/Jul/2019:10:08:41 -0400] "GET /wp-content/plugins/show-current-template/css/style.css?ver=4.9.6 HTTP/1.1" 200 440 "https://cary.mommybites.com/thank-you/?preview_id=35672&preview_nonce=e62ff064ec&_thumbnail_id=-1&preview=true" "Mozilla/5.0 (Windows NT 10.0; Win64; x64) AppleWebKit/537.36 (KHTML, like Gecko) Chrome/75.0.3770.100 Safari/537.36"
71.105.119.18 - - [11/Jul/2019:10:08:41 -0400] "GET /wp-includes/js/admin-bar.min.js?ver=4.9.6 HTTP/1.1" 200 2470 "https://cary.mommybites.com/thank-you/?preview_id=35672&preview_nonce=e62ff064ec&_thumbnail_id=-1&preview=true" "Mozilla/5.0 (Windows NT 10.0; Win64; x64) AppleWebKit/537.36 (KHTML, like Gecko) Chrome/75.0.3770.100 Safari/537.36"
71.105.119.18 - - [11/Jul/2019:10:08:41 -0400] "GET /wp-content/plugins/super-socializer/css/share-svg.css?ver=7.12.21 HTTP/1.1" 200 31598 "https://cary.mommybites.com/thank-you/?preview_id=35672&preview_nonce=e62ff064ec&_thumbnail_id=-1&preview=true" "Mozilla/5.0 (Windows NT 10.0; Win64; x64) AppleWebKit/537.36 (KHTML, like Gecko) Chrome/75.0.3770.100 Safari/537.36"
71.105.119.18 - - [11/Jul/2019:10:08:41 -0400] "GET /wp-content/plugins/adrotate/library/jquery.adrotate.clicktracker.js HTTP/1.1" 200 537 "https://cary.mommybites.com/thank-you/?preview_id=35672&preview_nonce=e62ff064ec&_thumbnail_id=-1&preview=true" "Mozilla/5.0 (Windows NT 10.0; Win64; x64) AppleWebKit/537.36 (KHTML, like Gecko) Chrome/75.0.3770.100 Safari/537.36"
71.105.119.18 - - [11/Jul/2019:10:08:41 -0400] "GET /wp-content/plugins/contact-form-7/includes/js/jquery.form.min.js?ver=3.51.0-2014.06.20 HTTP/1.1" 200 5860 "https://cary.mommybites.com/thank-you/?preview_id=35672&preview_nonce=e62ff064ec&_thumbnail_id=-1&preview=true" "Mozilla/5.0 (Windows NT 10.0; Win64; x64) AppleWebKit/537.36 (KHTML, like Gecko) Chrome/75.0.3770.100 Safari/537.36"
71.105.119.18 - - [11/Jul/2019:10:08:41 -0400] "GET /wp-content/plugins/mb-boards/js/board.js?ver=0.1.6 HTTP/1.1" 200 1452 "https://cary.mommybites.com/thank-you/?preview_id=35672&preview_nonce=e62ff064ec&_thumbnail_id=-1&preview=true" "Mozilla/5.0 (Windows NT 10.0; Win64; x64) AppleWebKit/537.36 (KHTML, like Gecko) Chrome/75.0.3770.100 Safari/537.36"
71.105.119.18 - - [11/Jul/2019:10:08:41 -0400] "GET /wp-content/themes/mb-std-17/js/html5shiv/html5shiv.min.js?ver=20151215 HTTP/1.1" 200 1309 "https://cary.mommybites.com/thank-you/?preview_id=35672&preview_nonce=e62ff064ec&_thumbnail_id=-1&preview=true" "Mozilla/5.0 (Windows NT 10.0; Win64; x64) AppleWebKit/537.36 (KHTML, like Gecko) Chrome/75.0.3770.100 Safari/537.36"
71.105.119.18 - - [11/Jul/2019:10:08:41 -0400] "GET /wp-content/plugins/mystickymenu/js/mystickymenu.min.js?ver=2.0.6 HTTP/1.1" 304 - "https://cary.mommybites.com/thank-you/?preview_id=35672&preview_nonce=e62ff064ec&_thumbnail_id=-1&preview=true" "Mozilla/5.0 (Windows NT 10.0; Win64; x64) AppleWebKit/537.36 (KHTML, like Gecko) Chrome/75.0.3770.100 Safari/537.36"
71.105.119.18 - - [11/Jul/2019:10:08:41 -0400] "GET /wp-content/themes/mb-std-17/js/functions.js?ver=1533317725 HTTP/1.1" 200 2995 "https://cary.mommybites.com/thank-you/?preview_id=35672&preview_nonce=e62ff064ec&_thumbnail_id=-1&preview=true" "Mozilla/5.0 (Windows NT 10.0; Win64; x64) AppleWebKit/537.36 (KHTML, like Gecko) Chrome/75.0.3770.100 Safari/537.36"
71.105.119.18 - - [11/Jul/2019:10:08:41 -0400] "GET /wp-content/plugins/super-socializer/js/front/facebook/commenting.js?ver=7.12.21 HTTP/1.1" 200 1613 "https://cary.mommybites.com/thank-you/?preview_id=35672&preview_nonce=e62ff064ec&_thumbnail_id=-1&preview=true" "Mozilla/5.0 (Windows NT 10.0; Win64; x64) AppleWebKit/537.36 (KHTML, like Gecko) Chrome/75.0.3770.100 Safari/537.36"
71.105.119.18 - - [11/Jul/2019:10:08:41 -0400] "GET /wp-content/themes/mb-std-17/js/ie-emulation-modes-warning.js?ver=20151215 HTTP/1.1" 200 1039 "https://cary.mommybites.com/thank-you/?preview_id=35672&preview_nonce=e62ff064ec&_thumbnail_id=-1&preview=true" "Mozilla/5.0 (Windows NT 10.0; Win64; x64) AppleWebKit/537.36 (KHTML, like Gecko) Chrome/75.0.3770.100 Safari/537.36"
71.105.119.18 - - [11/Jul/2019:10:08:41 -0400] "GET /wp-content/themes/mb-std-17/js/html5shiv/respond.min.js?ver=20151215 HTTP/1.1" 304 - "https://cary.mommybites.com/thank-you/?preview_id=35672&preview_nonce=e62ff064ec&_thumbnail_id=-1&preview=true" "Mozilla/5.0 (Windows NT 10.0; Win64; x64) AppleWebKit/537.36 (KHTML, like Gecko) Chrome/75.0.3770.100 Safari/537.36"
71.105.119.18 - - [11/Jul/2019:10:08:42 -0400] "GET /wp-content/plugins/super-socializer/js/front/sharing/sharing.js?ver=7.12.21 HTTP/1.1" 200 11309 "https://cary.mommybites.com/thank-you/?preview_id=35672&preview_nonce=e62ff064ec&_thumbnail_id=-1&preview=true" "Mozilla/5.0 (Windows NT 10.0; Win64; x64) AppleWebKit/537.36 (KHTML, like Gecko) Chrome/75.0.3770.100 Safari/537.36"
71.105.119.18 - - [11/Jul/2019:10:08:42 -0400] "GET /wp-content/themes/mb-std-17/js/skip-link-focus-fix.js?ver=20151215 HTTP/1.1" 200 472 "https://cary.mommybites.com/thank-you/?preview_id=35672&preview_nonce=e62ff064ec&_thumbnail_id=-1&preview=true" "Mozilla/5.0 (Windows NT 10.0; Win64; x64) AppleWebKit/537.36 (KHTML, like Gecko) Chrome/75.0.3770.100 Safari/537.36"
71.105.119.18 - - [11/Jul/2019:10:08:42 -0400] "GET /wp-content/plugins/wordpress-23-related-posts-plugin/static/js/edit_related_posts.js?ver=3.6.4 HTTP/1.1" 200 5164 "https://cary.mommybites.com/thank-you/?preview_id=35672&preview_nonce=e62ff064ec&_thumbnail_id=-1&preview=true" "Mozilla/5.0 (Windows NT 10.0; Win64; x64) AppleWebKit/537.36 (KHTML, like Gecko) Chrome/75.0.3770.100 Safari/537.36"
71.105.119.18 - - [11/Jul/2019:10:08:42 -0400] "GET /wp-content/plugins/super-socializer/js/front/facebook/sdk.js?ver=7.12.21 HTTP/1.1" 304 - "https://cary.mommybites.com/thank-you/?preview_id=35672&preview_nonce=e62ff064ec&_thumbnail_id=-1&preview=true" "Mozilla/5.0 (Windows NT 10.0; Win64; x64) AppleWebKit/537.36 (KHTML, like Gecko) Chrome/75.0.3770.100 Safari/537.36"
71.105.119.18 - - [11/Jul/2019:10:08:42 -0400] "GET /wp-includes/js/wp-emoji-release.min.js?ver=4.9.6 HTTP/1.1" 200 4211 "https://cary.mommybites.com/thank-you/?preview_id=35672&preview_nonce=e62ff064ec&_thumbnail_id=-1&preview=true" "Mozilla/5.0 (Windows NT 10.0; Win64; x64) AppleWebKit/537.36 (KHTML, like Gecko) Chrome/75.0.3770.100 Safari/537.36"
71.105.119.18 - - [11/Jul/2019:10:08:42 -0400] "GET /wp-content/uploads/2016/09/MB-Chit-Chat_150x150-50x50.jpg HTTP/1.1" 200 2437 "https://cary.mommybites.com/thank-you/?preview_id=35672&preview_nonce=e62ff064ec&_thumbnail_id=-1&preview=true" "Mozilla/5.0 (Windows NT 10.0; Win64; x64) AppleWebKit/537.36 (KHTML, like Gecko) Chrome/75.0.3770.100 Safari/537.36"
71.105.119.18 - - [11/Jul/2019:10:08:42 -0400] "GET /wp-content/uploads/2017/03/toddlerxylophone-50x50.jpg HTTP/1.1" 200 1774 "https://cary.mommybites.com/thank-you/?preview_id=35672&preview_nonce=e62ff064ec&_thumbnail_id=-1&preview=true" "Mozilla/5.0 (Windows NT 10.0; Win64; x64) AppleWebKit/537.36 (KHTML, like Gecko) Chrome/75.0.3770.100 Safari/537.36"
71.105.119.18 - - [11/Jul/2019:10:08:42 -0400] "GET /wp-content/uploads/2013/11/Ask_toddler-thumbnail-50x50.jpg HTTP/1.1" 200 2407 "https://cary.mommybites.com/thank-you/?preview_id=35672&preview_nonce=e62ff064ec&_thumbnail_id=-1&preview=true" "Mozilla/5.0 (Windows NT 10.0; Win64; x64) AppleWebKit/537.36 (KHTML, like Gecko) Chrome/75.0.3770.100 Safari/537.36"
71.105.119.18 - - [11/Jul/2019:10:08:42 -0400] "GET /wp-content/uploads/2017/03/playground1-50x50.jpg HTTP/1.1" 200 2168 "https://cary.mommybites.com/thank-you/?preview_id=35672&preview_nonce=e62ff064ec&_thumbnail_id=-1&preview=true" "Mozilla/5.0 (Windows NT 10.0; Win64; x64) AppleWebKit/537.36 (KHTML, like Gecko) Chrome/75.0.3770.100 Safari/537.36"
71.105.119.18 - - [11/Jul/2019:10:08:42 -0400] "GET /wp-content/uploads/2015/10/Screen-time-50x50.jpg HTTP/1.1" 200 2066 "https://cary.mommybites.com/thank-you/?preview_id=35672&preview_nonce=e62ff064ec&_thumbnail_id=-1&preview=true" "Mozilla/5.0 (Windows NT 10.0; Win64; x64) AppleWebKit/537.36 (KHTML, like Gecko) Chrome/75.0.3770.100 Safari/537.36"
71.105.119.18 - - [11/Jul/2019:10:08:42 -0400] "GET /wp-content/uploads/2017/03/iStock_kidstakingtest-50x50.jpg HTTP/1.1" 200 1589 "https://cary.mommybites.com/thank-you/?preview_id=35672&preview_nonce=e62ff064ec&_thumbnail_id=-1&preview=true" "Mozilla/5.0 (Windows NT 10.0; Win64; x64) AppleWebKit/537.36 (KHTML, like Gecko) Chrome/75.0.3770.100 Safari/537.36"
71.105.119.18 - - [11/Jul/2019:10:08:42 -0400] "GET /wp-content/plugins/contact-form-7/includes/js/scripts.js?ver=4.7 HTTP/1.1" 200 3667 "https://cary.mommybites.com/thank-you/?preview_id=35672&preview_nonce=e62ff064ec&_thumbnail_id=-1&preview=true" "Mozilla/5.0 (Windows NT 10.0; Win64; x64) AppleWebKit/537.36 (KHTML, like Gecko) Chrome/75.0.3770.100 Safari/537.36"
71.105.119.18 - - [11/Jul/2019:10:08:42 -0400] "GET /wp-includes/js/wp-embed.min.js?ver=4.9.6 HTTP/1.1" 200 751 "https://cary.mommybites.com/thank-you/?preview_id=35672&preview_nonce=e62ff064ec&_thumbnail_id=-1&preview=true" "Mozilla/5.0 (Windows NT 10.0; Win64; x64) AppleWebKit/537.36 (KHTML, like Gecko) Chrome/75.0.3770.100 Safari/537.36"
71.105.119.18 - - [11/Jul/2019:10:08:42 -0400] "GET /wp-content/plugins/super-socializer/js/front/social_login/general.js?ver=7.12.21 HTTP/1.1" 200 1454 "https://cary.mommybites.com/thank-you/?preview_id=35672&preview_nonce=e62ff064ec&_thumbnail_id=-1&preview=true" "Mozilla/5.0 (Windows NT 10.0; Win64; x64) AppleWebKit/537.36 (KHTML, like Gecko) Chrome/75.0.3770.100 Safari/537.36"
71.105.119.18 - - [11/Jul/2019:10:08:42 -0400] "GET /wp-content/uploads/2017/03/MommyConOC2016-291-50x50.jpg HTTP/1.1" 200 1981 "https://cary.mommybites.com/thank-you/?preview_id=35672&preview_nonce=e62ff064ec&_thumbnail_id=-1&preview=true" "Mozilla/5.0 (Windows NT 10.0; Win64; x64) AppleWebKit/537.36 (KHTML, like Gecko) Chrome/75.0.3770.100 Safari/537.36"
71.105.119.18 - - [11/Jul/2019:10:08:43 -0400] "GET /wp-content/themes/mb-std-17/images/favicon-32x32.png HTTP/1.1" 200 1367 "https://cary.mommybites.com/thank-you/?preview_id=35672&preview_nonce=e62ff064ec&_thumbnail_id=-1&preview=true" "Mozilla/5.0 (Windows NT 10.0; Win64; x64) AppleWebKit/537.36 (KHTML, like Gecko) Chrome/75.0.3770.100 Safari/537.36"
71.105.119.18 - - [11/Jul/2019:10:09:05 -0400] "GET /wp-admin/ HTTP/1.1" 200 21802 "-" "Mozilla/5.0 (Windows NT 10.0; Win64; x64) AppleWebKit/537.36 (KHTML, like Gecko) Chrome/75.0.3770.100 Safari/537.36"
71.105.119.18 - - [11/Jul/2019:10:09:07 -0400] "GET /wp-content/plugins/wordpress-seo/css/dist/dashboard-761.min.css?ver=7.6.1 HTTP/1.1" 304 - "https://cary.mommybites.com/wp-admin/" "Mozilla/5.0 (Windows NT 10.0; Win64; x64) AppleWebKit/537.36 (KHTML, like Gecko) Chrome/75.0.3770.100 Safari/537.36"
71.105.119.18 - - [11/Jul/2019:10:09:07 -0400] "GET /wp-json/wp/v2/ HTTP/1.1" 200 3702 "https://cary.mommybites.com/wp-admin/" "Mozilla/5.0 (Windows NT 10.0; Win64; x64) AppleWebKit/537.36 (KHTML, like Gecko) Chrome/75.0.3770.100 Safari/537.36"
71.105.119.18 - - [11/Jul/2019:10:09:07 -0400] "POST /wp-admin/admin-ajax.php HTTP/1.1" 200 485 "https://cary.mommybites.com/wp-admin/" "Mozilla/5.0 (Windows NT 10.0; Win64; x64) AppleWebKit/537.36 (KHTML, like Gecko) Chrome/75.0.3770.100 Safari/537.36"
71.105.119.18 - - [11/Jul/2019:10:09:17 -0400] "GET /wp-admin/media-new.php HTTP/1.1" 200 12309 "https://cary.mommybites.com/wp-admin/" "Mozilla/5.0 (Windows NT 10.0; Win64; x64) AppleWebKit/537.36 (KHTML, like Gecko) Chrome/75.0.3770.100 Safari/537.36"
71.105.119.18 - - [11/Jul/2019:10:09:18 -0400] "GET /wp-admin/load-scripts.php?c=1&load%5B%5D=hoverIntent,common,admin-bar,svg-painter,heartbeat,wp-auth-check,underscore&ver=4.9.6 HTTP/1.1" 200 18668 "https://cary.mommybites.com/wp-admin/media-new.php" "Mozilla/5.0 (Windows NT 10.0; Win64; x64) AppleWebKit/537.36 (KHTML, like Gecko) Chrome/75.0.3770.100 Safari/537.36"
71.105.119.18 - - [11/Jul/2019:10:09:18 -0400] "GET /wp-admin/load-scripts.php?c=1&load%5B%5D=jquery-core,jquery-migrate,utils,moxiejs,plupload,plupload-handlers&ver=4.9.6 HTTP/1.1" 200 81246 "https://cary.mommybites.com/wp-admin/media-new.php" "Mozilla/5.0 (Windows NT 10.0; Win64; x64) AppleWebKit/537.36 (KHTML, like Gecko) Chrome/75.0.3770.100 Safari/537.36"
