159.69.242.206 - - [06/Jul/2019:00:48:40 -0400] "GET /feed/ HTTP/1.1" 200 23048 "-" "FeedBurner/1.0 (http://www.FeedBurner.com) Mozilla/5.0 (Macintosh; Intel Mac OS X 10_11_6) AppleWebKit/537.36 (KHTML, like Gecko) Chrome/63.0.3239.132 Safari/537.36 Specificfeeds- http://www.specificfeeds.com"
172.69.70.151 - - [06/Jul/2019:03:03:29 -0400] "GET /robots.txt HTTP/1.1" 304 - "-" "Mozilla/5.0 (compatible; Googlebot/2.1; +http://www.google.com/bot.html)"
172.68.189.99 - - [06/Jul/2019:03:36:58 -0400] "POST /wp-cron.php?doing_wp_cron=1562398618.1493439674377441406250 HTTP/1.1" 200 20 "https://cary.mommybites.com/wp-cron.php?doing_wp_cron=1562398618.1493439674377441406250" "WordPress/4.9.6; https://cary.mommybites.com"
159.69.242.206 - - [06/Jul/2019:03:36:57 -0400] "GET /feed HTTP/1.1" 301 20 "-" "FeedBurner/1.0 (http://www.FeedBurner.com) Mozilla/5.0 (Macintosh; Intel Mac OS X 10_11_6) AppleWebKit/537.36 (KHTML, like Gecko) Chrome/63.0.3239.132 Safari/537.36 Specificfeeds- http://www.specificfeeds.com"
159.69.242.206 - - [06/Jul/2019:03:36:59 -0400] "GET /feed/ HTTP/1.1" 200 23048 "-" "FeedBurner/1.0 (http://www.FeedBurner.com) Mozilla/5.0 (Macintosh; Intel Mac OS X 10_11_6) AppleWebKit/537.36 (KHTML, like Gecko) Chrome/63.0.3239.132 Safari/537.36 Specificfeeds- http://www.specificfeeds.com"
98.109.34.41 - - [06/Jul/2019:05:06:38 -0400] "GET /newyork/files/2018/11/Flexible-jobs-for-parents-in-NYC-1-1024x683.jpg HTTP/1.1" 200 88290 "-" "Mozilla/5.0 (iPhone; CPU iPhone OS 12_3_1 like Mac OS X) AppleWebKit/605.1.15 (KHTML, like Gecko) Version/12.1.1 Mobile/15E148 Safari/604.1"
159.69.242.206 - - [06/Jul/2019:06:44:58 -0400] "GET /feed HTTP/1.1" 301 20 "-" "FeedBurner/1.0 (http://www.FeedBurner.com) Mozilla/5.0 (Macintosh; Intel Mac OS X 10_11_6) AppleWebKit/537.36 (KHTML, like Gecko) Chrome/63.0.3239.132 Safari/537.36 Specificfeeds- http://www.specificfeeds.com"
172.68.143.236 - - [06/Jul/2019:06:44:59 -0400] "POST /wp-cron.php?doing_wp_cron=1562409898.9951870441436767578125 HTTP/1.1" 200 20 "https://cary.mommybites.com/wp-cron.php?doing_wp_cron=1562409898.9951870441436767578125" "WordPress/4.9.6; https://cary.mommybites.com"
159.69.242.206 - - [06/Jul/2019:06:45:00 -0400] "GET /feed/ HTTP/1.1" 200 23048 "-" "FeedBurner/1.0 (http://www.FeedBurner.com) Mozilla/5.0 (Macintosh; Intel Mac OS X 10_11_6) AppleWebKit/537.36 (KHTML, like Gecko) Chrome/63.0.3239.132 Safari/537.36 Specificfeeds- http://www.specificfeeds.com"
172.68.133.236 - - [06/Jul/2019:06:48:20 -0400] "POST /boston/wp-cron.php?doing_wp_cron=1562410100.7454140186309814453125 HTTP/1.1" 200 20 "https://cary.mommybites.com/boston/wp-cron.php?doing_wp_cron=1562410100.7454140186309814453125" "WordPress/4.9.6; https://cary.mommybites.com/boston"
37.187.162.191 - - [06/Jul/2019:06:48:20 -0400] "GET /boston/feed/ HTTP/1.1" 304 - "-" "Mozilla/5.0 (compatible; PaperLiBot/2.1; https://support.paper.li/entries/20023257-what-is-paper-li)"
205.164.44.178 - - [06/Jul/2019:09:57:30 -0400] "POST /wp-cron.php?doing_wp_cron=1562421450.0349099636077880859375 HTTP/1.1" 200 20 "https://cary.mommybites.com/wp-cron.php?doing_wp_cron=1562421450.0349099636077880859375" "WordPress/4.9.6; https://cary.mommybites.com"
159.69.242.206 - - [06/Jul/2019:09:57:29 -0400] "GET /feed HTTP/1.1" 301 20 "-" "FeedBurner/1.0 (http://www.FeedBurner.com) Mozilla/5.0 (Macintosh; Intel Mac OS X 10_11_6) AppleWebKit/537.36 (KHTML, like Gecko) Chrome/63.0.3239.132 Safari/537.36 Specificfeeds- http://www.specificfeeds.com"
159.69.242.206 - - [06/Jul/2019:09:57:32 -0400] "GET /feed/ HTTP/1.1" 200 23048 "-" "FeedBurner/1.0 (http://www.FeedBurner.com) Mozilla/5.0 (Macintosh; Intel Mac OS X 10_11_6) AppleWebKit/537.36 (KHTML, like Gecko) Chrome/63.0.3239.132 Safari/537.36 Specificfeeds- http://www.specificfeeds.com"
172.68.142.163 - - [06/Jul/2019:10:10:05 -0400] "POST /wp-cron.php?doing_wp_cron=1562422205.8127739429473876953125 HTTP/1.1" 200 20 "https://cary.mommybites.com/wp-cron.php?doing_wp_cron=1562422205.8127739429473876953125" "WordPress/4.9.6; https://cary.mommybites.com"
5.9.94.207 - - [06/Jul/2019:10:10:05 -0400] "GET /col2/nanny/leap-year-twitter-party-228-at-9-p-m-et/ HTTP/1.1" 200 15060 "-" "Mozilla/5.0 (Macintosh; Intel Mac OS X 10_13_3) AppleWebKit/537.36 (KHTML, like Gecko) Chrome/64.0.3282.140 Safari/537.36"
157.55.39.183 - - [06/Jul/2019:10:52:50 -0400] "GET /robots.txt HTTP/1.1" 304 - "-" "Mozilla/5.0 (compatible; bingbot/2.0; +http://www.bing.com/bingbot.htm)"
172.68.189.99 - - [06/Jul/2019:12:21:48 -0400] "POST /wp-cron.php?doing_wp_cron=1562430108.4081609249114990234375 HTTP/1.1" 200 20 "https://cary.mommybites.com/wp-cron.php?doing_wp_cron=1562430108.4081609249114990234375" "WordPress/4.9.6; https://cary.mommybites.com"
209.17.97.34 - - [06/Jul/2019:12:21:48 -0400] "GET / HTTP/1.1" 200 19157 "-" "Mozilla/5.0 (compatible; Nimbostratus-Bot/v1.3.2; http://cloudsystemnetworks.com)"
172.69.22.154 - - [06/Jul/2019:12:42:02 -0400] "POST /wp-cron.php?doing_wp_cron=1562431322.5913639068603515625000 HTTP/1.1" 200 20 "https://cary.mommybites.com/wp-cron.php?doing_wp_cron=1562431322.5913639068603515625000" "WordPress/4.9.6; https://cary.mommybites.com"
159.69.242.206 - - [06/Jul/2019:12:42:02 -0400] "GET /feed HTTP/1.1" 301 20 "-" "FeedBurner/1.0 (http://www.FeedBurner.com) Mozilla/5.0 (Macintosh; Intel Mac OS X 10_11_6) AppleWebKit/537.36 (KHTML, like Gecko) Chrome/63.0.3239.132 Safari/537.36 Specificfeeds- http://www.specificfeeds.com"
159.69.242.206 - - [06/Jul/2019:12:42:03 -0400] "GET /feed/ HTTP/1.1" 200 23048 "-" "FeedBurner/1.0 (http://www.FeedBurner.com) Mozilla/5.0 (Macintosh; Intel Mac OS X 10_11_6) AppleWebKit/537.36 (KHTML, like Gecko) Chrome/63.0.3239.132 Safari/537.36 Specificfeeds- http://www.specificfeeds.com"
172.68.142.163 - - [06/Jul/2019:12:48:18 -0400] "POST /boston/wp-cron.php?doing_wp_cron=1562431698.8099470138549804687500 HTTP/1.1" 200 20 "https://cary.mommybites.com/boston/wp-cron.php?doing_wp_cron=1562431698.8099470138549804687500" "WordPress/4.9.6; https://cary.mommybites.com/boston"
37.187.162.191 - - [06/Jul/2019:12:48:18 -0400] "GET /boston/feed/ HTTP/1.1" 304 - "-" "Mozilla/5.0 (compatible; PaperLiBot/2.1; https://support.paper.li/entries/20023257-what-is-paper-li)"
2607:fb90:e419:f318:1cb6:454e:d16d:7f3f - - [06/Jul/2019:14:50:18 -0400] "GET /newyork/files/2018/11/Flexible-jobs-for-parents-in-NYC-1-1024x683.jpg HTTP/1.1" 200 88290 "-" "Mozilla/5.0 (iPhone; CPU iPhone OS 11_3 like Mac OS X) AppleWebKit/605.1.15 (KHTML, like Gecko) Version/11.0 Mobile/15E148 Safari/604.1"
172.69.70.151 - - [06/Jul/2019:14:54:45 -0400] "GET /robots.txt HTTP/1.1" 304 - "-" "Mozilla/5.0 (compatible; Googlebot/2.1; +http://www.google.com/bot.html)"
172.69.22.154 - - [06/Jul/2019:15:08:40 -0400] "POST /wp-cron.php?doing_wp_cron=1562440120.8358089923858642578125 HTTP/1.1" 200 20 "https://cary.mommybites.com/wp-cron.php?doing_wp_cron=1562440120.8358089923858642578125" "WordPress/4.9.6; https://cary.mommybites.com"
180.76.15.9 - - [06/Jul/2019:15:08:40 -0400] "GET /about/press/ HTTP/1.1" 200 15173 "-" "Mozilla/5.0 (compatible; Baiduspider/2.0; +http://www.baidu.com/search/spider.html)"
172.68.143.236 - - [06/Jul/2019:15:37:46 -0400] "POST /wp-cron.php?doing_wp_cron=1562441866.3654260635375976562500 HTTP/1.1" 200 20 "https://cary.mommybites.com/wp-cron.php?doing_wp_cron=1562441866.3654260635375976562500" "WordPress/4.9.6; https://cary.mommybites.com"
159.69.242.206 - - [06/Jul/2019:15:37:46 -0400] "GET /feed HTTP/1.1" 301 20 "-" "FeedBurner/1.0 (http://www.FeedBurner.com) Mozilla/5.0 (Macintosh; Intel Mac OS X 10_11_6) AppleWebKit/537.36 (KHTML, like Gecko) Chrome/63.0.3239.132 Safari/537.36 Specificfeeds- http://www.specificfeeds.com"
159.69.242.206 - - [06/Jul/2019:15:37:47 -0400] "GET /feed/ HTTP/1.1" 200 23048 "-" "FeedBurner/1.0 (http://www.FeedBurner.com) Mozilla/5.0 (Macintosh; Intel Mac OS X 10_11_6) AppleWebKit/537.36 (KHTML, like Gecko) Chrome/63.0.3239.132 Safari/537.36 Specificfeeds- http://www.specificfeeds.com"
180.76.15.148 - - [06/Jul/2019:15:42:00 -0400] "GET /col2/nanny/welcome-to-healthy-living/ HTTP/1.1" 200 16407 "-" "Mozilla/5.0 (compatible; Baiduspider/2.0; +http://www.baidu.com/search/spider.html)"
172.69.44.136 - - [06/Jul/2019:16:18:16 -0400] "GET /newyork/files/2018/11/Flexible-jobs-for-parents-in-NYC-1-1024x683.jpg HTTP/1.1" 200 88290 "-" "Mozilla/5.0 (iPhone; CPU iPhone OS 12_3 like Mac OS X) AppleWebKit/605.1.15 (KHTML, like Gecko) Version/12.1.1 Mobile/15E148 Safari/604.1"
172.69.68.157 - - [06/Jul/2019:17:22:40 -0400] "GET /wp-content/uploads/2012/01/A_letter-banner1.jpg HTTP/1.1" 200 94434 "-" "Googlebot-Image/1.0"
2405:204:d285:8f47:98de:d1ae:a94c:8c93 - - [06/Jul/2019:18:15:57 -0400] "GET /newyork/files/2018/11/Flexible-jobs-for-parents-in-NYC-1-1024x683.jpg HTTP/1.1" 200 88290 "-" "Mozilla/5.0 (Linux; Android 9; Mi A1) AppleWebKit/537.36 (KHTML, like Gecko) Chrome/73.0.3683.90 Mobile Safari/537.36"
159.69.242.206 - - [06/Jul/2019:18:29:17 -0400] "GET /feed HTTP/1.1" 301 20 "-" "FeedBurner/1.0 (http://www.FeedBurner.com) Mozilla/5.0 (Macintosh; Intel Mac OS X 10_11_6) AppleWebKit/537.36 (KHTML, like Gecko) Chrome/63.0.3239.132 Safari/537.36 Specificfeeds- http://www.specificfeeds.com"
172.68.133.236 - - [06/Jul/2019:18:29:17 -0400] "POST /wp-cron.php?doing_wp_cron=1562452157.7600810527801513671875 HTTP/1.1" 200 20 "https://cary.mommybites.com/wp-cron.php?doing_wp_cron=1562452157.7600810527801513671875" "WordPress/4.9.6; https://cary.mommybites.com"
159.69.242.206 - - [06/Jul/2019:18:29:19 -0400] "GET /feed/ HTTP/1.1" 200 23048 "-" "FeedBurner/1.0 (http://www.FeedBurner.com) Mozilla/5.0 (Macintosh; Intel Mac OS X 10_11_6) AppleWebKit/537.36 (KHTML, like Gecko) Chrome/63.0.3239.132 Safari/537.36 Specificfeeds- http://www.specificfeeds.com"
172.68.143.236 - - [06/Jul/2019:18:48:18 -0400] "POST /boston/wp-cron.php?doing_wp_cron=1562453298.7222349643707275390625 HTTP/1.1" 200 20 "https://cary.mommybites.com/boston/wp-cron.php?doing_wp_cron=1562453298.7222349643707275390625" "WordPress/4.9.6; https://cary.mommybites.com/boston"
37.187.162.191 - - [06/Jul/2019:18:48:18 -0400] "GET /boston/feed/ HTTP/1.1" 304 - "-" "Mozilla/5.0 (compatible; PaperLiBot/2.1; https://support.paper.li/entries/20023257-what-is-paper-li)"
216.244.66.227 - - [06/Jul/2019:20:14:12 -0400] "GET /robots.txt HTTP/1.1" 304 - "-" "Mozilla/5.0 (compatible; DotBot/1.1; http://www.opensiteexplorer.org/dotbot, [email protected])"
180.76.15.22 - - [06/Jul/2019:20:54:02 -0400] "GET /wp-json/oembed/1.0/embed?url=https%3A%2F%2Fcary.mommybites.com%2F&format=xml HTTP/1.1" 200 1143 "-" "Mozilla/5.0 (compatible; Baiduspider/2.0; +http://www.baidu.com/search/spider.html)"
172.68.189.99 - - [06/Jul/2019:20:54:02 -0400] "POST /wp-cron.php?doing_wp_cron=1562460842.2076959609985351562500 HTTP/1.1" 200 20 "https://cary.mommybites.com/wp-cron.php?doing_wp_cron=1562460842.2076959609985351562500" "WordPress/4.9.6; https://cary.mommybites.com"
172.69.23.101 - - [06/Jul/2019:21:42:37 -0400] "POST /wp-cron.php?doing_wp_cron=1562463757.6850590705871582031250 HTTP/1.1" 200 20 "https://cary.mommybites.com/wp-cron.php?doing_wp_cron=1562463757.6850590705871582031250" "WordPress/4.9.6; https://cary.mommybites.com"
159.69.242.206 - - [06/Jul/2019:21:42:37 -0400] "GET /feed HTTP/1.1" 301 20 "-" "FeedBurner/1.0 (http://www.FeedBurner.com) Mozilla/5.0 (Macintosh; Intel Mac OS X 10_11_6) AppleWebKit/537.36 (KHTML, like Gecko) Chrome/63.0.3239.132 Safari/537.36 Specificfeeds- http://www.specificfeeds.com"
159.69.242.206 - - [06/Jul/2019:21:42:38 -0400] "GET /feed/ HTTP/1.1" 200 23048 "-" "FeedBurner/1.0 (http://www.FeedBurner.com) Mozilla/5.0 (Macintosh; Intel Mac OS X 10_11_6) AppleWebKit/537.36 (KHTML, like Gecko) Chrome/63.0.3239.132 Safari/537.36 Specificfeeds- http://www.specificfeeds.com"
172.68.141.72 - - [06/Jul/2019:22:00:42 -0400] "POST /wp-cron.php?doing_wp_cron=1562464842.2402760982513427734375 HTTP/1.1" 200 20 "https://cary.mommybites.com/wp-cron.php?doing_wp_cron=1562464842.2402760982513427734375" "WordPress/4.9.6; https://cary.mommybites.com"
180.76.15.160 - - [06/Jul/2019:22:00:42 -0400] "GET /partners-2/ HTTP/1.1" 200 12128 "-" "Mozilla/5.0 (compatible; Baiduspider/2.0; +http://www.baidu.com/search/spider.html)"
172.68.189.99 - - [07/Jul/2019:00:48:18 -0400] "POST /boston/wp-cron.php?doing_wp_cron=1562474898.8184659481048583984375 HTTP/1.1" 200 20 "https://cary.mommybites.com/boston/wp-cron.php?doing_wp_cron=1562474898.8184659481048583984375" "WordPress/4.9.6; https://cary.mommybites.com/boston"
37.187.162.191 - - [07/Jul/2019:00:48:18 -0400] "GET /boston/feed/ HTTP/1.1" 304 - "-" "Mozilla/5.0 (compatible; PaperLiBot/2.1; https://support.paper.li/entries/20023257-what-is-paper-li)"
172.68.189.99 - - [07/Jul/2019:00:54:15 -0400] "POST /wp-cron.php?doing_wp_cron=1562475255.6030690670013427734375 HTTP/1.1" 200 20 "https://cary.mommybites.com/wp-cron.php?doing_wp_cron=1562475255.6030690670013427734375" "WordPress/4.9.6; https://cary.mommybites.com"
159.69.242.206 - - [07/Jul/2019:00:54:15 -0400] "GET /feed HTTP/1.1" 301 20 "-" "FeedBurner/1.0 (http://www.FeedBurner.com) Mozilla/5.0 (Macintosh; Intel Mac OS X 10_11_6) AppleWebKit/537.36 (KHTML, like Gecko) Chrome/63.0.3239.132 Safari/537.36 Specificfeeds- http://www.specificfeeds.com"
159.69.242.206 - - [07/Jul/2019:00:54:16 -0400] "GET /feed/ HTTP/1.1" 200 23048 "-" "FeedBurner/1.0 (http://www.FeedBurner.com) Mozilla/5.0 (Macintosh; Intel Mac OS X 10_11_6) AppleWebKit/537.36 (KHTML, like Gecko) Chrome/63.0.3239.132 Safari/537.36 Specificfeeds- http://www.specificfeeds.com"
172.68.189.141 - - [07/Jul/2019:02:50:27 -0400] "POST /newyork/wp-cron.php?doing_wp_cron=1562482227.6346299648284912109375 HTTP/1.1" 200 20 "https://cary.mommybites.com/newyork/wp-cron.php?doing_wp_cron=1562482227.6346299648284912109375" "WordPress/4.9.6; https://cary.mommybites.com/newyork"
180.76.15.162 - - [07/Jul/2019:02:50:27 -0400] "GET /newyork/free-online-parenting-classes/ HTTP/1.1" 200 11611 "-" "Mozilla/5.0 (compatible; Baiduspider/2.0; +http://www.baidu.com/search/spider.html)"
216.244.66.227 - - [07/Jul/2019:03:17:16 -0400] "GET /robots.txt HTTP/1.1" 304 - "-" "Mozilla/5.0 (compatible; DotBot/1.1; http://www.opensiteexplorer.org/dotbot, [email protected])"
159.69.189.72 - - [07/Jul/2019:03:48:52 -0400] "GET /feed HTTP/1.1" 301 20 "-" "FeedBurner/1.0 (http://www.FeedBurner.com) Mozilla/5.0 (Macintosh; Intel Mac OS X 10_11_6) AppleWebKit/537.36 (KHTML, like Gecko) Chrome/63.0.3239.132 Safari/537.36 Specificfeeds- http://www.specificfeeds.com"
172.68.189.141 - - [07/Jul/2019:03:48:52 -0400] "POST /wp-cron.php?doing_wp_cron=1562485732.5278849601745605468750 HTTP/1.1" 200 20 "https://cary.mommybites.com/wp-cron.php?doing_wp_cron=1562485732.5278849601745605468750" "WordPress/4.9.6; https://cary.mommybites.com"
159.69.189.72 - - [07/Jul/2019:03:48:54 -0400] "GET /feed/ HTTP/1.1" 200 23048 "-" "FeedBurner/1.0 (http://www.FeedBurner.com) Mozilla/5.0 (Macintosh; Intel Mac OS X 10_11_6) AppleWebKit/537.36 (KHTML, like Gecko) Chrome/63.0.3239.132 Safari/537.36 Specificfeeds- http://www.specificfeeds.com"
180.76.15.20 - - [07/Jul/2019:03:57:07 -0400] "GET / HTTP/1.1" 200 19157 "-" "Mozilla/5.0 (compatible; Baiduspider/2.0; +http://www.baidu.com/search/spider.html)"
216.244.66.227 - - [07/Jul/2019:04:05:36 -0400] "GET /robots.txt HTTP/1.1" 304 - "-" "Mozilla/5.0 (compatible; DotBot/1.1; http://www.opensiteexplorer.org/dotbot, [email protected])"
159.69.242.206 - - [07/Jul/2019:06:43:18 -0400] "GET /feed HTTP/1.1" 301 20 "-" "FeedBurner/1.0 (http://www.FeedBurner.com) Mozilla/5.0 (Macintosh; Intel Mac OS X 10_11_6) AppleWebKit/537.36 (KHTML, like Gecko) Chrome/63.0.3239.132 Safari/537.36 Specificfeeds- http://www.specificfeeds.com"
172.69.22.52 - - [07/Jul/2019:06:43:18 -0400] "POST /wp-cron.php?doing_wp_cron=1562496198.6698811054229736328125 HTTP/1.1" 200 20 "https://cary.mommybites.com/wp-cron.php?doing_wp_cron=1562496198.6698811054229736328125" "WordPress/4.9.6; https://cary.mommybites.com"
159.69.242.206 - - [07/Jul/2019:06:43:20 -0400] "GET /feed/ HTTP/1.1" 200 23048 "-" "FeedBurner/1.0 (http://www.FeedBurner.com) Mozilla/5.0 (Macintosh; Intel Mac OS X 10_11_6) AppleWebKit/537.36 (KHTML, like Gecko) Chrome/63.0.3239.132 Safari/537.36 Specificfeeds- http://www.specificfeeds.com"
172.68.141.180 - - [07/Jul/2019:06:48:19 -0400] "POST /boston/wp-cron.php?doing_wp_cron=1562496499.4197020530700683593750 HTTP/1.1" 200 20 "https://cary.mommybites.com/boston/wp-cron.php?doing_wp_cron=1562496499.4197020530700683593750" "WordPress/4.9.6; https://cary.mommybites.com/boston"
37.187.162.191 - - [07/Jul/2019:06:48:19 -0400] "GET /boston/feed/ HTTP/1.1" 304 - "-" "Mozilla/5.0 (compatible; PaperLiBot/2.1; https://support.paper.li/entries/20023257-what-is-paper-li)"
205.164.44.178 - - [07/Jul/2019:07:54:17 -0400] "POST /wp-cron.php?doing_wp_cron=1562500457.4056580066680908203125 HTTP/1.1" 200 20 "https://cary.mommybites.com/wp-cron.php?doing_wp_cron=1562500457.4056580066680908203125" "WordPress/4.9.6; https://cary.mommybites.com"
51.255.150.172 - - [07/Jul/2019:07:54:17 -0400] "GET /blog/wp-login.php HTTP/1.1" 200 2482 "-" "Mozilla/5.0 (X11; Ubuntu; Linux x86_64; rv:62.0) Gecko/20100101 Firefox/62.0"
51.255.150.172 - - [07/Jul/2019:07:54:18 -0400] "POST /blog/wp-login.php HTTP/1.1" 200 2839 "-" "Mozilla/5.0 (X11; Ubuntu; Linux x86_64; rv:62.0) Gecko/20100101 Firefox/62.0"
51.255.150.172 - - [07/Jul/2019:07:54:19 -0400] "POST /blog/xmlrpc.php HTTP/1.1" 200 225 "-" "Mozilla/5.0 (X11; Ubuntu; Linux x86_64; rv:62.0) Gecko/20100101 Firefox/62.0"
172.68.143.236 - - [07/Jul/2019:08:08:10 -0400] "POST /wp-cron.php?doing_wp_cron=1562501290.1804180145263671875000 HTTP/1.1" 200 20 "https://cary.mommybites.com/wp-cron.php?doing_wp_cron=1562501290.1804180145263671875000" "WordPress/4.9.6; https://cary.mommybites.com"
51.255.150.172 - - [07/Jul/2019:08:08:09 -0400] "GET /blog/wp-login.php HTTP/1.1" 200 2482 "-" "Mozilla/5.0 (X11; Ubuntu; Linux x86_64; rv:62.0) Gecko/20100101 Firefox/62.0"
51.255.150.172 - - [07/Jul/2019:08:08:11 -0400] "POST /blog/wp-login.php HTTP/1.1" 200 2839 "-" "Mozilla/5.0 (X11; Ubuntu; Linux x86_64; rv:62.0) Gecko/20100101 Firefox/62.0"
172.69.55.18 - - [07/Jul/2019:08:08:12 -0400] "POST /blog/xmlrpc.php HTTP/1.1" 200 225 "-" "Mozilla/5.0 (X11; Ubuntu; Linux x86_64; rv:62.0) Gecko/20100101 Firefox/62.0"
172.69.23.101 - - [07/Jul/2019:08:22:10 -0400] "POST /wp-cron.php?doing_wp_cron=1562502130.9371759891510009765625 HTTP/1.1" 200 20 "https://cary.mommybites.com/wp-cron.php?doing_wp_cron=1562502130.9371759891510009765625" "WordPress/4.9.6; https://cary.mommybites.com"
145.239.123.117 - - [07/Jul/2019:08:22:10 -0400] "GET /blog/wp-login.php HTTP/1.1" 200 2482 "-" "Mozilla/5.0 (X11; Ubuntu; Linux x86_64; rv:62.0) Gecko/20100101 Firefox/62.0"
145.239.123.117 - - [07/Jul/2019:08:22:11 -0400] "POST /blog/wp-login.php HTTP/1.1" 200 2839 "-" "Mozilla/5.0 (X11; Ubuntu; Linux x86_64; rv:62.0) Gecko/20100101 Firefox/62.0"
145.239.123.117 - - [07/Jul/2019:08:22:12 -0400] "POST /blog/xmlrpc.php HTTP/1.1" 200 225 "-" "Mozilla/5.0 (X11; Ubuntu; Linux x86_64; rv:62.0) Gecko/20100101 Firefox/62.0"
205.164.44.178 - - [07/Jul/2019:08:35:58 -0400] "POST /wp-cron.php?doing_wp_cron=1562502958.1897358894348144531250 HTTP/1.1" 200 20 "https://cary.mommybites.com/wp-cron.php?doing_wp_cron=1562502958.1897358894348144531250" "WordPress/4.9.6; https://cary.mommybites.com"
2607:5300:60:3e1d::1 - - [07/Jul/2019:08:35:58 -0400] "GET /blog/wp-login.php HTTP/1.1" 200 2482 "-" "Mozilla/5.0 (X11; Ubuntu; Linux x86_64; rv:62.0) Gecko/20100101 Firefox/62.0"
2607:5300:60:3e1d::1 - - [07/Jul/2019:08:35:58 -0400] "POST /blog/wp-login.php HTTP/1.1" 200 2839 "-" "Mozilla/5.0 (X11; Ubuntu; Linux x86_64; rv:62.0) Gecko/20100101 Firefox/62.0"
2607:5300:60:3e1d::1 - - [07/Jul/2019:08:35:59 -0400] "POST /blog/xmlrpc.php HTTP/1.1" 200 225 "-" "Mozilla/5.0 (X11; Ubuntu; Linux x86_64; rv:62.0) Gecko/20100101 Firefox/62.0"
172.68.143.236 - - [07/Jul/2019:08:49:18 -0400] "POST /wp-cron.php?doing_wp_cron=1562503758.1661980152130126953125 HTTP/1.1" 200 20 "https://cary.mommybites.com/wp-cron.php?doing_wp_cron=1562503758.1661980152130126953125" "WordPress/4.9.6; https://cary.mommybites.com"
172.69.63.21 - - [07/Jul/2019:08:49:17 -0400] "GET /blog/wp-login.php HTTP/1.1" 200 2482 "-" "Mozilla/5.0 (X11; Ubuntu; Linux x86_64; rv:62.0) Gecko/20100101 Firefox/62.0"
2607:5300:60:3d23::1 - - [07/Jul/2019:08:49:18 -0400] "POST /blog/wp-login.php HTTP/1.1" 200 2839 "-" "Mozilla/5.0 (X11; Ubuntu; Linux x86_64; rv:62.0) Gecko/20100101 Firefox/62.0"
172.69.62.244 - - [07/Jul/2019:08:49:19 -0400] "POST /blog/xmlrpc.php HTTP/1.1" 200 225 "-" "Mozilla/5.0 (X11; Ubuntu; Linux x86_64; rv:62.0) Gecko/20100101 Firefox/62.0"
172.68.189.99 - - [07/Jul/2019:09:02:50 -0400] "POST /wp-cron.php?doing_wp_cron=1562504570.6230010986328125000000 HTTP/1.1" 200 20 "https://cary.mommybites.com/wp-cron.php?doing_wp_cron=1562504570.6230010986328125000000" "WordPress/4.9.6; https://cary.mommybites.com"
178.33.52.5 - - [07/Jul/2019:09:02:50 -0400] "GET /blog/wp-login.php HTTP/1.1" 200 2482 "-" "Mozilla/5.0 (X11; Ubuntu; Linux x86_64; rv:62.0) Gecko/20100101 Firefox/62.0"
178.33.52.5 - - [07/Jul/2019:09:02:51 -0400] "POST /blog/wp-login.php HTTP/1.1" 200 2839 "-" "Mozilla/5.0 (X11; Ubuntu; Linux x86_64; rv:62.0) Gecko/20100101 Firefox/62.0"
178.33.52.5 - - [07/Jul/2019:09:02:52 -0400] "POST /blog/xmlrpc.php HTTP/1.1" 200 225 "-" "Mozilla/5.0 (X11; Ubuntu; Linux x86_64; rv:62.0) Gecko/20100101 Firefox/62.0"
172.68.141.180 - - [07/Jul/2019:09:16:15 -0400] "POST /wp-cron.php?doing_wp_cron=1562505375.7895660400390625000000 HTTP/1.1" 200 20 "https://cary.mommybites.com/wp-cron.php?doing_wp_cron=1562505375.7895660400390625000000" "WordPress/4.9.6; https://cary.mommybites.com"
2607:5300:60:293::1 - - [07/Jul/2019:09:16:15 -0400] "GET /blog/wp-login.php HTTP/1.1" 200 2482 "-" "Mozilla/5.0 (X11; Ubuntu; Linux x86_64; rv:62.0) Gecko/20100101 Firefox/62.0"
2607:5300:60:293::1 - - [07/Jul/2019:09:16:16 -0400] "POST /blog/wp-login.php HTTP/1.1" 200 2839 "-" "Mozilla/5.0 (X11; Ubuntu; Linux x86_64; rv:62.0) Gecko/20100101 Firefox/62.0"
2607:5300:60:293::1 - - [07/Jul/2019:09:16:17 -0400] "POST /blog/xmlrpc.php HTTP/1.1" 200 225 "-" "Mozilla/5.0 (X11; Ubuntu; Linux x86_64; rv:62.0) Gecko/20100101 Firefox/62.0"
172.69.22.52 - - [07/Jul/2019:09:29:59 -0400] "POST /wp-cron.php?doing_wp_cron=1562506199.4530539512634277343750 HTTP/1.1" 200 20 "https://cary.mommybites.com/wp-cron.php?doing_wp_cron=1562506199.4530539512634277343750" "WordPress/4.9.6; https://cary.mommybites.com"
54.38.226.197 - - [07/Jul/2019:09:29:59 -0400] "GET /blog/wp-login.php HTTP/1.1" 200 2482 "-" "Mozilla/5.0 (X11; Ubuntu; Linux x86_64; rv:62.0) Gecko/20100101 Firefox/62.0"
54.38.226.197 - - [07/Jul/2019:09:30:00 -0400] "POST /blog/wp-login.php HTTP/1.1" 200 2839 "-" "Mozilla/5.0 (X11; Ubuntu; Linux x86_64; rv:62.0) Gecko/20100101 Firefox/62.0"
54.38.226.197 - - [07/Jul/2019:09:30:01 -0400] "POST /blog/xmlrpc.php HTTP/1.1" 200 225 "-" "Mozilla/5.0 (X11; Ubuntu; Linux x86_64; rv:62.0) Gecko/20100101 Firefox/62.0"
172.68.189.99 - - [07/Jul/2019:09:43:20 -0400] "POST /wp-cron.php?doing_wp_cron=1562507000.0574591159820556640625 HTTP/1.1" 200 20 "https://cary.mommybites.com/wp-cron.php?doing_wp_cron=1562507000.0574591159820556640625" "WordPress/4.9.6; https://cary.mommybites.com"
172.69.55.18 - - [07/Jul/2019:09:43:19 -0400] "GET /blog/wp-login.php HTTP/1.1" 200 2482 "-" "Mozilla/5.0 (X11; Ubuntu; Linux x86_64; rv:62.0) Gecko/20100101 Firefox/62.0"
54.36.64.245 - - [07/Jul/2019:09:43:21 -0400] "POST /blog/wp-login.php HTTP/1.1" 200 2839 "-" "Mozilla/5.0 (X11; Ubuntu; Linux x86_64; rv:62.0) Gecko/20100101 Firefox/62.0"
54.36.64.245 - - [07/Jul/2019:09:43:21 -0400] "POST /blog/xmlrpc.php HTTP/1.1" 200 225 "-" "Mozilla/5.0 (X11; Ubuntu; Linux x86_64; rv:62.0) Gecko/20100101 Firefox/62.0"
172.68.189.141 - - [07/Jul/2019:09:56:48 -0400] "POST /wp-cron.php?doing_wp_cron=1562507808.1381249427795410156250 HTTP/1.1" 200 20 "https://cary.mommybites.com/wp-cron.php?doing_wp_cron=1562507808.1381249427795410156250" "WordPress/4.9.6; https://cary.mommybites.com"
213.32.63.123 - - [07/Jul/2019:09:56:47 -0400] "GET /blog/wp-login.php HTTP/1.1" 200 2482 "-" "Mozilla/5.0 (X11; Ubuntu; Linux x86_64; rv:62.0) Gecko/20100101 Firefox/62.0"
213.32.63.123 - - [07/Jul/2019:09:56:49 -0400] "POST /blog/wp-login.php HTTP/1.1" 200 2839 "-" "Mozilla/5.0 (X11; Ubuntu; Linux x86_64; rv:62.0) Gecko/20100101 Firefox/62.0"
213.32.63.123 - - [07/Jul/2019:09:56:50 -0400] "POST /blog/xmlrpc.php HTTP/1.1" 200 225 "-" "Mozilla/5.0 (X11; Ubuntu; Linux x86_64; rv:62.0) Gecko/20100101 Firefox/62.0"
172.68.141.180 - - [07/Jul/2019:10:08:37 -0400] "POST /wp-cron.php?doing_wp_cron=1562508517.9121859073638916015625 HTTP/1.1" 200 20 "https://cary.mommybites.com/wp-cron.php?doing_wp_cron=1562508517.9121859073638916015625" "WordPress/4.9.6; https://cary.mommybites.com"
159.69.189.72 - - [07/Jul/2019:10:08:37 -0400] "GET /feed HTTP/1.1" 301 20 "-" "FeedBurner/1.0 (http://www.FeedBurner.com) Mozilla/5.0 (Macintosh; Intel Mac OS X 10_11_6) AppleWebKit/537.36 (KHTML, like Gecko) Chrome/63.0.3239.132 Safari/537.36 Specificfeeds- http://www.specificfeeds.com"
159.69.189.72 - - [07/Jul/2019:10:08:39 -0400] "GET /feed/ HTTP/1.1" 200 23048 "-" "FeedBurner/1.0 (http://www.FeedBurner.com) Mozilla/5.0 (Macintosh; Intel Mac OS X 10_11_6) AppleWebKit/537.36 (KHTML, like Gecko) Chrome/63.0.3239.132 Safari/537.36 Specificfeeds- http://www.specificfeeds.com"
54.36.250.91 - - [07/Jul/2019:10:10:22 -0400] "GET /blog/wp-login.php HTTP/1.1" 200 2482 "-" "Mozilla/5.0 (X11; Ubuntu; Linux x86_64; rv:62.0) Gecko/20100101 Firefox/62.0"
172.69.55.18 - - [07/Jul/2019:10:10:23 -0400] "POST /blog/wp-login.php HTTP/1.1" 200 2839 "-" "Mozilla/5.0 (X11; Ubuntu; Linux x86_64; rv:62.0) Gecko/20100101 Firefox/62.0"
172.69.226.109 - - [07/Jul/2019:10:10:24 -0400] "POST /blog/xmlrpc.php HTTP/1.1" 200 225 "-" "Mozilla/5.0 (X11; Ubuntu; Linux x86_64; rv:62.0) Gecko/20100101 Firefox/62.0"
172.68.133.236 - - [07/Jul/2019:10:23:38 -0400] "POST /wp-cron.php?doing_wp_cron=1562509418.4641768932342529296875 HTTP/1.1" 200 20 "https://cary.mommybites.com/wp-cron.php?doing_wp_cron=1562509418.4641768932342529296875" "WordPress/4.9.6; https://cary.mommybites.com"
51.77.2.7 - - [07/Jul/2019:10:23:38 -0400] "GET /blog/wp-login.php HTTP/1.1" 200 2482 "-" "Mozilla/5.0 (X11; Ubuntu; Linux x86_64; rv:62.0) Gecko/20100101 Firefox/62.0"
51.77.2.7 - - [07/Jul/2019:10:23:39 -0400] "POST /blog/wp-login.php HTTP/1.1" 200 2839 "-" "Mozilla/5.0 (X11; Ubuntu; Linux x86_64; rv:62.0) Gecko/20100101 Firefox/62.0"
51.77.2.7 - - [07/Jul/2019:10:23:40 -0400] "POST /blog/xmlrpc.php HTTP/1.1" 200 225 "-" "Mozilla/5.0 (X11; Ubuntu; Linux x86_64; rv:62.0) Gecko/20100101 Firefox/62.0"
172.69.22.52 - - [07/Jul/2019:10:37:15 -0400] "POST /wp-cron.php?doing_wp_cron=1562510234.7928330898284912109375 HTTP/1.1" 200 20 "https://cary.mommybites.com/wp-cron.php?doing_wp_cron=1562510234.7928330898284912109375" "WordPress/4.9.6; https://cary.mommybites.com"
54.36.250.91 - - [07/Jul/2019:10:37:14 -0400] "GET /blog/wp-login.php HTTP/1.1" 200 2482 "-" "Mozilla/5.0 (X11; Ubuntu; Linux x86_64; rv:62.0) Gecko/20100101 Firefox/62.0"
54.36.250.91 - - [07/Jul/2019:10:37:16 -0400] "POST /blog/wp-login.php HTTP/1.1" 200 2839 "-" "Mozilla/5.0 (X11; Ubuntu; Linux x86_64; rv:62.0) Gecko/20100101 Firefox/62.0"
54.36.250.91 - - [07/Jul/2019:10:37:17 -0400] "POST /blog/xmlrpc.php HTTP/1.1" 200 225 "-" "Mozilla/5.0 (X11; Ubuntu; Linux x86_64; rv:62.0) Gecko/20100101 Firefox/62.0"
172.68.133.236 - - [07/Jul/2019:10:50:30 -0400] "POST /wp-cron.php?doing_wp_cron=1562511030.4177451133728027343750 HTTP/1.1" 200 20 "https://cary.mommybites.com/wp-cron.php?doing_wp_cron=1562511030.4177451133728027343750" "WordPress/4.9.6; https://cary.mommybites.com"
172.69.226.201 - - [07/Jul/2019:10:50:30 -0400] "GET /blog/wp-login.php HTTP/1.1" 200 2482 "-" "Mozilla/5.0 (X11; Ubuntu; Linux x86_64; rv:62.0) Gecko/20100101 Firefox/62.0"
37.187.196.64 - - [07/Jul/2019:10:50:31 -0400] "POST /blog/wp-login.php HTTP/1.1" 200 2839 "-" "Mozilla/5.0 (X11; Ubuntu; Linux x86_64; rv:62.0) Gecko/20100101 Firefox/62.0"
37.187.196.64 - - [07/Jul/2019:10:50:32 -0400] "POST /blog/xmlrpc.php HTTP/1.1" 200 225 "-" "Mozilla/5.0 (X11; Ubuntu; Linux x86_64; rv:62.0) Gecko/20100101 Firefox/62.0"
108.35.159.69 - - [07/Jul/2019:11:01:04 -0400] "GET /newyork/files/2018/11/Flexible-jobs-for-parents-in-NYC-1-1024x683.jpg HTTP/1.1" 200 88290 "-" "Mozilla/5.0 (iPhone; CPU iPhone OS 12_3_1 like Mac OS X) AppleWebKit/605.1.15 (KHTML, like Gecko) Version/12.1.1 Mobile/15E148 Safari/604.1"
172.68.141.72 - - [07/Jul/2019:11:04:06 -0400] "POST /wp-cron.php?doing_wp_cron=1562511846.8219990730285644531250 HTTP/1.1" 200 20 "https://cary.mommybites.com/wp-cron.php?doing_wp_cron=1562511846.8219990730285644531250" "WordPress/4.9.6; https://cary.mommybites.com"
172.69.226.201 - - [07/Jul/2019:11:04:06 -0400] "GET /blog/wp-login.php HTTP/1.1" 200 2482 "-" "Mozilla/5.0 (X11; Ubuntu; Linux x86_64; rv:62.0) Gecko/20100101 Firefox/62.0"
217.182.6.180 - - [07/Jul/2019:11:04:07 -0400] "POST /blog/wp-login.php HTTP/1.1" 200 2839 "-" "Mozilla/5.0 (X11; Ubuntu; Linux x86_64; rv:62.0) Gecko/20100101 Firefox/62.0"
217.182.6.180 - - [07/Jul/2019:11:04:08 -0400] "POST /blog/xmlrpc.php HTTP/1.1" 200 225 "-" "Mozilla/5.0 (X11; Ubuntu; Linux x86_64; rv:62.0) Gecko/20100101 Firefox/62.0"
172.68.143.236 - - [07/Jul/2019:12:48:18 -0400] "POST /boston/wp-cron.php?doing_wp_cron=1562518098.5733189582824707031250 HTTP/1.1" 200 20 "https://cary.mommybites.com/boston/wp-cron.php?doing_wp_cron=1562518098.5733189582824707031250" "WordPress/4.9.6; https://cary.mommybites.com/boston"
37.187.162.191 - - [07/Jul/2019:12:48:18 -0400] "GET /boston/feed/ HTTP/1.1" 304 - "-" "Mozilla/5.0 (compatible; PaperLiBot/2.1; https://support.paper.li/entries/20023257-what-is-paper-li)"
172.68.189.141 - - [07/Jul/2019:13:35:14 -0400] "POST /wp-cron.php?doing_wp_cron=1562520914.6157538890838623046875 HTTP/1.1" 200 20 "https://cary.mommybites.com/wp-cron.php?doing_wp_cron=1562520914.6157538890838623046875" "WordPress/4.9.6; https://cary.mommybites.com"
159.69.242.206 - - [07/Jul/2019:13:35:14 -0400] "GET /feed HTTP/1.1" 301 20 "-" "FeedBurner/1.0 (http://www.FeedBurner.com) Mozilla/5.0 (Macintosh; Intel Mac OS X 10_11_6) AppleWebKit/537.36 (KHTML, like Gecko) Chrome/63.0.3239.132 Safari/537.36 Specificfeeds- http://www.specificfeeds.com"
159.69.242.206 - - [07/Jul/2019:13:35:15 -0400] "GET /feed/ HTTP/1.1" 200 23048 "-" "FeedBurner/1.0 (http://www.FeedBurner.com) Mozilla/5.0 (Macintosh; Intel Mac OS X 10_11_6) AppleWebKit/537.36 (KHTML, like Gecko) Chrome/63.0.3239.132 Safari/537.36 Specificfeeds- http://www.specificfeeds.com"
205.164.44.178 - - [07/Jul/2019:14:51:40 -0400] "POST /newyork/wp-cron.php?doing_wp_cron=1562525500.8495180606842041015625 HTTP/1.1" 200 20 "https://cary.mommybites.com/newyork/wp-cron.php?doing_wp_cron=1562525500.8495180606842041015625" "WordPress/4.9.6; https://cary.mommybites.com/newyork"
180.76.15.142 - - [07/Jul/2019:14:51:40 -0400] "GET /newyork/category/col2/dads/ HTTP/1.1" 200 14139 "-" "Mozilla/5.0 (compatible; Baiduspider/2.0; +http://www.baidu.com/search/spider.html)"
180.76.15.139 - - [07/Jul/2019:15:19:27 -0400] "GET /wp-content/plugins/contact-form-7/includes/js/scripts.js HTTP/1.1" 304 - "-" "Mozilla/5.0 (compatible; Baiduspider/2.0; +http://www.baidu.com/search/spider.html)"
180.76.15.26 - - [07/Jul/2019:15:25:00 -0400] "GET /wp-content/plugins/mb-boards/css/board.css?ver=0.1.6 HTTP/1.1" 200 1445 "-" "Mozilla/5.0 (compatible; Baiduspider/2.0; +http://www.baidu.com/search/spider.html)"
159.69.189.72 - - [07/Jul/2019:16:52:45 -0400] "GET /feed HTTP/1.1" 301 20 "-" "FeedBurner/1.0 (http://www.FeedBurner.com) Mozilla/5.0 (Macintosh; Intel Mac OS X 10_11_6) AppleWebKit/537.36 (KHTML, like Gecko) Chrome/63.0.3239.132 Safari/537.36 Specificfeeds- http://www.specificfeeds.com"
205.164.44.178 - - [07/Jul/2019:16:52:46 -0400] "POST /wp-cron.php?doing_wp_cron=1562532766.0154740810394287109375 HTTP/1.1" 200 20 "https://cary.mommybites.com/wp-cron.php?doing_wp_cron=1562532766.0154740810394287109375" "WordPress/4.9.6; https://cary.mommybites.com"
159.69.189.72 - - [07/Jul/2019:16:52:47 -0400] "GET /feed/ HTTP/1.1" 200 23048 "-" "FeedBurner/1.0 (http://www.FeedBurner.com) Mozilla/5.0 (Macintosh; Intel Mac OS X 10_11_6) AppleWebKit/537.36 (KHTML, like Gecko) Chrome/63.0.3239.132 Safari/537.36 Specificfeeds- http://www.specificfeeds.com"
172.69.23.101 - - [07/Jul/2019:18:48:20 -0400] "POST /boston/wp-cron.php?doing_wp_cron=1562539700.5629200935363769531250 HTTP/1.1" 200 20 "https://cary.mommybites.com/boston/wp-cron.php?doing_wp_cron=1562539700.5629200935363769531250" "WordPress/4.9.6; https://cary.mommybites.com/boston"
172.69.226.109 - - [07/Jul/2019:18:48:20 -0400] "GET /boston/feed/ HTTP/1.1" 304 - "-" "Mozilla/5.0 (compatible; PaperLiBot/2.1; https://support.paper.li/entries/20023257-what-is-paper-li)"
172.69.70.145 - - [07/Jul/2019:19:00:12 -0400] "GET /boston/wp-content/blogs.dir/5/files/2016/01/iStock_doctor-checking-baby-300x198.jpg HTTP/1.1" 200 13805 "-" "Googlebot-Image/1.0"
159.69.189.72 - - [07/Jul/2019:19:54:21 -0400] "GET /feed HTTP/1.1" 301 20 "-" "FeedBurner/1.0 (http://www.FeedBurner.com) Mozilla/5.0 (Macintosh; Intel Mac OS X 10_11_6) AppleWebKit/537.36 (KHTML, like Gecko) Chrome/63.0.3239.132 Safari/537.36 Specificfeeds- http://www.specificfeeds.com"
172.68.141.72 - - [07/Jul/2019:19:54:21 -0400] "POST /wp-cron.php?doing_wp_cron=1562543661.4427909851074218750000 HTTP/1.1" 200 20 "https://cary.mommybites.com/wp-cron.php?doing_wp_cron=1562543661.4427909851074218750000" "WordPress/4.9.6; https://cary.mommybites.com"
159.69.189.72 - - [07/Jul/2019:19:54:23 -0400] "GET /feed/ HTTP/1.1" 200 23048 "-" "FeedBurner/1.0 (http://www.FeedBurner.com) Mozilla/5.0 (Macintosh; Intel Mac OS X 10_11_6) AppleWebKit/537.36 (KHTML, like Gecko) Chrome/63.0.3239.132 Safari/537.36 Specificfeeds- http://www.specificfeeds.com"
172.68.143.236 - - [07/Jul/2019:21:11:07 -0400] "POST /newyork/wp-cron.php?doing_wp_cron=1562548267.7132000923156738281250 HTTP/1.1" 200 20 "https://cary.mommybites.com/newyork/wp-cron.php?doing_wp_cron=1562548267.7132000923156738281250" "WordPress/4.9.6; https://cary.mommybites.com/newyork"
180.76.15.12 - - [07/Jul/2019:21:11:07 -0400] "GET /newyork/category/col2/dads/ HTTP/1.1" 200 14143 "-" "Mozilla/5.0 (compatible; Baiduspider/2.0; +http://www.baidu.com/search/spider.html)"
172.68.142.163 - - [07/Jul/2019:22:17:47 -0400] "POST /wp-cron.php?doing_wp_cron=1562552267.7538399696350097656250 HTTP/1.1" 200 20 "https://cary.mommybites.com/wp-cron.php?doing_wp_cron=1562552267.7538399696350097656250" "WordPress/4.9.6; https://cary.mommybites.com"
180.76.15.162 - - [07/Jul/2019:22:17:47 -0400] "GET /col2/nanny/welcome-to-healthy-living/ HTTP/1.1" 200 16405 "-" "Mozilla/5.0 (compatible; Baiduspider/2.0; +http://www.baidu.com/search/spider.html)"
159.69.242.206 - - [07/Jul/2019:22:25:22 -0400] "GET /feed HTTP/1.1" 301 20 "-" "FeedBurner/1.0 (http://www.FeedBurner.com) Mozilla/5.0 (Macintosh; Intel Mac OS X 10_11_6) AppleWebKit/537.36 (KHTML, like Gecko) Chrome/63.0.3239.132 Safari/537.36 Specificfeeds- http://www.specificfeeds.com"
159.69.242.206 - - [07/Jul/2019:22:25:23 -0400] "GET /feed/ HTTP/1.1" 200 23048 "-" "FeedBurner/1.0 (http://www.FeedBurner.com) Mozilla/5.0 (Macintosh; Intel Mac OS X 10_11_6) AppleWebKit/537.36 (KHTML, like Gecko) Chrome/63.0.3239.132 Safari/537.36 Specificfeeds- http://www.specificfeeds.com"
172.68.141.180 - - [07/Jul/2019:23:36:43 -0400] "POST /wp-cron.php?doing_wp_cron=1562557003.5409550666809082031250 HTTP/1.1" 200 20 "https://cary.mommybites.com/wp-cron.php?doing_wp_cron=1562557003.5409550666809082031250" "WordPress/4.9.6; https://cary.mommybites.com"
159.69.189.72 - - [07/Jul/2019:23:36:43 -0400] "GET /feed HTTP/1.1" 301 20 "-" "FeedBurner/1.0 (http://www.FeedBurner.com) Mozilla/5.0 (Macintosh; Intel Mac OS X 10_11_6) AppleWebKit/537.36 (KHTML, like Gecko) Chrome/63.0.3239.132 Safari/537.36 Specificfeeds- http://www.specificfeeds.com"
159.69.189.72 - - [07/Jul/2019:23:36:44 -0400] "GET /feed/ HTTP/1.1" 200 23048 "-" "FeedBurner/1.0 (http://www.FeedBurner.com) Mozilla/5.0 (Macintosh; Intel Mac OS X 10_11_6) AppleWebKit/537.36 (KHTML, like Gecko) Chrome/63.0.3239.132 Safari/537.36 Specificfeeds- http://www.specificfeeds.com"
205.164.44.178 - - [08/Jul/2019:00:48:18 -0400] "POST /boston/wp-cron.php?doing_wp_cron=1562561298.2065930366516113281250 HTTP/1.1" 200 20 "https://cary.mommybites.com/boston/wp-cron.php?doing_wp_cron=1562561298.2065930366516113281250" "WordPress/4.9.6; https://cary.mommybites.com/boston"
37.187.162.191 - - [08/Jul/2019:00:48:17 -0400] "GET /boston/feed/ HTTP/1.1" 304 - "-" "Mozilla/5.0 (compatible; PaperLiBot/2.1; https://support.paper.li/entries/20023257-what-is-paper-li)"
172.69.234.132 - - [08/Jul/2019:02:01:30 -0400] "GET /newyork/files/2018/11/Flexible-jobs-for-parents-in-NYC-1-1024x683.jpg HTTP/1.1" 200 88290 "-" "Mozilla/5.0 (iPhone; CPU iPhone OS 12_3_1 like Mac OS X) AppleWebKit/605.1.15 (KHTML, like Gecko) Version/12.1.1 Mobile/15E148 Safari/604.1"
172.69.23.35 - - [08/Jul/2019:02:44:58 -0400] "POST /wp-cron.php?doing_wp_cron=1562568298.7213969230651855468750 HTTP/1.1" 200 20 "https://cary.mommybites.com/wp-cron.php?doing_wp_cron=1562568298.7213969230651855468750" "WordPress/4.9.6; https://cary.mommybites.com"
159.69.242.206 - - [08/Jul/2019:02:44:58 -0400] "GET /feed HTTP/1.1" 301 20 "-" "FeedBurner/1.0 (http://www.FeedBurner.com) Mozilla/5.0 (Macintosh; Intel Mac OS X 10_11_6) AppleWebKit/537.36 (KHTML, like Gecko) Chrome/63.0.3239.132 Safari/537.36 Specificfeeds- http://www.specificfeeds.com"
159.69.242.206 - - [08/Jul/2019:02:44:59 -0400] "GET /feed/ HTTP/1.1" 200 23048 "-" "FeedBurner/1.0 (http://www.FeedBurner.com) Mozilla/5.0 (Macintosh; Intel Mac OS X 10_11_6) AppleWebKit/537.36 (KHTML, like Gecko) Chrome/63.0.3239.132 Safari/537.36 Specificfeeds- http://www.specificfeeds.com"
172.69.70.151 - - [08/Jul/2019:03:38:23 -0400] "GET /robots.txt HTTP/1.1" 304 - "-" "Mozilla/5.0 (compatible; Googlebot/2.1; +http://www.google.com/bot.html)"
159.69.189.72 - - [08/Jul/2019:05:38:22 -0400] "GET /feed HTTP/1.1" 301 20 "-" "FeedBurner/1.0 (http://www.FeedBurner.com) Mozilla/5.0 (Macintosh; Intel Mac OS X 10_11_6) AppleWebKit/537.36 (KHTML, like Gecko) Chrome/63.0.3239.132 Safari/537.36 Specificfeeds- http://www.specificfeeds.com"
172.69.22.154 - - [08/Jul/2019:05:38:23 -0400] "POST /wp-cron.php?doing_wp_cron=1562578702.9871869087219238281250 HTTP/1.1" 200 20 "https://cary.mommybites.com/wp-cron.php?doing_wp_cron=1562578702.9871869087219238281250" "WordPress/4.9.6; https://cary.mommybites.com"
159.69.189.72 - - [08/Jul/2019:05:38:25 -0400] "GET /feed/ HTTP/1.1" 200 23048 "-" "FeedBurner/1.0 (http://www.FeedBurner.com) Mozilla/5.0 (Macintosh; Intel Mac OS X 10_11_6) AppleWebKit/537.36 (KHTML, like Gecko) Chrome/63.0.3239.132 Safari/537.36 Specificfeeds- http://www.specificfeeds.com"
216.244.66.227 - - [08/Jul/2019:06:10:55 -0400] "GET /robots.txt HTTP/1.1" 304 - "-" "Mozilla/5.0 (compatible; DotBot/1.1; http://www.opensiteexplorer.org/dotbot, [email protected])"
205.164.44.178 - - [08/Jul/2019:06:48:20 -0400] "POST /boston/wp-cron.php?doing_wp_cron=1562582900.4866499900817871093750 HTTP/1.1" 200 20 "https://cary.mommybites.com/boston/wp-cron.php?doing_wp_cron=1562582900.4866499900817871093750" "WordPress/4.9.6; https://cary.mommybites.com/boston"
37.187.162.191 - - [08/Jul/2019:06:48:20 -0400] "GET /boston/feed/ HTTP/1.1" 304 - "-" "Mozilla/5.0 (compatible; PaperLiBot/2.1; https://support.paper.li/entries/20023257-what-is-paper-li)"
180.76.15.144 - - [08/Jul/2019:07:40:11 -0400] "GET /wp-json/tribe/events/v1/ HTTP/1.1" 404 116 "-" "Mozilla/5.0 (compatible; Baiduspider/2.0; +http://www.baidu.com/search/spider.html)"
205.164.44.178 - - [08/Jul/2019:07:40:12 -0400] "POST /wp-cron.php?doing_wp_cron=1562586011.8865549564361572265625 HTTP/1.1" 200 20 "https://cary.mommybites.com/wp-cron.php?doing_wp_cron=1562586011.8865549564361572265625" "WordPress/4.9.6; https://cary.mommybites.com"
172.68.133.14 - - [08/Jul/2019:09:10:38 -0400] "POST /wp-cron.php?doing_wp_cron=1562591438.7585339546203613281250 HTTP/1.1" 200 20 "https://cary.mommybites.com/wp-cron.php?doing_wp_cron=1562591438.7585339546203613281250" "WordPress/4.9.6; https://cary.mommybites.com"
180.76.15.134 - - [08/Jul/2019:09:10:38 -0400] "GET /tag/gear/ HTTP/1.1" 200 14132 "-" "Mozilla/5.0 (compatible; Baiduspider/2.0; +http://www.baidu.com/search/spider.html)"
159.69.242.206 - - [08/Jul/2019:09:11:55 -0400] "GET /feed HTTP/1.1" 301 20 "-" "FeedBurner/1.0 (http://www.FeedBurner.com) Mozilla/5.0 (Macintosh; Intel Mac OS X 10_11_6) AppleWebKit/537.36 (KHTML, like Gecko) Chrome/63.0.3239.132 Safari/537.36 Specificfeeds- http://www.specificfeeds.com"
159.69.242.206 - - [08/Jul/2019:09:11:56 -0400] "GET /feed/ HTTP/1.1" 200 23048 "-" "FeedBurner/1.0 (http://www.FeedBurner.com) Mozilla/5.0 (Macintosh; Intel Mac OS X 10_11_6) AppleWebKit/537.36 (KHTML, like Gecko) Chrome/63.0.3239.132 Safari/537.36 Specificfeeds- http://www.specificfeeds.com"
172.68.141.72 - - [08/Jul/2019:09:43:58 -0400] "POST /wp-cron.php?doing_wp_cron=1562593438.6370460987091064453125 HTTP/1.1" 200 20 "https://cary.mommybites.com/wp-cron.php?doing_wp_cron=1562593438.6370460987091064453125" "WordPress/4.9.6; https://cary.mommybites.com"
180.76.15.134 - - [08/Jul/2019:09:43:58 -0400] "GET /about-2/feed/ HTTP/1.1" 200 433 "-" "Mozilla/5.0 (compatible; Baiduspider/2.0; +http://www.baidu.com/search/spider.html)"
172.69.23.101 - - [08/Jul/2019:10:17:18 -0400] "POST /wp-cron.php?doing_wp_cron=1562595438.6959791183471679687500 HTTP/1.1" 200 20 "https://cary.mommybites.com/wp-cron.php?doing_wp_cron=1562595438.6959791183471679687500" "WordPress/4.9.6; https://cary.mommybites.com"
180.76.15.162 - - [08/Jul/2019:10:17:18 -0400] "GET /wp-json/oembed/1.0/embed?url=https%3A%2F%2Fcary.mommybites.com%2F&format=xml HTTP/1.1" 200 1143 "-" "Mozilla/5.0 (compatible; Baiduspider/2.0; +http://www.baidu.com/search/spider.html)"
172.68.10.210 - - [08/Jul/2019:10:44:47 -0400] "GET /robots.txt HTTP/1.1" 200 486 "-" "Mozilla/5.0 (compatible; YandexBot/3.0; +http://yandex.com/bots)"
172.68.141.180 - - [08/Jul/2019:12:48:19 -0400] "POST /boston/wp-cron.php?doing_wp_cron=1562604499.4129359722137451171875 HTTP/1.1" 200 20 "https://cary.mommybites.com/boston/wp-cron.php?doing_wp_cron=1562604499.4129359722137451171875" "WordPress/4.9.6; https://cary.mommybites.com/boston"
37.187.162.191 - - [08/Jul/2019:12:48:19 -0400] "GET /boston/feed/ HTTP/1.1" 304 - "-" "Mozilla/5.0 (compatible; PaperLiBot/2.1; https://support.paper.li/entries/20023257-what-is-paper-li)"
172.69.23.89 - - [08/Jul/2019:12:55:04 -0400] "POST /wp-cron.php?doing_wp_cron=1562604904.9202349185943603515625 HTTP/1.1" 200 20 "https://cary.mommybites.com/wp-cron.php?doing_wp_cron=1562604904.9202349185943603515625" "WordPress/4.9.6; https://cary.mommybites.com"
159.69.242.206 - - [08/Jul/2019:12:55:04 -0400] "GET /feed HTTP/1.1" 301 20 "-" "FeedBurner/1.0 (http://www.FeedBurner.com) Mozilla/5.0 (Macintosh; Intel Mac OS X 10_11_6) AppleWebKit/537.36 (KHTML, like Gecko) Chrome/63.0.3239.132 Safari/537.36 Specificfeeds- http://www.specificfeeds.com"
159.69.242.206 - - [08/Jul/2019:12:55:05 -0400] "GET /feed/ HTTP/1.1" 200 23048 "-" "FeedBurner/1.0 (http://www.FeedBurner.com) Mozilla/5.0 (Macintosh; Intel Mac OS X 10_11_6) AppleWebKit/537.36 (KHTML, like Gecko) Chrome/63.0.3239.132 Safari/537.36 Specificfeeds- http://www.specificfeeds.com"
172.69.23.101 - - [08/Jul/2019:14:05:40 -0400] "POST /wp-cron.php?doing_wp_cron=1562609140.8734669685363769531250 HTTP/1.1" 200 20 "https://cary.mommybites.com/wp-cron.php?doing_wp_cron=1562609140.8734669685363769531250" "WordPress/4.9.6; https://cary.mommybites.com"
71.105.119.18 - - [08/Jul/2019:14:05:40 -0400] "GET / HTTP/1.1" 200 19155 "-" "Mozilla/5.0 (Windows NT 10.0; Win64; x64) AppleWebKit/537.36 (KHTML, like Gecko) Chrome/75.0.3770.100 Safari/537.36"
71.105.119.18 - - [08/Jul/2019:14:05:41 -0400] "GET /wp-includes/js/jquery/jquery-migrate.min.js?ver=1.4.1 HTTP/1.1" 200 4014 "https://cary.mommybites.com/" "Mozilla/5.0 (Windows NT 10.0; Win64; x64) AppleWebKit/537.36 (KHTML, like Gecko) Chrome/75.0.3770.100 Safari/537.36"
71.105.119.18 - - [08/Jul/2019:14:05:41 -0400] "GET /wp-content/themes/mb-std-17/images/logo.png HTTP/1.1" 200 2837 "https://cary.mommybites.com/" "Mozilla/5.0 (Windows NT 10.0; Win64; x64) AppleWebKit/537.36 (KHTML, like Gecko) Chrome/75.0.3770.100 Safari/537.36"
71.105.119.18 - - [08/Jul/2019:14:05:41 -0400] "GET /wp-includes/js/jquery/jquery.js?ver=1.12.4 HTTP/1.1" 200 33766 "https://cary.mommybites.com/" "Mozilla/5.0 (Windows NT 10.0; Win64; x64) AppleWebKit/537.36 (KHTML, like Gecko) Chrome/75.0.3770.100 Safari/537.36"
71.105.119.18 - - [08/Jul/2019:14:05:41 -0400] "GET /wp-content/plugins/adrotate/library/jquery.adrotate.clicktracker.js HTTP/1.1" 200 537 "https://cary.mommybites.com/" "Mozilla/5.0 (Windows NT 10.0; Win64; x64) AppleWebKit/537.36 (KHTML, like Gecko) Chrome/75.0.3770.100 Safari/537.36"
71.105.119.18 - - [08/Jul/2019:14:05:42 -0400] "GET /wp-content/plugins/contact-form-7/includes/js/jquery.form.min.js?ver=3.51.0-2014.06.20 HTTP/1.1" 200 5860 "https://cary.mommybites.com/" "Mozilla/5.0 (Windows NT 10.0; Win64; x64) AppleWebKit/537.36 (KHTML, like Gecko) Chrome/75.0.3770.100 Safari/537.36"
71.105.119.18 - - [08/Jul/2019:14:05:42 -0400] "GET /wp-content/plugins/contact-form-7/includes/js/scripts.js?ver=4.7 HTTP/1.1" 200 3667 "https://cary.mommybites.com/" "Mozilla/5.0 (Windows NT 10.0; Win64; x64) AppleWebKit/537.36 (KHTML, like Gecko) Chrome/75.0.3770.100 Safari/537.36"
71.105.119.18 - - [08/Jul/2019:14:05:42 -0400] "GET /wp-content/plugins/mb-boards/js/board.js?ver=0.1.6 HTTP/1.1" 200 1452 "https://cary.mommybites.com/" "Mozilla/5.0 (Windows NT 10.0; Win64; x64) AppleWebKit/537.36 (KHTML, like Gecko) Chrome/75.0.3770.100 Safari/537.36"
71.105.119.18 - - [08/Jul/2019:14:05:42 -0400] "GET /wp-content/plugins/mystickymenu/js/mystickymenu.min.js?ver=2.0.6 HTTP/1.1" 200 1228 "https://cary.mommybites.com/" "Mozilla/5.0 (Windows NT 10.0; Win64; x64) AppleWebKit/537.36 (KHTML, like Gecko) Chrome/75.0.3770.100 Safari/537.36"
71.105.119.18 - - [08/Jul/2019:14:05:42 -0400] "GET /wp-content/themes/mb-std-17/js/ie-emulation-modes-warning.js?ver=20151215 HTTP/1.1" 200 1039 "https://cary.mommybites.com/" "Mozilla/5.0 (Windows NT 10.0; Win64; x64) AppleWebKit/537.36 (KHTML, like Gecko) Chrome/75.0.3770.100 Safari/537.36"
71.105.119.18 - - [08/Jul/2019:14:05:42 -0400] "GET /wp-content/themes/mb-std-17/js/html5shiv/html5shiv.min.js?ver=20151215 HTTP/1.1" 200 1309 "https://cary.mommybites.com/" "Mozilla/5.0 (Windows NT 10.0; Win64; x64) AppleWebKit/537.36 (KHTML, like Gecko) Chrome/75.0.3770.100 Safari/537.36"
71.105.119.18 - - [08/Jul/2019:14:05:42 -0400] "GET /wp-content/themes/mb-std-17/js/html5shiv/respond.min.js?ver=20151215 HTTP/1.1" 200 2151 "https://cary.mommybites.com/" "Mozilla/5.0 (Windows NT 10.0; Win64; x64) AppleWebKit/537.36 (KHTML, like Gecko) Chrome/75.0.3770.100 Safari/537.36"
71.105.119.18 - - [08/Jul/2019:14:05:42 -0400] "GET /wp-content/themes/mb-std-17/js/functions.js?ver=1533317725 HTTP/1.1" 200 2995 "https://cary.mommybites.com/" "Mozilla/5.0 (Windows NT 10.0; Win64; x64) AppleWebKit/537.36 (KHTML, like Gecko) Chrome/75.0.3770.100 Safari/537.36"
71.105.119.18 - - [08/Jul/2019:14:05:42 -0400] "GET /wp-content/plugins/super-socializer/js/front/social_login/general.js?ver=7.12.21 HTTP/1.1" 200 1454 "https://cary.mommybites.com/" "Mozilla/5.0 (Windows NT 10.0; Win64; x64) AppleWebKit/537.36 (KHTML, like Gecko) Chrome/75.0.3770.100 Safari/537.36"
71.105.119.18 - - [08/Jul/2019:14:05:42 -0400] "GET /wp-content/themes/mb-std-17/js/skip-link-focus-fix.js?ver=20151215 HTTP/1.1" 200 472 "https://cary.mommybites.com/" "Mozilla/5.0 (Windows NT 10.0; Win64; x64) AppleWebKit/537.36 (KHTML, like Gecko) Chrome/75.0.3770.100 Safari/537.36"
71.105.119.18 - - [08/Jul/2019:14:05:42 -0400] "GET /wp-content/plugins/super-socializer/js/front/facebook/commenting.js?ver=7.12.21 HTTP/1.1" 200 1613 "https://cary.mommybites.com/" "Mozilla/5.0 (Windows NT 10.0; Win64; x64) AppleWebKit/537.36 (KHTML, like Gecko) Chrome/75.0.3770.100 Safari/537.36"
71.105.119.18 - - [08/Jul/2019:14:05:42 -0400] "GET /wp-includes/js/wp-embed.min.js?ver=4.9.6 HTTP/1.1" 200 751 "https://cary.mommybites.com/" "Mozilla/5.0 (Windows NT 10.0; Win64; x64) AppleWebKit/537.36 (KHTML, like Gecko) Chrome/75.0.3770.100 Safari/537.36"
71.105.119.18 - - [08/Jul/2019:14:05:42 -0400] "GET /wp-content/plugins/super-socializer/js/front/facebook/sdk.js?ver=7.12.21 HTTP/1.1" 200 729 "https://cary.mommybites.com/" "Mozilla/5.0 (Windows NT 10.0; Win64; x64) AppleWebKit/537.36 (KHTML, like Gecko) Chrome/75.0.3770.100 Safari/537.36"
71.105.119.18 - - [08/Jul/2019:14:05:42 -0400] "GET /wp-content/plugins/super-socializer/js/front/sharing/sharing.js?ver=7.12.21 HTTP/1.1" 200 11309 "https://cary.mommybites.com/" "Mozilla/5.0 (Windows NT 10.0; Win64; x64) AppleWebKit/537.36 (KHTML, like Gecko) Chrome/75.0.3770.100 Safari/537.36"
71.105.119.18 - - [08/Jul/2019:14:05:42 -0400] "GET /wp-content/uploads/2016/09/MB-Chit-Chat_150x150-50x50.jpg HTTP/1.1" 200 2437 "https://cary.mommybites.com/" "Mozilla/5.0 (Windows NT 10.0; Win64; x64) AppleWebKit/537.36 (KHTML, like Gecko) Chrome/75.0.3770.100 Safari/537.36"
71.105.119.18 - - [08/Jul/2019:14:05:42 -0400] "GET /wp-content/uploads/2017/03/MommyConOC2016-291-50x50.jpg HTTP/1.1" 200 1981 "https://cary.mommybites.com/" "Mozilla/5.0 (Windows NT 10.0; Win64; x64) AppleWebKit/537.36 (KHTML, like Gecko) Chrome/75.0.3770.100 Safari/537.36"
