37.187.162.191 - - [20/Jul/2019:18:48:19 -0400] "GET /boston/feed/ HTTP/1.1" 304 - "-" "Mozilla/5.0 (compatible; PaperLiBot/2.1; https://support.paper.li/entries/20023257-what-is-paper-li)"
159.69.242.206 - - [20/Jul/2019:19:38:22 -0400] "GET /feed HTTP/1.1" 301 20 "-" "FeedBurner/1.0 (http://www.FeedBurner.com) Mozilla/5.0 (Macintosh; Intel Mac OS X 10_11_6) AppleWebKit/537.36 (KHTML, like Gecko) Chrome/63.0.3239.132 Safari/537.36 Specificfeeds- http://www.specificfeeds.com"
172.68.142.97 - - [20/Jul/2019:19:38:23 -0400] "POST /wp-cron.php?doing_wp_cron=1563665903.2027029991149902343750 HTTP/1.1" 200 20 "https://cary.mommybites.com/wp-cron.php?doing_wp_cron=1563665903.2027029991149902343750" "WordPress/4.9.6; https://cary.mommybites.com"
159.69.242.206 - - [20/Jul/2019:19:38:24 -0400] "GET /feed/ HTTP/1.1" 200 23048 "-" "FeedBurner/1.0 (http://www.FeedBurner.com) Mozilla/5.0 (Macintosh; Intel Mac OS X 10_11_6) AppleWebKit/537.36 (KHTML, like Gecko) Chrome/63.0.3239.132 Safari/537.36 Specificfeeds- http://www.specificfeeds.com"
172.68.133.170 - - [20/Jul/2019:21:37:18 -0400] "POST /wp-cron.php?doing_wp_cron=1563673038.7501130104064941406250 HTTP/1.1" 200 20 "https://cary.mommybites.com/wp-cron.php?doing_wp_cron=1563673038.7501130104064941406250" "WordPress/4.9.6; https://cary.mommybites.com"
172.68.133.26 - - [20/Jul/2019:21:37:18 -0400] "GET /col1/prenatal/breastfeeding-basics-teleclass-re-cap-2/ HTTP/1.1" 200 17111 "-" "Mozilla/5.0 (compatible; Baiduspider/2.0; +http://www.baidu.com/search/spider.html)"
172.69.23.5 - - [20/Jul/2019:21:55:48 -0400] "POST /wp-cron.php?doing_wp_cron=1563674148.8989250659942626953125 HTTP/1.1" 200 20 "https://cary.mommybites.com/wp-cron.php?doing_wp_cron=1563674148.8989250659942626953125" "WordPress/4.9.6; https://cary.mommybites.com"
172.68.133.50 - - [20/Jul/2019:21:55:48 -0400] "GET /feed HTTP/1.1" 301 20 "-" "FeedBurner/1.0 (http://www.FeedBurner.com) Mozilla/5.0 (Macintosh; Intel Mac OS X 10_11_6) AppleWebKit/537.36 (KHTML, like Gecko) Chrome/63.0.3239.132 Safari/537.36 Specificfeeds- http://www.specificfeeds.com"
159.69.242.206 - - [20/Jul/2019:21:55:50 -0400] "GET /feed/ HTTP/1.1" 200 23048 "-" "FeedBurner/1.0 (http://www.FeedBurner.com) Mozilla/5.0 (Macintosh; Intel Mac OS X 10_11_6) AppleWebKit/537.36 (KHTML, like Gecko) Chrome/63.0.3239.132 Safari/537.36 Specificfeeds- http://www.specificfeeds.com"
172.69.23.53 - - [20/Jul/2019:23:15:24 -0400] "GET /robots.txt HTTP/1.1" 200 486 "http://cary.mommybites.com/robots.txt" "Mozilla/5.0 (compatible; special_archiver/3.1.1 +http://www.archive.org/details/archive.org_bot)"
205.164.44.178 - - [20/Jul/2019:23:35:17 -0400] "POST /wp-cron.php?doing_wp_cron=1563680116.9511198997497558593750 HTTP/1.1" 200 20 "https://cary.mommybites.com/wp-cron.php?doing_wp_cron=1563680116.9511198997497558593750" "WordPress/4.9.6; https://cary.mommybites.com"
159.69.189.72 - - [20/Jul/2019:23:35:16 -0400] "GET /feed HTTP/1.1" 301 20 "-" "FeedBurner/1.0 (http://www.FeedBurner.com) Mozilla/5.0 (Macintosh; Intel Mac OS X 10_11_6) AppleWebKit/537.36 (KHTML, like Gecko) Chrome/63.0.3239.132 Safari/537.36 Specificfeeds- http://www.specificfeeds.com"
159.69.189.72 - - [20/Jul/2019:23:35:17 -0400] "GET /feed/ HTTP/1.1" 200 23048 "-" "FeedBurner/1.0 (http://www.FeedBurner.com) Mozilla/5.0 (Macintosh; Intel Mac OS X 10_11_6) AppleWebKit/537.36 (KHTML, like Gecko) Chrome/63.0.3239.132 Safari/537.36 Specificfeeds- http://www.specificfeeds.com"
172.68.133.206 - - [21/Jul/2019:00:48:20 -0400] "POST /boston/wp-cron.php?doing_wp_cron=1563684500.2433888912200927734375 HTTP/1.1" 200 20 "https://cary.mommybites.com/boston/wp-cron.php?doing_wp_cron=1563684500.2433888912200927734375" "WordPress/4.9.6; https://cary.mommybites.com/boston"
37.187.162.191 - - [21/Jul/2019:00:48:19 -0400] "GET /boston/feed/ HTTP/1.1" 304 - "-" "Mozilla/5.0 (compatible; PaperLiBot/2.1; https://support.paper.li/entries/20023257-what-is-paper-li)"
172.68.143.50 - - [21/Jul/2019:02:32:59 -0400] "POST /wp-cron.php?doing_wp_cron=1563690779.8072860240936279296875 HTTP/1.1" 200 20 "https://cary.mommybites.com/wp-cron.php?doing_wp_cron=1563690779.8072860240936279296875" "WordPress/4.9.6; https://cary.mommybites.com"
159.69.189.72 - - [21/Jul/2019:02:32:59 -0400] "GET /feed HTTP/1.1" 301 20 "-" "FeedBurner/1.0 (http://www.FeedBurner.com) Mozilla/5.0 (Macintosh; Intel Mac OS X 10_11_6) AppleWebKit/537.36 (KHTML, like Gecko) Chrome/63.0.3239.132 Safari/537.36 Specificfeeds- http://www.specificfeeds.com"
159.69.189.72 - - [21/Jul/2019:02:33:01 -0400] "GET /feed/ HTTP/1.1" 200 23048 "-" "FeedBurner/1.0 (http://www.FeedBurner.com) Mozilla/5.0 (Macintosh; Intel Mac OS X 10_11_6) AppleWebKit/537.36 (KHTML, like Gecko) Chrome/63.0.3239.132 Safari/537.36 Specificfeeds- http://www.specificfeeds.com"
172.68.143.50 - - [21/Jul/2019:02:37:18 -0400] "POST /newyork/wp-cron.php?doing_wp_cron=1563691038.9366118907928466796875 HTTP/1.1" 200 20 "https://cary.mommybites.com/newyork/wp-cron.php?doing_wp_cron=1563691038.9366118907928466796875" "WordPress/4.9.6; https://cary.mommybites.com/newyork"
180.76.15.23 - - [21/Jul/2019:02:37:18 -0400] "GET /newyork/category/col2/moms/ HTTP/1.1" 200 14130 "-" "Mozilla/5.0 (compatible; Baiduspider/2.0; +http://www.baidu.com/search/spider.html)"
180.76.15.33 - - [21/Jul/2019:03:10:38 -0400] "GET /wp-content/plugins/contact-form-7/includes/js/scripts.js HTTP/1.1" 200 3667 "-" "Mozilla/5.0 (compatible; Baiduspider/2.0; +http://www.baidu.com/search/spider.html)"
159.69.189.72 - - [21/Jul/2019:05:58:31 -0400] "GET /feed HTTP/1.1" 301 20 "-" "FeedBurner/1.0 (http://www.FeedBurner.com) Mozilla/5.0 (Macintosh; Intel Mac OS X 10_11_6) AppleWebKit/537.36 (KHTML, like Gecko) Chrome/63.0.3239.132 Safari/537.36 Specificfeeds- http://www.specificfeeds.com"
172.69.23.5 - - [21/Jul/2019:05:58:31 -0400] "POST /wp-cron.php?doing_wp_cron=1563703111.5476999282836914062500 HTTP/1.1" 200 20 "https://cary.mommybites.com/wp-cron.php?doing_wp_cron=1563703111.5476999282836914062500" "WordPress/4.9.6; https://cary.mommybites.com"
159.69.189.72 - - [21/Jul/2019:05:58:33 -0400] "GET /feed/ HTTP/1.1" 200 23048 "-" "FeedBurner/1.0 (http://www.FeedBurner.com) Mozilla/5.0 (Macintosh; Intel Mac OS X 10_11_6) AppleWebKit/537.36 (KHTML, like Gecko) Chrome/63.0.3239.132 Safari/537.36 Specificfeeds- http://www.specificfeeds.com"
172.68.143.50 - - [21/Jul/2019:06:48:19 -0400] "POST /boston/wp-cron.php?doing_wp_cron=1563706099.1267580986022949218750 HTTP/1.1" 200 20 "https://cary.mommybites.com/boston/wp-cron.php?doing_wp_cron=1563706099.1267580986022949218750" "WordPress/4.9.6; https://cary.mommybites.com/boston"
37.187.162.191 - - [21/Jul/2019:06:48:18 -0400] "GET /boston/feed/ HTTP/1.1" 304 - "-" "Mozilla/5.0 (compatible; PaperLiBot/2.1; https://support.paper.li/entries/20023257-what-is-paper-li)"
159.69.189.72 - - [21/Jul/2019:10:18:05 -0400] "GET /feed HTTP/1.1" 301 20 "-" "FeedBurner/1.0 (http://www.FeedBurner.com) Mozilla/5.0 (Macintosh; Intel Mac OS X 10_11_6) AppleWebKit/537.36 (KHTML, like Gecko) Chrome/63.0.3239.132 Safari/537.36 Specificfeeds- http://www.specificfeeds.com"
172.68.133.170 - - [21/Jul/2019:10:18:06 -0400] "POST /wp-cron.php?doing_wp_cron=1563718686.2518949508666992187500 HTTP/1.1" 200 20 "https://cary.mommybites.com/wp-cron.php?doing_wp_cron=1563718686.2518949508666992187500" "WordPress/4.9.6; https://cary.mommybites.com"
159.69.189.72 - - [21/Jul/2019:10:18:08 -0400] "GET /feed/ HTTP/1.1" 200 23048 "-" "FeedBurner/1.0 (http://www.FeedBurner.com) Mozilla/5.0 (Macintosh; Intel Mac OS X 10_11_6) AppleWebKit/537.36 (KHTML, like Gecko) Chrome/63.0.3239.132 Safari/537.36 Specificfeeds- http://www.specificfeeds.com"
2607:fb90:2466:615e:fd68:63d7:3ced:6122 - - [21/Jul/2019:12:03:28 -0400] "GET /newyork/files/2018/11/Flexible-jobs-for-parents-in-NYC-1-1024x683.jpg HTTP/1.1" 200 88290 "-" "Mozilla/5.0 (iPhone; CPU iPhone OS 12_3_1 like Mac OS X) AppleWebKit/605.1.15 (KHTML, like Gecko) Version/12.1.1 Mobile/15E148 Safari/604.1"
172.68.143.50 - - [21/Jul/2019:12:48:19 -0400] "POST /boston/wp-cron.php?doing_wp_cron=1563727699.2389700412750244140625 HTTP/1.1" 200 20 "https://cary.mommybites.com/boston/wp-cron.php?doing_wp_cron=1563727699.2389700412750244140625" "WordPress/4.9.6; https://cary.mommybites.com/boston"
37.187.162.191 - - [21/Jul/2019:12:48:19 -0400] "GET /boston/feed/ HTTP/1.1" 304 - "-" "Mozilla/5.0 (compatible; PaperLiBot/2.1; https://support.paper.li/entries/20023257-what-is-paper-li)"
172.68.65.182 - - [21/Jul/2019:13:26:20 -0400] "GET /newyork/files/2018/11/Flexible-jobs-for-parents-in-NYC-1-1024x683.jpg HTTP/1.1" 200 88290 "-" "Mozilla/5.0 (Linux; Android 9; Pixel 3 XL) AppleWebKit/537.36 (KHTML, like Gecko) Chrome/75.0.3770.143 Mobile Safari/537.36"
172.69.23.5 - - [21/Jul/2019:13:36:56 -0400] "POST /wp-cron.php?doing_wp_cron=1563730616.3584170341491699218750 HTTP/1.1" 200 20 "https://cary.mommybites.com/wp-cron.php?doing_wp_cron=1563730616.3584170341491699218750" "WordPress/4.9.6; https://cary.mommybites.com"
159.69.242.206 - - [21/Jul/2019:13:36:56 -0400] "GET /feed HTTP/1.1" 301 20 "-" "FeedBurner/1.0 (http://www.FeedBurner.com) Mozilla/5.0 (Macintosh; Intel Mac OS X 10_11_6) AppleWebKit/537.36 (KHTML, like Gecko) Chrome/63.0.3239.132 Safari/537.36 Specificfeeds- http://www.specificfeeds.com"
159.69.242.206 - - [21/Jul/2019:13:36:57 -0400] "GET /feed/ HTTP/1.1" 200 23048 "-" "FeedBurner/1.0 (http://www.FeedBurner.com) Mozilla/5.0 (Macintosh; Intel Mac OS X 10_11_6) AppleWebKit/537.36 (KHTML, like Gecko) Chrome/63.0.3239.132 Safari/537.36 Specificfeeds- http://www.specificfeeds.com"
172.68.143.50 - - [21/Jul/2019:14:52:37 -0400] "POST /wp-cron.php?doing_wp_cron=1563735157.7556738853454589843750 HTTP/1.1" 200 20 "https://cary.mommybites.com/wp-cron.php?doing_wp_cron=1563735157.7556738853454589843750" "WordPress/4.9.6; https://cary.mommybites.com"
173.52.52.128 - - [21/Jul/2019:14:52:37 -0400] "GET / HTTP/1.1" 200 19160 "-" "Mozilla/5.0 (iPhone; CPU iPhone OS 12_3_1 like Mac OS X) AppleWebKit/605.1.15 (KHTML, like Gecko) Version/12.1.1 Mobile/15E148 Safari/604.1"
172.68.133.170 - - [21/Jul/2019:15:15:00 -0400] "POST /wp-cron.php?doing_wp_cron=1563736500.2946329116821289062500 HTTP/1.1" 200 20 "https://cary.mommybites.com/wp-cron.php?doing_wp_cron=1563736500.2946329116821289062500" "WordPress/4.9.6; https://cary.mommybites.com"
71.105.119.18 - - [21/Jul/2019:15:15:00 -0400] "GET / HTTP/1.1" 200 21784 "-" "Mozilla/5.0 (Windows NT 10.0; Win64; x64) AppleWebKit/537.36 (KHTML, like Gecko) Chrome/75.0.3770.142 Safari/537.36"
71.105.119.18 - - [21/Jul/2019:15:15:01 -0400] "GET /wp-includes/css/admin-bar.min.css?ver=4.9.6 HTTP/1.1" 200 3910 "https://cary.mommybites.com/" "Mozilla/5.0 (Windows NT 10.0; Win64; x64) AppleWebKit/537.36 (KHTML, like Gecko) Chrome/75.0.3770.142 Safari/537.36"
71.105.119.18 - - [21/Jul/2019:15:15:01 -0400] "GET /wp-includes/css/dashicons.min.css?ver=4.9.6 HTTP/1.1" 200 28645 "https://cary.mommybites.com/" "Mozilla/5.0 (Windows NT 10.0; Win64; x64) AppleWebKit/537.36 (KHTML, like Gecko) Chrome/75.0.3770.142 Safari/537.36"
71.105.119.18 - - [21/Jul/2019:15:15:01 -0400] "GET /wp-content/plugins/contact-form-7/includes/css/styles.css?ver=4.7 HTTP/1.1" 200 634 "https://cary.mommybites.com/" "Mozilla/5.0 (Windows NT 10.0; Win64; x64) AppleWebKit/537.36 (KHTML, like Gecko) Chrome/75.0.3770.142 Safari/537.36"
71.105.119.18 - - [21/Jul/2019:15:15:01 -0400] "GET /wp-content/plugins/mb-boards/css/board.css?ver=0.1.6 HTTP/1.1" 200 1445 "https://cary.mommybites.com/" "Mozilla/5.0 (Windows NT 10.0; Win64; x64) AppleWebKit/537.36 (KHTML, like Gecko) Chrome/75.0.3770.142 Safari/537.36"
71.105.119.18 - - [21/Jul/2019:15:15:01 -0400] "GET /wp-content/themes/mb-std-17/style.css?ver=4.9.6 HTTP/1.1" 200 13593 "https://cary.mommybites.com/" "Mozilla/5.0 (Windows NT 10.0; Win64; x64) AppleWebKit/537.36 (KHTML, like Gecko) Chrome/75.0.3770.142 Safari/537.36"
71.105.119.18 - - [21/Jul/2019:15:15:01 -0400] "GET /wp-content/themes/mb-std-17/genericons/genericons.css?ver=3.4.1 HTTP/1.1" 200 16441 "https://cary.mommybites.com/" "Mozilla/5.0 (Windows NT 10.0; Win64; x64) AppleWebKit/537.36 (KHTML, like Gecko) Chrome/75.0.3770.142 Safari/537.36"
71.105.119.18 - - [21/Jul/2019:15:15:02 -0400] "GET /wp-content/themes/mb-std-17/css/ie10-viewport-bug-workaround.css?ver=4.9.6 HTTP/1.1" 200 292 "https://cary.mommybites.com/" "Mozilla/5.0 (Windows NT 10.0; Win64; x64) AppleWebKit/537.36 (KHTML, like Gecko) Chrome/75.0.3770.142 Safari/537.36"
71.105.119.18 - - [21/Jul/2019:15:15:02 -0400] "GET /wp-content/themes/mb-std-17/css/template.css?ver=4.9.6 HTTP/1.1" 200 12911 "https://cary.mommybites.com/" "Mozilla/5.0 (Windows NT 10.0; Win64; x64) AppleWebKit/537.36 (KHTML, like Gecko) Chrome/75.0.3770.142 Safari/537.36"
71.105.119.18 - - [21/Jul/2019:15:15:02 -0400] "GET /wp-content/plugins/super-socializer/css/front.css?ver=7.12.21 HTTP/1.1" 200 14322 "https://cary.mommybites.com/" "Mozilla/5.0 (Windows NT 10.0; Win64; x64) AppleWebKit/537.36 (KHTML, like Gecko) Chrome/75.0.3770.142 Safari/537.36"
71.105.119.18 - - [21/Jul/2019:15:15:02 -0400] "GET /wp-content/plugins/super-socializer/css/share-svg.css?ver=7.12.21 HTTP/1.1" 200 31598 "https://cary.mommybites.com/" "Mozilla/5.0 (Windows NT 10.0; Win64; x64) AppleWebKit/537.36 (KHTML, like Gecko) Chrome/75.0.3770.142 Safari/537.36"
71.105.119.18 - - [21/Jul/2019:15:15:02 -0400] "GET /wp-content/plugins/show-current-template/css/style.css?ver=4.9.6 HTTP/1.1" 200 440 "https://cary.mommybites.com/" "Mozilla/5.0 (Windows NT 10.0; Win64; x64) AppleWebKit/537.36 (KHTML, like Gecko) Chrome/75.0.3770.142 Safari/537.36"
71.105.119.18 - - [21/Jul/2019:15:15:02 -0400] "GET /wp-content/plugins/wordpress-23-related-posts-plugin/static/themes/vertical-m.css?version=3.6.4 HTTP/1.1" 200 592 "https://cary.mommybites.com/" "Mozilla/5.0 (Windows NT 10.0; Win64; x64) AppleWebKit/537.36 (KHTML, like Gecko) Chrome/75.0.3770.142 Safari/537.36"
71.105.119.18 - - [21/Jul/2019:15:15:03 -0400] "GET /wp-content/plugins/wordpress-23-related-posts-plugin/static/themes/edit_related_posts.css?ver=3.6.4 HTTP/1.1" 200 3171 "https://cary.mommybites.com/" "Mozilla/5.0 (Windows NT 10.0; Win64; x64) AppleWebKit/537.36 (KHTML, like Gecko) Chrome/75.0.3770.142 Safari/537.36"
71.105.119.18 - - [21/Jul/2019:15:15:03 -0400] "GET /wp-includes/js/jquery/jquery.js?ver=1.12.4 HTTP/1.1" 200 33766 "https://cary.mommybites.com/" "Mozilla/5.0 (Windows NT 10.0; Win64; x64) AppleWebKit/537.36 (KHTML, like Gecko) Chrome/75.0.3770.142 Safari/537.36"
71.105.119.18 - - [21/Jul/2019:15:15:03 -0400] "GET /wp-includes/js/jquery/jquery-migrate.min.js?ver=1.4.1 HTTP/1.1" 200 4014 "https://cary.mommybites.com/" "Mozilla/5.0 (Windows NT 10.0; Win64; x64) AppleWebKit/537.36 (KHTML, like Gecko) Chrome/75.0.3770.142 Safari/537.36"
71.105.119.18 - - [21/Jul/2019:15:15:03 -0400] "GET /wp-content/plugins/contact-form-7/includes/js/jquery.form.min.js?ver=3.51.0-2014.06.20 HTTP/1.1" 200 5860 "https://cary.mommybites.com/" "Mozilla/5.0 (Windows NT 10.0; Win64; x64) AppleWebKit/537.36 (KHTML, like Gecko) Chrome/75.0.3770.142 Safari/537.36"
71.105.119.18 - - [21/Jul/2019:15:15:03 -0400] "GET /wp-content/plugins/adrotate/library/jquery.adrotate.clicktracker.js HTTP/1.1" 200 537 "https://cary.mommybites.com/" "Mozilla/5.0 (Windows NT 10.0; Win64; x64) AppleWebKit/537.36 (KHTML, like Gecko) Chrome/75.0.3770.142 Safari/537.36"
71.105.119.18 - - [21/Jul/2019:15:15:03 -0400] "GET /wp-includes/js/admin-bar.min.js?ver=4.9.6 HTTP/1.1" 200 2470 "https://cary.mommybites.com/" "Mozilla/5.0 (Windows NT 10.0; Win64; x64) AppleWebKit/537.36 (KHTML, like Gecko) Chrome/75.0.3770.142 Safari/537.36"
71.105.119.18 - - [21/Jul/2019:15:15:04 -0400] "GET /wp-content/plugins/contact-form-7/includes/js/scripts.js?ver=4.7 HTTP/1.1" 200 3667 "https://cary.mommybites.com/" "Mozilla/5.0 (Windows NT 10.0; Win64; x64) AppleWebKit/537.36 (KHTML, like Gecko) Chrome/75.0.3770.142 Safari/537.36"
71.105.119.18 - - [21/Jul/2019:15:15:04 -0400] "GET /wp-content/plugins/mb-boards/js/board.js?ver=0.1.6 HTTP/1.1" 200 1452 "https://cary.mommybites.com/" "Mozilla/5.0 (Windows NT 10.0; Win64; x64) AppleWebKit/537.36 (KHTML, like Gecko) Chrome/75.0.3770.142 Safari/537.36"
71.105.119.18 - - [21/Jul/2019:15:15:04 -0400] "GET /wp-content/plugins/mystickymenu/js/mystickymenu.min.js?ver=2.0.6 HTTP/1.1" 200 1228 "https://cary.mommybites.com/" "Mozilla/5.0 (Windows NT 10.0; Win64; x64) AppleWebKit/537.36 (KHTML, like Gecko) Chrome/75.0.3770.142 Safari/537.36"
71.105.119.18 - - [21/Jul/2019:15:15:04 -0400] "GET /wp-content/themes/mb-std-17/js/ie-emulation-modes-warning.js?ver=20151215 HTTP/1.1" 200 1039 "https://cary.mommybites.com/" "Mozilla/5.0 (Windows NT 10.0; Win64; x64) AppleWebKit/537.36 (KHTML, like Gecko) Chrome/75.0.3770.142 Safari/537.36"
71.105.119.18 - - [21/Jul/2019:15:15:04 -0400] "GET /wp-content/themes/mb-std-17/js/html5shiv/html5shiv.min.js?ver=20151215 HTTP/1.1" 200 1309 "https://cary.mommybites.com/" "Mozilla/5.0 (Windows NT 10.0; Win64; x64) AppleWebKit/537.36 (KHTML, like Gecko) Chrome/75.0.3770.142 Safari/537.36"
71.105.119.18 - - [21/Jul/2019:15:15:04 -0400] "GET /wp-content/themes/mb-std-17/js/html5shiv/respond.min.js?ver=20151215 HTTP/1.1" 200 2151 "https://cary.mommybites.com/" "Mozilla/5.0 (Windows NT 10.0; Win64; x64) AppleWebKit/537.36 (KHTML, like Gecko) Chrome/75.0.3770.142 Safari/537.36"
71.105.119.18 - - [21/Jul/2019:15:15:04 -0400] "GET /wp-content/themes/mb-std-17/js/functions.js?ver=1533317725 HTTP/1.1" 200 2995 "https://cary.mommybites.com/" "Mozilla/5.0 (Windows NT 10.0; Win64; x64) AppleWebKit/537.36 (KHTML, like Gecko) Chrome/75.0.3770.142 Safari/537.36"
71.105.119.18 - - [21/Jul/2019:15:15:04 -0400] "GET /wp-content/themes/mb-std-17/js/skip-link-focus-fix.js?ver=20151215 HTTP/1.1" 200 472 "https://cary.mommybites.com/" "Mozilla/5.0 (Windows NT 10.0; Win64; x64) AppleWebKit/537.36 (KHTML, like Gecko) Chrome/75.0.3770.142 Safari/537.36"
71.105.119.18 - - [21/Jul/2019:15:15:04 -0400] "GET /wp-content/plugins/super-socializer/js/front/social_login/general.js?ver=7.12.21 HTTP/1.1" 200 1454 "https://cary.mommybites.com/" "Mozilla/5.0 (Windows NT 10.0; Win64; x64) AppleWebKit/537.36 (KHTML, like Gecko) Chrome/75.0.3770.142 Safari/537.36"
71.105.119.18 - - [21/Jul/2019:15:15:04 -0400] "GET /wp-content/plugins/super-socializer/js/front/facebook/sdk.js?ver=7.12.21 HTTP/1.1" 200 729 "https://cary.mommybites.com/" "Mozilla/5.0 (Windows NT 10.0; Win64; x64) AppleWebKit/537.36 (KHTML, like Gecko) Chrome/75.0.3770.142 Safari/537.36"
71.105.119.18 - - [21/Jul/2019:15:15:04 -0400] "GET /wp-content/plugins/super-socializer/js/front/facebook/commenting.js?ver=7.12.21 HTTP/1.1" 200 1613 "https://cary.mommybites.com/" "Mozilla/5.0 (Windows NT 10.0; Win64; x64) AppleWebKit/537.36 (KHTML, like Gecko) Chrome/75.0.3770.142 Safari/537.36"
71.105.119.18 - - [21/Jul/2019:15:15:04 -0400] "GET /wp-content/plugins/super-socializer/js/front/sharing/sharing.js?ver=7.12.21 HTTP/1.1" 200 11309 "https://cary.mommybites.com/" "Mozilla/5.0 (Windows NT 10.0; Win64; x64) AppleWebKit/537.36 (KHTML, like Gecko) Chrome/75.0.3770.142 Safari/537.36"
71.105.119.18 - - [21/Jul/2019:15:15:05 -0400] "GET /wp-includes/js/wp-embed.min.js?ver=4.9.6 HTTP/1.1" 200 751 "https://cary.mommybites.com/" "Mozilla/5.0 (Windows NT 10.0; Win64; x64) AppleWebKit/537.36 (KHTML, like Gecko) Chrome/75.0.3770.142 Safari/537.36"
71.105.119.18 - - [21/Jul/2019:15:15:05 -0400] "GET /wp-content/plugins/wordpress-23-related-posts-plugin/static/js/edit_related_posts.js?ver=3.6.4 HTTP/1.1" 200 5164 "https://cary.mommybites.com/" "Mozilla/5.0 (Windows NT 10.0; Win64; x64) AppleWebKit/537.36 (KHTML, like Gecko) Chrome/75.0.3770.142 Safari/537.36"
71.105.119.18 - - [21/Jul/2019:15:15:05 -0400] "GET /wp-content/themes/mb-std-17/images/logo.png HTTP/1.1" 200 2837 "https://cary.mommybites.com/" "Mozilla/5.0 (Windows NT 10.0; Win64; x64) AppleWebKit/537.36 (KHTML, like Gecko) Chrome/75.0.3770.142 Safari/537.36"
71.105.119.18 - - [21/Jul/2019:15:15:05 -0400] "GET /wp-includes/js/wp-emoji-release.min.js?ver=4.9.6 HTTP/1.1" 200 4211 "https://cary.mommybites.com/" "Mozilla/5.0 (Windows NT 10.0; Win64; x64) AppleWebKit/537.36 (KHTML, like Gecko) Chrome/75.0.3770.142 Safari/537.36"
71.105.119.18 - - [21/Jul/2019:15:15:05 -0400] "GET /wp-content/uploads/2017/03/iStock_kidstakingtest.jpg HTTP/1.1" 200 138044 "https://cary.mommybites.com/" "Mozilla/5.0 (Windows NT 10.0; Win64; x64) AppleWebKit/537.36 (KHTML, like Gecko) Chrome/75.0.3770.142 Safari/537.36"
71.105.119.18 - - [21/Jul/2019:15:15:05 -0400] "GET /wp-content/uploads/2019/06/Mommybites-newsletter-pop-up2.jpg HTTP/1.1" 200 27549 "https://cary.mommybites.com/wp-content/themes/mb-std-17/css/template.css?ver=4.9.6" "Mozilla/5.0 (Windows NT 10.0; Win64; x64) AppleWebKit/537.36 (KHTML, like Gecko) Chrome/75.0.3770.142 Safari/537.36"
71.105.119.18 - - [21/Jul/2019:15:15:06 -0400] "GET /wp-content/uploads/2017/03/BabyKtanIMAGE.jpg HTTP/1.1" 200 60736 "https://cary.mommybites.com/" "Mozilla/5.0 (Windows NT 10.0; Win64; x64) AppleWebKit/537.36 (KHTML, like Gecko) Chrome/75.0.3770.142 Safari/537.36"
71.105.119.18 - - [21/Jul/2019:15:15:06 -0400] "GET /wp-content/uploads/2013/11/Ask_toddler-thumbnail.jpg HTTP/1.1" 200 61233 "https://cary.mommybites.com/" "Mozilla/5.0 (Windows NT 10.0; Win64; x64) AppleWebKit/537.36 (KHTML, like Gecko) Chrome/75.0.3770.142 Safari/537.36"
71.105.119.18 - - [21/Jul/2019:15:15:06 -0400] "GET /wp-content/uploads/2016/10/iStock_breastfeeding.jpg HTTP/1.1" 200 431106 "https://cary.mommybites.com/" "Mozilla/5.0 (Windows NT 10.0; Win64; x64) AppleWebKit/537.36 (KHTML, like Gecko) Chrome/75.0.3770.142 Safari/537.36"
71.105.119.18 - - [21/Jul/2019:15:15:06 -0400] "GET /wp-content/uploads/2017/03/toddlerxylophone.jpg HTTP/1.1" 200 56397 "https://cary.mommybites.com/" "Mozilla/5.0 (Windows NT 10.0; Win64; x64) AppleWebKit/537.36 (KHTML, like Gecko) Chrome/75.0.3770.142 Safari/537.36"
71.105.119.18 - - [21/Jul/2019:15:15:06 -0400] "GET /wp-content/uploads/2012/10/nurserycolors2.jpg HTTP/1.1" 200 112693 "https://cary.mommybites.com/" "Mozilla/5.0 (Windows NT 10.0; Win64; x64) AppleWebKit/537.36 (KHTML, like Gecko) Chrome/75.0.3770.142 Safari/537.36"
71.105.119.18 - - [21/Jul/2019:15:15:06 -0400] "GET /wp-content/uploads/2013/11/Ask_toddler-thumbnail-50x50.jpg HTTP/1.1" 200 2407 "https://cary.mommybites.com/" "Mozilla/5.0 (Windows NT 10.0; Win64; x64) AppleWebKit/537.36 (KHTML, like Gecko) Chrome/75.0.3770.142 Safari/537.36"
71.105.119.18 - - [21/Jul/2019:15:15:07 -0400] "GET /wp-content/uploads/2017/03/toddlerxylophone-50x50.jpg HTTP/1.1" 200 1774 "https://cary.mommybites.com/" "Mozilla/5.0 (Windows NT 10.0; Win64; x64) AppleWebKit/537.36 (KHTML, like Gecko) Chrome/75.0.3770.142 Safari/537.36"
71.105.119.18 - - [21/Jul/2019:15:15:07 -0400] "GET /wp-content/uploads/2017/03/MommyConOC2016-291-50x50.jpg HTTP/1.1" 200 1981 "https://cary.mommybites.com/" "Mozilla/5.0 (Windows NT 10.0; Win64; x64) AppleWebKit/537.36 (KHTML, like Gecko) Chrome/75.0.3770.142 Safari/537.36"
71.105.119.18 - - [21/Jul/2019:15:15:07 -0400] "GET /wp-content/uploads/2016/09/MB-Chit-Chat_150x150-50x50.jpg HTTP/1.1" 200 2437 "https://cary.mommybites.com/" "Mozilla/5.0 (Windows NT 10.0; Win64; x64) AppleWebKit/537.36 (KHTML, like Gecko) Chrome/75.0.3770.142 Safari/537.36"
71.105.119.18 - - [21/Jul/2019:15:15:07 -0400] "GET /wp-content/uploads/2017/03/playground1-50x50.jpg HTTP/1.1" 200 2168 "https://cary.mommybites.com/" "Mozilla/5.0 (Windows NT 10.0; Win64; x64) AppleWebKit/537.36 (KHTML, like Gecko) Chrome/75.0.3770.142 Safari/537.36"
71.105.119.18 - - [21/Jul/2019:15:15:07 -0400] "GET /wp-content/uploads/2015/10/Screen-time-50x50.jpg HTTP/1.1" 200 2066 "https://cary.mommybites.com/" "Mozilla/5.0 (Windows NT 10.0; Win64; x64) AppleWebKit/537.36 (KHTML, like Gecko) Chrome/75.0.3770.142 Safari/537.36"
71.105.119.18 - - [21/Jul/2019:15:15:07 -0400] "GET /wp-content/uploads/2017/03/iStock_kidstakingtest-50x50.jpg HTTP/1.1" 200 1589 "https://cary.mommybites.com/" "Mozilla/5.0 (Windows NT 10.0; Win64; x64) AppleWebKit/537.36 (KHTML, like Gecko) Chrome/75.0.3770.142 Safari/537.36"
71.105.119.18 - - [21/Jul/2019:15:15:07 -0400] "GET /wp-content/uploads/2019/06/Newsletter-sticky-footer-320x50.jpg HTTP/1.1" 200 4940 "https://cary.mommybites.com/" "Mozilla/5.0 (Windows NT 10.0; Win64; x64) AppleWebKit/537.36 (KHTML, like Gecko) Chrome/75.0.3770.142 Safari/537.36"
71.105.119.18 - - [21/Jul/2019:15:15:41 -0400] "GET / HTTP/1.1" 200 21784 "-" "Mozilla/5.0 (Windows NT 10.0; Win64; x64) AppleWebKit/537.36 (KHTML, like Gecko) Chrome/75.0.3770.142 Safari/537.36"
71.105.119.18 - - [21/Jul/2019:15:15:43 -0400] "GET /wp-content/themes/mb-std-17/images/favicon-32x32.png HTTP/1.1" 200 1367 "https://cary.mommybites.com/" "Mozilla/5.0 (Windows NT 10.0; Win64; x64) AppleWebKit/537.36 (KHTML, like Gecko) Chrome/75.0.3770.142 Safari/537.36"
71.105.119.18 - - [21/Jul/2019:15:16:24 -0400] "GET / HTTP/1.1" 200 21784 "-" "Mozilla/5.0 (Windows NT 10.0; Win64; x64) AppleWebKit/537.36 (KHTML, like Gecko) Chrome/75.0.3770.142 Safari/537.36"
172.68.133.206 - - [21/Jul/2019:15:17:20 -0400] "POST /wp-cron.php?doing_wp_cron=1563736640.7993888854980468750000 HTTP/1.1" 200 20 "https://cary.mommybites.com/wp-cron.php?doing_wp_cron=1563736640.7993888854980468750000" "WordPress/4.9.6; https://cary.mommybites.com"
71.105.119.18 - - [21/Jul/2019:15:17:20 -0400] "GET / HTTP/1.1" 200 21784 "-" "Mozilla/5.0 (Windows NT 10.0; Win64; x64) AppleWebKit/537.36 (KHTML, like Gecko) Chrome/75.0.3770.142 Safari/537.36"
71.105.119.18 - - [21/Jul/2019:15:17:21 -0400] "GET /wp-content/plugins/contact-form-7/includes/css/styles.css?ver=4.7 HTTP/1.1" 200 634 "https://cary.mommybites.com/" "Mozilla/5.0 (Windows NT 10.0; Win64; x64) AppleWebKit/537.36 (KHTML, like Gecko) Chrome/75.0.3770.142 Safari/537.36"
71.105.119.18 - - [21/Jul/2019:15:17:21 -0400] "GET /wp-includes/css/admin-bar.min.css?ver=4.9.6 HTTP/1.1" 200 3910 "https://cary.mommybites.com/" "Mozilla/5.0 (Windows NT 10.0; Win64; x64) AppleWebKit/537.36 (KHTML, like Gecko) Chrome/75.0.3770.142 Safari/537.36"
71.105.119.18 - - [21/Jul/2019:15:17:21 -0400] "GET /wp-content/plugins/mb-boards/css/board.css?ver=0.1.6 HTTP/1.1" 200 1445 "https://cary.mommybites.com/" "Mozilla/5.0 (Windows NT 10.0; Win64; x64) AppleWebKit/537.36 (KHTML, like Gecko) Chrome/75.0.3770.142 Safari/537.36"
71.105.119.18 - - [21/Jul/2019:15:17:21 -0400] "GET /wp-content/themes/mb-std-17/genericons/genericons.css?ver=3.4.1 HTTP/1.1" 200 16441 "https://cary.mommybites.com/" "Mozilla/5.0 (Windows NT 10.0; Win64; x64) AppleWebKit/537.36 (KHTML, like Gecko) Chrome/75.0.3770.142 Safari/537.36"
71.105.119.18 - - [21/Jul/2019:15:17:21 -0400] "GET /wp-content/themes/mb-std-17/style.css?ver=4.9.6 HTTP/1.1" 200 13593 "https://cary.mommybites.com/" "Mozilla/5.0 (Windows NT 10.0; Win64; x64) AppleWebKit/537.36 (KHTML, like Gecko) Chrome/75.0.3770.142 Safari/537.36"
71.105.119.18 - - [21/Jul/2019:15:17:21 -0400] "GET /wp-content/themes/mb-std-17/css/ie10-viewport-bug-workaround.css?ver=4.9.6 HTTP/1.1" 200 292 "https://cary.mommybites.com/" "Mozilla/5.0 (Windows NT 10.0; Win64; x64) AppleWebKit/537.36 (KHTML, like Gecko) Chrome/75.0.3770.142 Safari/537.36"
71.105.119.18 - - [21/Jul/2019:15:17:21 -0400] "GET /wp-includes/css/dashicons.min.css?ver=4.9.6 HTTP/1.1" 200 28645 "https://cary.mommybites.com/" "Mozilla/5.0 (Windows NT 10.0; Win64; x64) AppleWebKit/537.36 (KHTML, like Gecko) Chrome/75.0.3770.142 Safari/537.36"
71.105.119.18 - - [21/Jul/2019:15:17:22 -0400] "GET /wp-content/plugins/wordpress-23-related-posts-plugin/static/themes/vertical-m.css?version=3.6.4 HTTP/1.1" 200 592 "https://cary.mommybites.com/" "Mozilla/5.0 (Windows NT 10.0; Win64; x64) AppleWebKit/537.36 (KHTML, like Gecko) Chrome/75.0.3770.142 Safari/537.36"
71.105.119.18 - - [21/Jul/2019:15:17:22 -0400] "GET /wp-content/themes/mb-std-17/css/template.css?ver=4.9.6 HTTP/1.1" 200 12791 "https://cary.mommybites.com/" "Mozilla/5.0 (Windows NT 10.0; Win64; x64) AppleWebKit/537.36 (KHTML, like Gecko) Chrome/75.0.3770.142 Safari/537.36"
71.105.119.18 - - [21/Jul/2019:15:17:22 -0400] "GET /wp-content/plugins/show-current-template/css/style.css?ver=4.9.6 HTTP/1.1" 200 440 "https://cary.mommybites.com/" "Mozilla/5.0 (Windows NT 10.0; Win64; x64) AppleWebKit/537.36 (KHTML, like Gecko) Chrome/75.0.3770.142 Safari/537.36"
71.105.119.18 - - [21/Jul/2019:15:17:22 -0400] "GET /wp-includes/js/jquery/jquery-migrate.min.js?ver=1.4.1 HTTP/1.1" 200 4014 "https://cary.mommybites.com/" "Mozilla/5.0 (Windows NT 10.0; Win64; x64) AppleWebKit/537.36 (KHTML, like Gecko) Chrome/75.0.3770.142 Safari/537.36"
71.105.119.18 - - [21/Jul/2019:15:17:22 -0400] "GET /wp-content/plugins/super-socializer/css/front.css?ver=7.12.21 HTTP/1.1" 200 14322 "https://cary.mommybites.com/" "Mozilla/5.0 (Windows NT 10.0; Win64; x64) AppleWebKit/537.36 (KHTML, like Gecko) Chrome/75.0.3770.142 Safari/537.36"
71.105.119.18 - - [21/Jul/2019:15:17:22 -0400] "GET /wp-content/plugins/super-socializer/css/share-svg.css?ver=7.12.21 HTTP/1.1" 200 31598 "https://cary.mommybites.com/" "Mozilla/5.0 (Windows NT 10.0; Win64; x64) AppleWebKit/537.36 (KHTML, like Gecko) Chrome/75.0.3770.142 Safari/537.36"
71.105.119.18 - - [21/Jul/2019:15:17:22 -0400] "GET /wp-content/plugins/wordpress-23-related-posts-plugin/static/themes/edit_related_posts.css?ver=3.6.4 HTTP/1.1" 200 3171 "https://cary.mommybites.com/" "Mozilla/5.0 (Windows NT 10.0; Win64; x64) AppleWebKit/537.36 (KHTML, like Gecko) Chrome/75.0.3770.142 Safari/537.36"
71.105.119.18 - - [21/Jul/2019:15:17:22 -0400] "GET /wp-includes/js/jquery/jquery.js?ver=1.12.4 HTTP/1.1" 200 33766 "https://cary.mommybites.com/" "Mozilla/5.0 (Windows NT 10.0; Win64; x64) AppleWebKit/537.36 (KHTML, like Gecko) Chrome/75.0.3770.142 Safari/537.36"
71.105.119.18 - - [21/Jul/2019:15:17:22 -0400] "GET /wp-includes/js/admin-bar.min.js?ver=4.9.6 HTTP/1.1" 200 2470 "https://cary.mommybites.com/" "Mozilla/5.0 (Windows NT 10.0; Win64; x64) AppleWebKit/537.36 (KHTML, like Gecko) Chrome/75.0.3770.142 Safari/537.36"
71.105.119.18 - - [21/Jul/2019:15:17:22 -0400] "GET /wp-content/plugins/contact-form-7/includes/js/jquery.form.min.js?ver=3.51.0-2014.06.20 HTTP/1.1" 200 5860 "https://cary.mommybites.com/" "Mozilla/5.0 (Windows NT 10.0; Win64; x64) AppleWebKit/537.36 (KHTML, like Gecko) Chrome/75.0.3770.142 Safari/537.36"
71.105.119.18 - - [21/Jul/2019:15:17:22 -0400] "GET /wp-content/plugins/contact-form-7/includes/js/scripts.js?ver=4.7 HTTP/1.1" 200 3667 "https://cary.mommybites.com/" "Mozilla/5.0 (Windows NT 10.0; Win64; x64) AppleWebKit/537.36 (KHTML, like Gecko) Chrome/75.0.3770.142 Safari/537.36"
71.105.119.18 - - [21/Jul/2019:15:17:22 -0400] "GET /wp-content/plugins/mb-boards/js/board.js?ver=0.1.6 HTTP/1.1" 200 1452 "https://cary.mommybites.com/" "Mozilla/5.0 (Windows NT 10.0; Win64; x64) AppleWebKit/537.36 (KHTML, like Gecko) Chrome/75.0.3770.142 Safari/537.36"
71.105.119.18 - - [21/Jul/2019:15:17:22 -0400] "GET /wp-content/plugins/mystickymenu/js/mystickymenu.min.js?ver=2.0.6 HTTP/1.1" 200 1228 "https://cary.mommybites.com/" "Mozilla/5.0 (Windows NT 10.0; Win64; x64) AppleWebKit/537.36 (KHTML, like Gecko) Chrome/75.0.3770.142 Safari/537.36"
71.105.119.18 - - [21/Jul/2019:15:17:22 -0400] "GET /wp-content/themes/mb-std-17/js/ie-emulation-modes-warning.js?ver=20151215 HTTP/1.1" 200 1039 "https://cary.mommybites.com/" "Mozilla/5.0 (Windows NT 10.0; Win64; x64) AppleWebKit/537.36 (KHTML, like Gecko) Chrome/75.0.3770.142 Safari/537.36"
71.105.119.18 - - [21/Jul/2019:15:17:22 -0400] "GET /wp-content/themes/mb-std-17/images/icon-nannies-img4.png HTTP/1.1" 200 32293 "https://cary.mommybites.com/wp-content/themes/mb-std-17/css/template.css?ver=4.9.6" "Mozilla/5.0 (Windows NT 10.0; Win64; x64) AppleWebKit/537.36 (KHTML, like Gecko) Chrome/75.0.3770.142 Safari/537.36"
71.105.119.18 - - [21/Jul/2019:15:17:22 -0400] "GET /wp-content/themes/mb-std-17/images/icon-classes-img4.png HTTP/1.1" 200 36239 "https://cary.mommybites.com/wp-content/themes/mb-std-17/css/template.css?ver=4.9.6" "Mozilla/5.0 (Windows NT 10.0; Win64; x64) AppleWebKit/537.36 (KHTML, like Gecko) Chrome/75.0.3770.142 Safari/537.36"
71.105.119.18 - - [21/Jul/2019:15:17:22 -0400] "GET /wp-content/uploads/2018/12/scoop1.jpg HTTP/1.1" 200 35765 "https://cary.mommybites.com/wp-content/themes/mb-std-17/css/template.css?ver=4.9.6" "Mozilla/5.0 (Windows NT 10.0; Win64; x64) AppleWebKit/537.36 (KHTML, like Gecko) Chrome/75.0.3770.142 Safari/537.36"
71.105.119.18 - - [21/Jul/2019:15:17:22 -0400] "GET /wp-content/themes/mb-std-17/images/icon-casting2-img.png HTTP/1.1" 200 40619 "https://cary.mommybites.com/wp-content/themes/mb-std-17/css/template.css?ver=4.9.6" "Mozilla/5.0 (Windows NT 10.0; Win64; x64) AppleWebKit/537.36 (KHTML, like Gecko) Chrome/75.0.3770.142 Safari/537.36"
71.105.119.18 - - [21/Jul/2019:15:17:22 -0400] "GET /wp-content/themes/mb-std-17/images/icon-jobs-img5.png HTTP/1.1" 200 31598 "https://cary.mommybites.com/wp-content/themes/mb-std-17/css/template.css?ver=4.9.6" "Mozilla/5.0 (Windows NT 10.0; Win64; x64) AppleWebKit/537.36 (KHTML, like Gecko) Chrome/75.0.3770.142 Safari/537.36"
71.105.119.18 - - [21/Jul/2019:15:17:22 -0400] "GET /wp-content/themes/mb-std-17/js/html5shiv/html5shiv.min.js?ver=20151215 HTTP/1.1" 200 1309 "https://cary.mommybites.com/" "Mozilla/5.0 (Windows NT 10.0; Win64; x64) AppleWebKit/537.36 (KHTML, like Gecko) Chrome/75.0.3770.142 Safari/537.36"
71.105.119.18 - - [21/Jul/2019:15:17:23 -0400] "GET /wp-content/themes/mb-std-17/js/html5shiv/respond.min.js?ver=20151215 HTTP/1.1" 200 2151 "https://cary.mommybites.com/" "Mozilla/5.0 (Windows NT 10.0; Win64; x64) AppleWebKit/537.36 (KHTML, like Gecko) Chrome/75.0.3770.142 Safari/537.36"
71.105.119.18 - - [21/Jul/2019:15:17:23 -0400] "GET /wp-content/themes/mb-std-17/js/functions.js?ver=1533317725 HTTP/1.1" 200 2995 "https://cary.mommybites.com/" "Mozilla/5.0 (Windows NT 10.0; Win64; x64) AppleWebKit/537.36 (KHTML, like Gecko) Chrome/75.0.3770.142 Safari/537.36"
71.105.119.18 - - [21/Jul/2019:15:17:23 -0400] "GET /wp-content/themes/mb-std-17/js/skip-link-focus-fix.js?ver=20151215 HTTP/1.1" 200 472 "https://cary.mommybites.com/" "Mozilla/5.0 (Windows NT 10.0; Win64; x64) AppleWebKit/537.36 (KHTML, like Gecko) Chrome/75.0.3770.142 Safari/537.36"
71.105.119.18 - - [21/Jul/2019:15:17:23 -0400] "GET /wp-content/plugins/super-socializer/js/front/social_login/general.js?ver=7.12.21 HTTP/1.1" 200 1454 "https://cary.mommybites.com/" "Mozilla/5.0 (Windows NT 10.0; Win64; x64) AppleWebKit/537.36 (KHTML, like Gecko) Chrome/75.0.3770.142 Safari/537.36"
71.105.119.18 - - [21/Jul/2019:15:17:23 -0400] "GET /wp-content/plugins/super-socializer/js/front/facebook/sdk.js?ver=7.12.21 HTTP/1.1" 200 729 "https://cary.mommybites.com/" "Mozilla/5.0 (Windows NT 10.0; Win64; x64) AppleWebKit/537.36 (KHTML, like Gecko) Chrome/75.0.3770.142 Safari/537.36"
71.105.119.18 - - [21/Jul/2019:15:17:23 -0400] "GET /wp-content/plugins/super-socializer/js/front/facebook/commenting.js?ver=7.12.21 HTTP/1.1" 200 1613 "https://cary.mommybites.com/" "Mozilla/5.0 (Windows NT 10.0; Win64; x64) AppleWebKit/537.36 (KHTML, like Gecko) Chrome/75.0.3770.142 Safari/537.36"
71.105.119.18 - - [21/Jul/2019:15:17:23 -0400] "GET /wp-content/plugins/super-socializer/js/front/sharing/sharing.js?ver=7.12.21 HTTP/1.1" 200 11309 "https://cary.mommybites.com/" "Mozilla/5.0 (Windows NT 10.0; Win64; x64) AppleWebKit/537.36 (KHTML, like Gecko) Chrome/75.0.3770.142 Safari/537.36"
71.105.119.18 - - [21/Jul/2019:15:17:23 -0400] "GET /wp-includes/js/wp-embed.min.js?ver=4.9.6 HTTP/1.1" 200 751 "https://cary.mommybites.com/" "Mozilla/5.0 (Windows NT 10.0; Win64; x64) AppleWebKit/537.36 (KHTML, like Gecko) Chrome/75.0.3770.142 Safari/537.36"
71.105.119.18 - - [21/Jul/2019:15:17:23 -0400] "GET /wp-content/plugins/wordpress-23-related-posts-plugin/static/js/edit_related_posts.js?ver=3.6.4 HTTP/1.1" 200 5164 "https://cary.mommybites.com/" "Mozilla/5.0 (Windows NT 10.0; Win64; x64) AppleWebKit/537.36 (KHTML, like Gecko) Chrome/75.0.3770.142 Safari/537.36"
71.105.119.18 - - [21/Jul/2019:15:17:23 -0400] "GET /wp-includes/js/wp-emoji-release.min.js?ver=4.9.6 HTTP/1.1" 200 4211 "https://cary.mommybites.com/" "Mozilla/5.0 (Windows NT 10.0; Win64; x64) AppleWebKit/537.36 (KHTML, like Gecko) Chrome/75.0.3770.142 Safari/537.36"
66.249.79.131 - - [21/Jul/2019:15:51:08 -0400] "GET /robots.txt HTTP/1.1" 200 486 "-" "Mozilla/5.0 (compatible; Googlebot/2.1; +http://www.google.com/bot.html)"
172.68.65.182 - - [21/Jul/2019:16:49:24 -0400] "GET /newyork/files/2018/11/Flexible-jobs-for-parents-in-NYC-1-1024x683.jpg HTTP/1.1" 200 88290 "-" "Mozilla/5.0 (Linux; Android 7.0; LGMP450) AppleWebKit/537.36 (KHTML, like Gecko) Chrome/75.0.3770.143 Mobile Safari/537.36"
159.69.242.206 - - [21/Jul/2019:16:57:24 -0400] "GET /feed HTTP/1.1" 301 20 "-" "FeedBurner/1.0 (http://www.FeedBurner.com) Mozilla/5.0 (Macintosh; Intel Mac OS X 10_11_6) AppleWebKit/537.36 (KHTML, like Gecko) Chrome/63.0.3239.132 Safari/537.36 Specificfeeds- http://www.specificfeeds.com"
172.68.142.37 - - [21/Jul/2019:16:57:24 -0400] "POST /wp-cron.php?doing_wp_cron=1563742644.8556931018829345703125 HTTP/1.1" 200 20 "https://cary.mommybites.com/wp-cron.php?doing_wp_cron=1563742644.8556931018829345703125" "WordPress/4.9.6; https://cary.mommybites.com"
159.69.242.206 - - [21/Jul/2019:16:57:26 -0400] "GET /feed/ HTTP/1.1" 200 23048 "-" "FeedBurner/1.0 (http://www.FeedBurner.com) Mozilla/5.0 (Macintosh; Intel Mac OS X 10_11_6) AppleWebKit/537.36 (KHTML, like Gecko) Chrome/63.0.3239.132 Safari/537.36 Specificfeeds- http://www.specificfeeds.com"
216.244.66.227 - - [21/Jul/2019:18:30:16 -0400] "GET /robots.txt HTTP/1.1" 304 - "-" "Mozilla/5.0 (compatible; DotBot/1.1; http://www.opensiteexplorer.org/dotbot, [email protected])"
172.68.143.50 - - [21/Jul/2019:18:31:25 -0400] "POST /wp-cron.php?doing_wp_cron=1563748285.5554039478302001953125 HTTP/1.1" 200 20 "https://cary.mommybites.com/wp-cron.php?doing_wp_cron=1563748285.5554039478302001953125" "WordPress/4.9.6; https://cary.mommybites.com"
180.76.15.10 - - [21/Jul/2019:18:31:25 -0400] "GET /wp-json/oembed/1.0/embed?url=https%3A%2F%2Fcary.mommybites.com%2F&format=xml HTTP/1.1" 200 1143 "-" "Mozilla/5.0 (compatible; Baiduspider/2.0; +http://www.baidu.com/search/spider.html)"
172.68.142.37 - - [21/Jul/2019:18:48:19 -0400] "POST /boston/wp-cron.php?doing_wp_cron=1563749299.3010680675506591796875 HTTP/1.1" 200 20 "https://cary.mommybites.com/boston/wp-cron.php?doing_wp_cron=1563749299.3010680675506591796875" "WordPress/4.9.6; https://cary.mommybites.com/boston"
37.187.162.191 - - [21/Jul/2019:18:48:19 -0400] "GET /boston/feed/ HTTP/1.1" 304 - "-" "Mozilla/5.0 (compatible; PaperLiBot/2.1; https://support.paper.li/entries/20023257-what-is-paper-li)"
180.76.15.16 - - [21/Jul/2019:19:38:05 -0400] "GET /wp-json/tribe/events/v1/ HTTP/1.1" 404 116 "-" "Mozilla/5.0 (compatible; Baiduspider/2.0; +http://www.baidu.com/search/spider.html)"
172.68.142.37 - - [21/Jul/2019:19:38:05 -0400] "POST /wp-cron.php?doing_wp_cron=1563752285.4914460182189941406250 HTTP/1.1" 200 20 "https://cary.mommybites.com/wp-cron.php?doing_wp_cron=1563752285.4914460182189941406250" "WordPress/4.9.6; https://cary.mommybites.com"
172.68.141.168 - - [21/Jul/2019:19:51:12 -0400] "POST /wp-cron.php?doing_wp_cron=1563753072.6629540920257568359375 HTTP/1.1" 200 20 "https://cary.mommybites.com/wp-cron.php?doing_wp_cron=1563753072.6629540920257568359375" "WordPress/4.9.6; https://cary.mommybites.com"
159.69.189.72 - - [21/Jul/2019:19:51:12 -0400] "GET /feed HTTP/1.1" 301 20 "-" "FeedBurner/1.0 (http://www.FeedBurner.com) Mozilla/5.0 (Macintosh; Intel Mac OS X 10_11_6) AppleWebKit/537.36 (KHTML, like Gecko) Chrome/63.0.3239.132 Safari/537.36 Specificfeeds- http://www.specificfeeds.com"
159.69.189.72 - - [21/Jul/2019:19:51:13 -0400] "GET /feed/ HTTP/1.1" 200 23048 "-" "FeedBurner/1.0 (http://www.FeedBurner.com) Mozilla/5.0 (Macintosh; Intel Mac OS X 10_11_6) AppleWebKit/537.36 (KHTML, like Gecko) Chrome/63.0.3239.132 Safari/537.36 Specificfeeds- http://www.specificfeeds.com"
172.69.23.5 - - [21/Jul/2019:21:23:12 -0400] "POST /wp-cron.php?doing_wp_cron=1563758592.6190340518951416015625 HTTP/1.1" 200 20 "https://cary.mommybites.com/wp-cron.php?doing_wp_cron=1563758592.6190340518951416015625" "WordPress/4.9.6; https://cary.mommybites.com"
159.69.189.72 - - [21/Jul/2019:21:23:12 -0400] "GET /feed HTTP/1.1" 301 20 "-" "FeedBurner/1.0 (http://www.FeedBurner.com) Mozilla/5.0 (Macintosh; Intel Mac OS X 10_11_6) AppleWebKit/537.36 (KHTML, like Gecko) Chrome/63.0.3239.132 Safari/537.36 Specificfeeds- http://www.specificfeeds.com"
159.69.189.72 - - [21/Jul/2019:21:23:13 -0400] "GET /feed/ HTTP/1.1" 200 23048 "-" "FeedBurner/1.0 (http://www.FeedBurner.com) Mozilla/5.0 (Macintosh; Intel Mac OS X 10_11_6) AppleWebKit/537.36 (KHTML, like Gecko) Chrome/63.0.3239.132 Safari/537.36 Specificfeeds- http://www.specificfeeds.com"
8.46.72.21 - - [21/Jul/2019:23:15:04 -0400] "GET /newyork/files/2018/11/Flexible-jobs-for-parents-in-NYC-1-1024x683.jpg HTTP/1.1" 200 88290 "-" "Mozilla/5.0 (iPhone; CPU iPhone OS 12_3_1 like Mac OS X) AppleWebKit/605.1.15 (KHTML, like Gecko) Version/12.1.1 Mobile/15E148 Safari/604.1"
172.69.22.82 - - [21/Jul/2019:23:49:17 -0400] "POST /wp-cron.php?doing_wp_cron=1563767356.8671960830688476562500 HTTP/1.1" 200 20 "https://cary.mommybites.com/wp-cron.php?doing_wp_cron=1563767356.8671960830688476562500" "WordPress/4.9.6; https://cary.mommybites.com"
159.69.189.72 - - [21/Jul/2019:23:49:16 -0400] "GET /feed HTTP/1.1" 301 20 "-" "FeedBurner/1.0 (http://www.FeedBurner.com) Mozilla/5.0 (Macintosh; Intel Mac OS X 10_11_6) AppleWebKit/537.36 (KHTML, like Gecko) Chrome/63.0.3239.132 Safari/537.36 Specificfeeds- http://www.specificfeeds.com"
159.69.189.72 - - [21/Jul/2019:23:49:19 -0400] "GET /feed/ HTTP/1.1" 200 23048 "-" "FeedBurner/1.0 (http://www.FeedBurner.com) Mozilla/5.0 (Macintosh; Intel Mac OS X 10_11_6) AppleWebKit/537.36 (KHTML, like Gecko) Chrome/63.0.3239.132 Safari/537.36 Specificfeeds- http://www.specificfeeds.com"
180.76.15.32 - - [21/Jul/2019:23:56:46 -0400] "GET /?p=12469 HTTP/1.1" 301 20 "-" "Mozilla/5.0 (compatible; Baiduspider/2.0; +http://www.baidu.com/search/spider.html)"
180.76.15.9 - - [21/Jul/2019:23:56:47 -0400] "GET /about-2/ HTTP/1.1" 200 11843 "-" "Mozilla/5.0 (compatible; Baiduspider/2.0; +http://www.baidu.com/search/spider.html)"
172.68.141.102 - - [22/Jul/2019:00:30:06 -0400] "POST /wp-cron.php?doing_wp_cron=1563769806.4510829448699951171875 HTTP/1.1" 200 20 "https://cary.mommybites.com/wp-cron.php?doing_wp_cron=1563769806.4510829448699951171875" "WordPress/4.9.6; https://cary.mommybites.com"
180.76.15.17 - - [22/Jul/2019:00:30:06 -0400] "GET / HTTP/1.1" 200 19157 "-" "Mozilla/5.0 (compatible; Baiduspider/2.0; +http://www.baidu.com/search/spider.html)"
172.68.189.75 - - [22/Jul/2019:00:48:18 -0400] "POST /boston/wp-cron.php?doing_wp_cron=1563770898.3179919719696044921875 HTTP/1.1" 200 20 "https://cary.mommybites.com/boston/wp-cron.php?doing_wp_cron=1563770898.3179919719696044921875" "WordPress/4.9.6; https://cary.mommybites.com/boston"
37.187.162.191 - - [22/Jul/2019:00:48:18 -0400] "GET /boston/feed/ HTTP/1.1" 304 - "-" "Mozilla/5.0 (compatible; PaperLiBot/2.1; https://support.paper.li/entries/20023257-what-is-paper-li)"
172.68.142.37 - - [22/Jul/2019:03:09:34 -0400] "POST /wp-cron.php?doing_wp_cron=1563779374.1094539165496826171875 HTTP/1.1" 200 20 "https://cary.mommybites.com/wp-cron.php?doing_wp_cron=1563779374.1094539165496826171875" "WordPress/4.9.6; https://cary.mommybites.com"
159.69.242.206 - - [22/Jul/2019:03:09:33 -0400] "GET /feed HTTP/1.1" 301 20 "-" "FeedBurner/1.0 (http://www.FeedBurner.com) Mozilla/5.0 (Macintosh; Intel Mac OS X 10_11_6) AppleWebKit/537.36 (KHTML, like Gecko) Chrome/63.0.3239.132 Safari/537.36 Specificfeeds- http://www.specificfeeds.com"
159.69.242.206 - - [22/Jul/2019:03:09:35 -0400] "GET /feed/ HTTP/1.1" 200 23048 "-" "FeedBurner/1.0 (http://www.FeedBurner.com) Mozilla/5.0 (Macintosh; Intel Mac OS X 10_11_6) AppleWebKit/537.36 (KHTML, like Gecko) Chrome/63.0.3239.132 Safari/537.36 Specificfeeds- http://www.specificfeeds.com"
159.69.189.72 - - [22/Jul/2019:06:44:46 -0400] "GET /feed HTTP/1.1" 301 20 "-" "FeedBurner/1.0 (http://www.FeedBurner.com) Mozilla/5.0 (Macintosh; Intel Mac OS X 10_11_6) AppleWebKit/537.36 (KHTML, like Gecko) Chrome/63.0.3239.132 Safari/537.36 Specificfeeds- http://www.specificfeeds.com"
172.68.143.50 - - [22/Jul/2019:06:44:46 -0400] "POST /wp-cron.php?doing_wp_cron=1563792286.7091739177703857421875 HTTP/1.1" 200 20 "https://cary.mommybites.com/wp-cron.php?doing_wp_cron=1563792286.7091739177703857421875" "WordPress/4.9.6; https://cary.mommybites.com"
159.69.189.72 - - [22/Jul/2019:06:44:48 -0400] "GET /feed/ HTTP/1.1" 200 23048 "-" "FeedBurner/1.0 (http://www.FeedBurner.com) Mozilla/5.0 (Macintosh; Intel Mac OS X 10_11_6) AppleWebKit/537.36 (KHTML, like Gecko) Chrome/63.0.3239.132 Safari/537.36 Specificfeeds- http://www.specificfeeds.com"
172.68.133.170 - - [22/Jul/2019:06:48:22 -0400] "POST /boston/wp-cron.php?doing_wp_cron=1563792502.4093530178070068359375 HTTP/1.1" 200 20 "https://cary.mommybites.com/boston/wp-cron.php?doing_wp_cron=1563792502.4093530178070068359375" "WordPress/4.9.6; https://cary.mommybites.com/boston"
37.187.162.191 - - [22/Jul/2019:06:48:22 -0400] "GET /boston/feed/ HTTP/1.1" 304 - "-" "Mozilla/5.0 (compatible; PaperLiBot/2.1; https://support.paper.li/entries/20023257-what-is-paper-li)"
72.69.191.141 - - [22/Jul/2019:08:26:18 -0400] "GET /newyork/files/2018/11/Flexible-jobs-for-parents-in-NYC-1-1024x683.jpg HTTP/1.1" 200 88290 "-" "Mozilla/5.0 (Windows NT 6.3; Win64; x64) AppleWebKit/537.36 (KHTML, like Gecko) Chrome/75.0.3770.142 Safari/537.36"
172.68.141.168 - - [22/Jul/2019:11:45:27 -0400] "POST /wp-cron.php?doing_wp_cron=1563810327.4596540927886962890625 HTTP/1.1" 200 20 "https://cary.mommybites.com/wp-cron.php?doing_wp_cron=1563810327.4596540927886962890625" "WordPress/4.9.6; https://cary.mommybites.com"
159.69.189.72 - - [22/Jul/2019:11:45:27 -0400] "GET /feed HTTP/1.1" 301 20 "-" "FeedBurner/1.0 (http://www.FeedBurner.com) Mozilla/5.0 (Macintosh; Intel Mac OS X 10_11_6) AppleWebKit/537.36 (KHTML, like Gecko) Chrome/63.0.3239.132 Safari/537.36 Specificfeeds- http://www.specificfeeds.com"
159.69.189.72 - - [22/Jul/2019:11:45:29 -0400] "GET /feed/ HTTP/1.1" 200 23048 "-" "FeedBurner/1.0 (http://www.FeedBurner.com) Mozilla/5.0 (Macintosh; Intel Mac OS X 10_11_6) AppleWebKit/537.36 (KHTML, like Gecko) Chrome/63.0.3239.132 Safari/537.36 Specificfeeds- http://www.specificfeeds.com"
24.211.202.132 - - [22/Jul/2019:12:18:40 -0400] "GET /newyork/files/2018/11/Flexible-jobs-for-parents-in-NYC-1-1024x683.jpg HTTP/1.1" 200 88290 "-" "Mozilla/5.0 (iPhone; CPU iPhone OS 12_3_1 like Mac OS X) AppleWebKit/605.1.15 (KHTML, like Gecko) Version/12.1.1 Mobile/15E148 Safari/604.1"
172.68.133.170 - - [22/Jul/2019:12:48:20 -0400] "POST /boston/wp-cron.php?doing_wp_cron=1563814100.1112859249114990234375 HTTP/1.1" 200 20 "https://cary.mommybites.com/boston/wp-cron.php?doing_wp_cron=1563814100.1112859249114990234375" "WordPress/4.9.6; https://cary.mommybites.com/boston"
37.187.162.191 - - [22/Jul/2019:12:48:19 -0400] "GET /boston/feed/ HTTP/1.1" 304 - "-" "Mozilla/5.0 (compatible; PaperLiBot/2.1; https://support.paper.li/entries/20023257-what-is-paper-li)"
159.69.189.72 - - [22/Jul/2019:15:49:53 -0400] "GET /feed HTTP/1.1" 301 20 "-" "FeedBurner/1.0 (http://www.FeedBurner.com) Mozilla/5.0 (Macintosh; Intel Mac OS X 10_11_6) AppleWebKit/537.36 (KHTML, like Gecko) Chrome/63.0.3239.132 Safari/537.36 Specificfeeds- http://www.specificfeeds.com"
172.68.133.170 - - [22/Jul/2019:15:49:54 -0400] "POST /wp-cron.php?doing_wp_cron=1563824994.1269149780273437500000 HTTP/1.1" 200 20 "https://cary.mommybites.com/wp-cron.php?doing_wp_cron=1563824994.1269149780273437500000" "WordPress/4.9.6; https://cary.mommybites.com"
159.69.189.72 - - [22/Jul/2019:15:49:55 -0400] "GET /feed/ HTTP/1.1" 200 23048 "-" "FeedBurner/1.0 (http://www.FeedBurner.com) Mozilla/5.0 (Macintosh; Intel Mac OS X 10_11_6) AppleWebKit/537.36 (KHTML, like Gecko) Chrome/63.0.3239.132 Safari/537.36 Specificfeeds- http://www.specificfeeds.com"
172.68.65.182 - - [22/Jul/2019:16:49:21 -0400] "GET /newyork/files/2018/11/Flexible-jobs-for-parents-in-NYC-1-1024x683.jpg HTTP/1.1" 200 88290 "-" "Mozilla/5.0 (Windows NT 6.1; Win64; x64) AppleWebKit/537.36 (KHTML, like Gecko) Chrome/75.0.3770.100 Safari/537.36"
172.69.23.5 - - [22/Jul/2019:18:48:19 -0400] "POST /boston/wp-cron.php?doing_wp_cron=1563835699.0728690624237060546875 HTTP/1.1" 200 20 "https://cary.mommybites.com/boston/wp-cron.php?doing_wp_cron=1563835699.0728690624237060546875" "WordPress/4.9.6; https://cary.mommybites.com/boston"
37.187.162.191 - - [22/Jul/2019:18:48:18 -0400] "GET /boston/feed/ HTTP/1.1" 304 - "-" "Mozilla/5.0 (compatible; PaperLiBot/2.1; https://support.paper.li/entries/20023257-what-is-paper-li)"
159.69.189.72 - - [22/Jul/2019:19:30:54 -0400] "GET /feed HTTP/1.1" 301 20 "-" "FeedBurner/1.0 (http://www.FeedBurner.com) Mozilla/5.0 (Macintosh; Intel Mac OS X 10_11_6) AppleWebKit/537.36 (KHTML, like Gecko) Chrome/63.0.3239.132 Safari/537.36 Specificfeeds- http://www.specificfeeds.com"
172.68.189.75 - - [22/Jul/2019:19:30:54 -0400] "POST /wp-cron.php?doing_wp_cron=1563838254.3024439811706542968750 HTTP/1.1" 200 20 "https://cary.mommybites.com/wp-cron.php?doing_wp_cron=1563838254.3024439811706542968750" "WordPress/4.9.6; https://cary.mommybites.com"
159.69.189.72 - - [22/Jul/2019:19:30:55 -0400] "GET /feed/ HTTP/1.1" 200 23048 "-" "FeedBurner/1.0 (http://www.FeedBurner.com) Mozilla/5.0 (Macintosh; Intel Mac OS X 10_11_6) AppleWebKit/537.36 (KHTML, like Gecko) Chrome/63.0.3239.132 Safari/537.36 Specificfeeds- http://www.specificfeeds.com"
