172.68.143.86 - - [30/Aug/2019:10:20:02 -0400] "POST /wp-cron.php?doing_wp_cron=1567174802.2071559429168701171875 HTTP/1.1" 200 20 "https://cary.mommybites.com/wp-cron.php?doing_wp_cron=1567174802.2071559429168701171875" "WordPress/4.9.6; https://cary.mommybites.com"
159.69.242.206 - - [30/Aug/2019:10:20:04 -0400] "GET /feed/ HTTP/1.1" 200 23048 "-" "FeedBurner/1.0 (http://www.FeedBurner.com) Mozilla/5.0 (Macintosh; Intel Mac OS X 10_11_6) AppleWebKit/537.36 (KHTML, like Gecko) Chrome/63.0.3239.132 Safari/537.36 Specificfeeds- http://www.specificfeeds.com"
172.68.132.67 - - [30/Aug/2019:12:48:20 -0400] "POST /boston/wp-cron.php?doing_wp_cron=1567183699.9476749897003173828125 HTTP/1.1" 200 20 "https://cary.mommybites.com/boston/wp-cron.php?doing_wp_cron=1567183699.9476749897003173828125" "WordPress/4.9.6; https://cary.mommybites.com/boston"
37.187.162.191 - - [30/Aug/2019:12:48:19 -0400] "GET /boston/feed/ HTTP/1.1" 304 - "-" "Mozilla/5.0 (compatible; PaperLiBot/2.1; https://support.paper.li/entries/20023257-what-is-paper-li)"
172.69.22.238 - - [30/Aug/2019:15:45:58 -0400] "POST /wp-cron.php?doing_wp_cron=1567194358.2817490100860595703125 HTTP/1.1" 200 20 "https://cary.mommybites.com/wp-cron.php?doing_wp_cron=1567194358.2817490100860595703125" "WordPress/4.9.6; https://cary.mommybites.com"
159.69.242.206 - - [30/Aug/2019:15:45:58 -0400] "GET /feed HTTP/1.1" 301 20 "-" "FeedBurner/1.0 (http://www.FeedBurner.com) Mozilla/5.0 (Macintosh; Intel Mac OS X 10_11_6) AppleWebKit/537.36 (KHTML, like Gecko) Chrome/63.0.3239.132 Safari/537.36 Specificfeeds- http://www.specificfeeds.com"
159.69.242.206 - - [30/Aug/2019:15:45:59 -0400] "GET /feed/ HTTP/1.1" 200 23048 "-" "FeedBurner/1.0 (http://www.FeedBurner.com) Mozilla/5.0 (Macintosh; Intel Mac OS X 10_11_6) AppleWebKit/537.36 (KHTML, like Gecko) Chrome/63.0.3239.132 Safari/537.36 Specificfeeds- http://www.specificfeeds.com"
172.68.189.177 - - [30/Aug/2019:18:48:19 -0400] "POST /boston/wp-cron.php?doing_wp_cron=1567205299.1857130527496337890625 HTTP/1.1" 200 20 "https://cary.mommybites.com/boston/wp-cron.php?doing_wp_cron=1567205299.1857130527496337890625" "WordPress/4.9.6; https://cary.mommybites.com/boston"
37.187.162.191 - - [30/Aug/2019:18:48:19 -0400] "GET /boston/feed/ HTTP/1.1" 304 - "-" "Mozilla/5.0 (compatible; PaperLiBot/2.1; https://support.paper.li/entries/20023257-what-is-paper-li)"
2604:2000:1540:8b9e:8da:6d17:7509:f60a - - [30/Aug/2019:20:07:06 -0400] "GET /newyork/files/2018/11/Flexible-jobs-for-parents-in-NYC-1-1024x683.jpg HTTP/1.1" 200 88290 "-" "Mozilla/5.0 (iPhone; CPU iPhone OS 12_4 like Mac OS X) AppleWebKit/605.1.15 (KHTML, like Gecko) Version/12.1.2 Mobile/15E148 Safari/604.1"
159.69.189.72 - - [30/Aug/2019:20:52:35 -0400] "GET /feed HTTP/1.1" 301 20 "-" "FeedBurner/1.0 (http://www.FeedBurner.com) Mozilla/5.0 (Macintosh; Intel Mac OS X 10_11_6) AppleWebKit/537.36 (KHTML, like Gecko) Chrome/63.0.3239.132 Safari/537.36 Specificfeeds- http://www.specificfeeds.com"
205.164.44.178 - - [30/Aug/2019:20:52:35 -0400] "POST /wp-cron.php?doing_wp_cron=1567212755.8879580497741699218750 HTTP/1.1" 200 20 "https://cary.mommybites.com/wp-cron.php?doing_wp_cron=1567212755.8879580497741699218750" "WordPress/4.9.6; https://cary.mommybites.com"
159.69.189.72 - - [30/Aug/2019:20:52:37 -0400] "GET /feed/ HTTP/1.1" 200 23048 "-" "FeedBurner/1.0 (http://www.FeedBurner.com) Mozilla/5.0 (Macintosh; Intel Mac OS X 10_11_6) AppleWebKit/537.36 (KHTML, like Gecko) Chrome/63.0.3239.132 Safari/537.36 Specificfeeds- http://www.specificfeeds.com"
66.249.79.138 - - [30/Aug/2019:21:01:20 -0400] "GET /robots.txt HTTP/1.1" 304 - "-" "Mozilla/5.0 (compatible; Googlebot/2.1; +http://www.google.com/bot.html)"
172.68.141.12 - - [31/Aug/2019:00:48:21 -0400] "POST /boston/wp-cron.php?doing_wp_cron=1567226901.1962850093841552734375 HTTP/1.1" 200 20 "https://cary.mommybites.com/boston/wp-cron.php?doing_wp_cron=1567226901.1962850093841552734375" "WordPress/4.9.6; https://cary.mommybites.com/boston"
37.187.162.191 - - [31/Aug/2019:00:48:21 -0400] "GET /boston/feed/ HTTP/1.1" 304 - "-" "Mozilla/5.0 (compatible; PaperLiBot/2.1; https://support.paper.li/entries/20023257-what-is-paper-li)"
159.69.242.206 - - [31/Aug/2019:02:45:30 -0400] "GET /feed HTTP/1.1" 301 20 "-" "FeedBurner/1.0 (http://www.FeedBurner.com) Mozilla/5.0 (Macintosh; Intel Mac OS X 10_11_6) AppleWebKit/537.36 (KHTML, like Gecko) Chrome/63.0.3239.132 Safari/537.36 Specificfeeds- http://www.specificfeeds.com"
205.164.44.178 - - [31/Aug/2019:02:45:31 -0400] "POST /wp-cron.php?doing_wp_cron=1567233930.9262099266052246093750 HTTP/1.1" 200 20 "https://cary.mommybites.com/wp-cron.php?doing_wp_cron=1567233930.9262099266052246093750" "WordPress/4.9.6; https://cary.mommybites.com"
159.69.242.206 - - [31/Aug/2019:02:45:32 -0400] "GET /feed/ HTTP/1.1" 200 23048 "-" "FeedBurner/1.0 (http://www.FeedBurner.com) Mozilla/5.0 (Macintosh; Intel Mac OS X 10_11_6) AppleWebKit/537.36 (KHTML, like Gecko) Chrome/63.0.3239.132 Safari/537.36 Specificfeeds- http://www.specificfeeds.com"
216.244.66.227 - - [31/Aug/2019:03:07:40 -0400] "GET /robots.txt HTTP/1.1" 304 - "-" "Mozilla/5.0 (compatible; DotBot/1.1; http://www.opensiteexplorer.org/dotbot, [email protected])"
66.249.79.142 - - [31/Aug/2019:05:02:56 -0400] "GET /boston/wp-content/blogs.dir/5/files/2013/08/iStock_sleepinginfant.jpg HTTP/1.1" 200 176455 "-" "Googlebot-Image/1.0"
66.249.79.135 - - [31/Aug/2019:05:49:35 -0400] "GET /boston/wp-content/blogs.dir/5/files/2013/07/iStock-mom-reading-to-two-children-200x300.jpg HTTP/1.1" 200 9451 "-" "Googlebot-Image/1.0"
66.249.79.135 - - [31/Aug/2019:06:08:41 -0400] "GET /wp-content/uploads/2012/11/iStock_sun-illustration-150x150.jpg HTTP/1.1" 200 8000 "-" "Googlebot-Image/1.0"
172.69.22.172 - - [31/Aug/2019:06:48:19 -0400] "POST /boston/wp-cron.php?doing_wp_cron=1567248499.4757220745086669921875 HTTP/1.1" 200 20 "https://cary.mommybites.com/boston/wp-cron.php?doing_wp_cron=1567248499.4757220745086669921875" "WordPress/4.9.6; https://cary.mommybites.com/boston"
37.187.162.191 - - [31/Aug/2019:06:48:19 -0400] "GET /boston/feed/ HTTP/1.1" 304 - "-" "Mozilla/5.0 (compatible; PaperLiBot/2.1; https://support.paper.li/entries/20023257-what-is-paper-li)"
159.69.242.206 - - [31/Aug/2019:07:54:55 -0400] "GET /feed HTTP/1.1" 301 20 "-" "FeedBurner/1.0 (http://www.FeedBurner.com) Mozilla/5.0 (Macintosh; Intel Mac OS X 10_11_6) AppleWebKit/537.36 (KHTML, like Gecko) Chrome/63.0.3239.132 Safari/537.36 Specificfeeds- http://www.specificfeeds.com"
159.69.242.206 - - [31/Aug/2019:07:54:57 -0400] "GET /feed/ HTTP/1.1" 200 23048 "-" "FeedBurner/1.0 (http://www.FeedBurner.com) Mozilla/5.0 (Macintosh; Intel Mac OS X 10_11_6) AppleWebKit/537.36 (KHTML, like Gecko) Chrome/63.0.3239.132 Safari/537.36 Specificfeeds- http://www.specificfeeds.com"
172.68.142.37 - - [31/Aug/2019:07:54:55 -0400] "POST /wp-cron.php?doing_wp_cron=1567252495.5909390449523925781250 HTTP/1.1" 200 20 "https://cary.mommybites.com/wp-cron.php?doing_wp_cron=1567252495.5909390449523925781250" "WordPress/4.9.6; https://cary.mommybites.com"
172.69.23.53 - - [31/Aug/2019:12:36:07 -0400] "POST /wp-cron.php?doing_wp_cron=1567269367.1537671089172363281250 HTTP/1.1" 200 20 "https://cary.mommybites.com/wp-cron.php?doing_wp_cron=1567269367.1537671089172363281250" "WordPress/4.9.6; https://cary.mommybites.com"
159.69.189.72 - - [31/Aug/2019:12:36:06 -0400] "GET /feed HTTP/1.1" 301 20 "-" "FeedBurner/1.0 (http://www.FeedBurner.com) Mozilla/5.0 (Macintosh; Intel Mac OS X 10_11_6) AppleWebKit/537.36 (KHTML, like Gecko) Chrome/63.0.3239.132 Safari/537.36 Specificfeeds- http://www.specificfeeds.com"
159.69.189.72 - - [31/Aug/2019:12:36:09 -0400] "GET /feed/ HTTP/1.1" 200 23048 "-" "FeedBurner/1.0 (http://www.FeedBurner.com) Mozilla/5.0 (Macintosh; Intel Mac OS X 10_11_6) AppleWebKit/537.36 (KHTML, like Gecko) Chrome/63.0.3239.132 Safari/537.36 Specificfeeds- http://www.specificfeeds.com"
172.69.23.53 - - [31/Aug/2019:12:48:18 -0400] "POST /boston/wp-cron.php?doing_wp_cron=1567270098.6705338954925537109375 HTTP/1.1" 200 20 "https://cary.mommybites.com/boston/wp-cron.php?doing_wp_cron=1567270098.6705338954925537109375" "WordPress/4.9.6; https://cary.mommybites.com/boston"
37.187.162.191 - - [31/Aug/2019:12:48:18 -0400] "GET /boston/feed/ HTTP/1.1" 304 - "-" "Mozilla/5.0 (compatible; PaperLiBot/2.1; https://support.paper.li/entries/20023257-what-is-paper-li)"
172.68.70.36 - - [31/Aug/2019:17:34:43 -0400] "GET /newyork/files/2018/11/Flexible-jobs-for-parents-in-NYC-1-1024x683.jpg HTTP/1.1" 200 88290 "-" "Mozilla/5.0 (iPhone; CPU iPhone OS 11_4_1 like Mac OS X) AppleWebKit/605.1.15 (KHTML, like Gecko) Version/11.0 Mobile/15E148 Safari/604.1"
159.69.189.72 - - [31/Aug/2019:17:48:41 -0400] "GET /feed HTTP/1.1" 301 20 "-" "FeedBurner/1.0 (http://www.FeedBurner.com) Mozilla/5.0 (Macintosh; Intel Mac OS X 10_11_6) AppleWebKit/537.36 (KHTML, like Gecko) Chrome/63.0.3239.132 Safari/537.36 Specificfeeds- http://www.specificfeeds.com"
172.68.189.177 - - [31/Aug/2019:17:48:41 -0400] "POST /wp-cron.php?doing_wp_cron=1567288121.5611109733581542968750 HTTP/1.1" 200 20 "https://cary.mommybites.com/wp-cron.php?doing_wp_cron=1567288121.5611109733581542968750" "WordPress/4.9.6; https://cary.mommybites.com"
159.69.189.72 - - [31/Aug/2019:17:48:43 -0400] "GET /feed/ HTTP/1.1" 200 23048 "-" "FeedBurner/1.0 (http://www.FeedBurner.com) Mozilla/5.0 (Macintosh; Intel Mac OS X 10_11_6) AppleWebKit/537.36 (KHTML, like Gecko) Chrome/63.0.3239.132 Safari/537.36 Specificfeeds- http://www.specificfeeds.com"
172.68.54.72 - - [31/Aug/2019:18:29:02 -0400] "GET /newyork/files/2018/11/Flexible-jobs-for-parents-in-NYC-1-1024x683.jpg HTTP/1.1" 200 88290 "-" "Mozilla/5.0 (iPhone; CPU iPhone OS 12_4 like Mac OS X) AppleWebKit/605.1.15 (KHTML, like Gecko) Version/12.1.2 Mobile/15E148 Safari/604.1"
205.164.44.178 - - [31/Aug/2019:18:48:17 -0400] "POST /boston/wp-cron.php?doing_wp_cron=1567291697.6927359104156494140625 HTTP/1.1" 200 20 "https://cary.mommybites.com/boston/wp-cron.php?doing_wp_cron=1567291697.6927359104156494140625" "WordPress/4.9.6; https://cary.mommybites.com/boston"
37.187.162.191 - - [31/Aug/2019:18:48:17 -0400] "GET /boston/feed/ HTTP/1.1" 304 - "-" "Mozilla/5.0 (compatible; PaperLiBot/2.1; https://support.paper.li/entries/20023257-what-is-paper-li)"
66.249.79.140 - - [31/Aug/2019:21:23:46 -0400] "GET /robots.txt HTTP/1.1" 304 - "-" "Mozilla/5.0 (compatible; Googlebot/2.1; +http://www.google.com/bot.html)"
159.69.189.72 - - [31/Aug/2019:23:12:46 -0400] "GET /feed HTTP/1.1" 301 20 "-" "FeedBurner/1.0 (http://www.FeedBurner.com) Mozilla/5.0 (Macintosh; Intel Mac OS X 10_11_6) AppleWebKit/537.36 (KHTML, like Gecko) Chrome/63.0.3239.132 Safari/537.36 Specificfeeds- http://www.specificfeeds.com"
172.68.142.205 - - [31/Aug/2019:23:12:47 -0400] "POST /wp-cron.php?doing_wp_cron=1567307566.9397919178009033203125 HTTP/1.1" 200 20 "https://cary.mommybites.com/wp-cron.php?doing_wp_cron=1567307566.9397919178009033203125" "WordPress/4.9.6; https://cary.mommybites.com"
159.69.189.72 - - [31/Aug/2019:23:12:48 -0400] "GET /feed/ HTTP/1.1" 200 23048 "-" "FeedBurner/1.0 (http://www.FeedBurner.com) Mozilla/5.0 (Macintosh; Intel Mac OS X 10_11_6) AppleWebKit/537.36 (KHTML, like Gecko) Chrome/63.0.3239.132 Safari/537.36 Specificfeeds- http://www.specificfeeds.com"
216.244.66.227 - - [31/Aug/2019:23:45:02 -0400] "GET /robots.txt HTTP/1.1" 304 - "-" "Mozilla/5.0 (compatible; DotBot/1.1; http://www.opensiteexplorer.org/dotbot, [email protected])"
172.68.142.205 - - [01/Sep/2019:00:48:18 -0400] "POST /boston/wp-cron.php?doing_wp_cron=1567313298.5978040695190429687500 HTTP/1.1" 200 20 "https://cary.mommybites.com/boston/wp-cron.php?doing_wp_cron=1567313298.5978040695190429687500" "WordPress/4.9.6; https://cary.mommybites.com/boston"
37.187.162.191 - - [01/Sep/2019:00:48:18 -0400] "GET /boston/feed/ HTTP/1.1" 304 - "-" "Mozilla/5.0 (compatible; PaperLiBot/2.1; https://support.paper.li/entries/20023257-what-is-paper-li)"
159.69.189.72 - - [01/Sep/2019:05:37:54 -0400] "GET /feed HTTP/1.1" 301 20 "-" "FeedBurner/1.0 (http://www.FeedBurner.com) Mozilla/5.0 (Macintosh; Intel Mac OS X 10_11_6) AppleWebKit/537.36 (KHTML, like Gecko) Chrome/63.0.3239.132 Safari/537.36 Specificfeeds- http://www.specificfeeds.com"
172.68.143.86 - - [01/Sep/2019:05:37:54 -0400] "POST /wp-cron.php?doing_wp_cron=1567330674.4485249519348144531250 HTTP/1.1" 200 20 "https://cary.mommybites.com/wp-cron.php?doing_wp_cron=1567330674.4485249519348144531250" "WordPress/4.9.6; https://cary.mommybites.com"
159.69.189.72 - - [01/Sep/2019:05:37:56 -0400] "GET /feed/ HTTP/1.1" 200 23048 "-" "FeedBurner/1.0 (http://www.FeedBurner.com) Mozilla/5.0 (Macintosh; Intel Mac OS X 10_11_6) AppleWebKit/537.36 (KHTML, like Gecko) Chrome/63.0.3239.132 Safari/537.36 Specificfeeds- http://www.specificfeeds.com"
216.244.66.227 - - [01/Sep/2019:06:18:14 -0400] "GET /robots.txt HTTP/1.1" 304 - "-" "Mozilla/5.0 (compatible; DotBot/1.1; http://www.opensiteexplorer.org/dotbot, [email protected])"
172.69.23.53 - - [01/Sep/2019:06:48:18 -0400] "POST /boston/wp-cron.php?doing_wp_cron=1567334898.5514330863952636718750 HTTP/1.1" 200 20 "https://cary.mommybites.com/boston/wp-cron.php?doing_wp_cron=1567334898.5514330863952636718750" "WordPress/4.9.6; https://cary.mommybites.com/boston"
37.187.162.191 - - [01/Sep/2019:06:48:18 -0400] "GET /boston/feed/ HTTP/1.1" 304 - "-" "Mozilla/5.0 (compatible; PaperLiBot/2.1; https://support.paper.li/entries/20023257-what-is-paper-li)"
216.244.66.227 - - [01/Sep/2019:07:02:46 -0400] "GET /robots.txt HTTP/1.1" 304 - "-" "Mozilla/5.0 (compatible; DotBot/1.1; http://www.opensiteexplorer.org/dotbot, [email protected])"
2600:387:2:809::69 - - [01/Sep/2019:07:47:33 -0400] "GET /newyork/files/2018/11/Flexible-jobs-for-parents-in-NYC-1-1024x683.jpg HTTP/1.1" 200 88290 "-" "Mozilla/5.0 (Linux; Android 9; SM-G955U) AppleWebKit/537.36 (KHTML, like Gecko) Chrome/76.0.3809.111 Mobile Safari/537.36"
159.69.242.206 - - [01/Sep/2019:10:36:24 -0400] "GET /feed HTTP/1.1" 301 20 "-" "FeedBurner/1.0 (http://www.FeedBurner.com) Mozilla/5.0 (Macintosh; Intel Mac OS X 10_11_6) AppleWebKit/537.36 (KHTML, like Gecko) Chrome/63.0.3239.132 Safari/537.36 Specificfeeds- http://www.specificfeeds.com"
172.69.22.238 - - [01/Sep/2019:10:36:25 -0400] "POST /wp-cron.php?doing_wp_cron=1567348585.3495240211486816406250 HTTP/1.1" 200 20 "https://cary.mommybites.com/wp-cron.php?doing_wp_cron=1567348585.3495240211486816406250" "WordPress/4.9.6; https://cary.mommybites.com"
159.69.242.206 - - [01/Sep/2019:10:36:27 -0400] "GET /feed/ HTTP/1.1" 200 23048 "-" "FeedBurner/1.0 (http://www.FeedBurner.com) Mozilla/5.0 (Macintosh; Intel Mac OS X 10_11_6) AppleWebKit/537.36 (KHTML, like Gecko) Chrome/63.0.3239.132 Safari/537.36 Specificfeeds- http://www.specificfeeds.com"
172.68.142.169 - - [01/Sep/2019:12:48:19 -0400] "POST /boston/wp-cron.php?doing_wp_cron=1567356499.6931478977203369140625 HTTP/1.1" 200 20 "https://cary.mommybites.com/boston/wp-cron.php?doing_wp_cron=1567356499.6931478977203369140625" "WordPress/4.9.6; https://cary.mommybites.com/boston"
37.187.162.191 - - [01/Sep/2019:12:48:19 -0400] "GET /boston/feed/ HTTP/1.1" 304 - "-" "Mozilla/5.0 (compatible; PaperLiBot/2.1; https://support.paper.li/entries/20023257-what-is-paper-li)"
172.68.142.37 - - [01/Sep/2019:15:36:24 -0400] "POST /wp-cron.php?doing_wp_cron=1567366584.5393090248107910156250 HTTP/1.1" 200 20 "https://cary.mommybites.com/wp-cron.php?doing_wp_cron=1567366584.5393090248107910156250" "WordPress/4.9.6; https://cary.mommybites.com"
159.69.242.206 - - [01/Sep/2019:15:36:24 -0400] "GET /feed HTTP/1.1" 301 20 "-" "FeedBurner/1.0 (http://www.FeedBurner.com) Mozilla/5.0 (Macintosh; Intel Mac OS X 10_11_6) AppleWebKit/537.36 (KHTML, like Gecko) Chrome/63.0.3239.132 Safari/537.36 Specificfeeds- http://www.specificfeeds.com"
159.69.242.206 - - [01/Sep/2019:15:36:25 -0400] "GET /feed/ HTTP/1.1" 200 23048 "-" "FeedBurner/1.0 (http://www.FeedBurner.com) Mozilla/5.0 (Macintosh; Intel Mac OS X 10_11_6) AppleWebKit/537.36 (KHTML, like Gecko) Chrome/63.0.3239.132 Safari/537.36 Specificfeeds- http://www.specificfeeds.com"
2600:1017:b822:61f0:948f:ec6f:7fe7:2f - - [01/Sep/2019:17:22:17 -0400] "GET /newyork/files/2018/11/Flexible-jobs-for-parents-in-NYC-1-1024x683.jpg HTTP/1.1" 200 88290 "-" "Mozilla/5.0 (iPhone; CPU iPhone OS 12_4 like Mac OS X) AppleWebKit/605.1.15 (KHTML, like Gecko) Version/12.1.2 Mobile/15E148 Safari/604.1"
172.68.132.67 - - [01/Sep/2019:18:48:20 -0400] "POST /boston/wp-cron.php?doing_wp_cron=1567378100.5031919479370117187500 HTTP/1.1" 200 20 "https://cary.mommybites.com/boston/wp-cron.php?doing_wp_cron=1567378100.5031919479370117187500" "WordPress/4.9.6; https://cary.mommybites.com/boston"
37.187.162.191 - - [01/Sep/2019:18:48:20 -0400] "GET /boston/feed/ HTTP/1.1" 304 - "-" "Mozilla/5.0 (compatible; PaperLiBot/2.1; https://support.paper.li/entries/20023257-what-is-paper-li)"
159.69.242.206 - - [01/Sep/2019:20:26:33 -0400] "GET /feed HTTP/1.1" 301 20 "-" "FeedBurner/1.0 (http://www.FeedBurner.com) Mozilla/5.0 (Macintosh; Intel Mac OS X 10_11_6) AppleWebKit/537.36 (KHTML, like Gecko) Chrome/63.0.3239.132 Safari/537.36 Specificfeeds- http://www.specificfeeds.com"
172.68.142.205 - - [01/Sep/2019:20:26:34 -0400] "POST /wp-cron.php?doing_wp_cron=1567383994.0303120613098144531250 HTTP/1.1" 200 20 "https://cary.mommybites.com/wp-cron.php?doing_wp_cron=1567383994.0303120613098144531250" "WordPress/4.9.6; https://cary.mommybites.com"
159.69.242.206 - - [01/Sep/2019:20:26:35 -0400] "GET /feed/ HTTP/1.1" 200 23048 "-" "FeedBurner/1.0 (http://www.FeedBurner.com) Mozilla/5.0 (Macintosh; Intel Mac OS X 10_11_6) AppleWebKit/537.36 (KHTML, like Gecko) Chrome/63.0.3239.132 Safari/537.36 Specificfeeds- http://www.specificfeeds.com"
66.249.79.133 - - [01/Sep/2019:22:25:16 -0400] "GET /robots.txt HTTP/1.1" 304 - "-" "Mozilla/5.0 (compatible; Googlebot/2.1; +http://www.google.com/bot.html)"
172.68.143.86 - - [02/Sep/2019:00:48:19 -0400] "POST /boston/wp-cron.php?doing_wp_cron=1567399699.1009829044342041015625 HTTP/1.1" 200 20 "https://cary.mommybites.com/boston/wp-cron.php?doing_wp_cron=1567399699.1009829044342041015625" "WordPress/4.9.6; https://cary.mommybites.com/boston"
37.187.162.191 - - [02/Sep/2019:00:48:18 -0400] "GET /boston/feed/ HTTP/1.1" 304 - "-" "Mozilla/5.0 (compatible; PaperLiBot/2.1; https://support.paper.li/entries/20023257-what-is-paper-li)"
205.164.44.178 - - [02/Sep/2019:02:27:09 -0400] "POST /wp-cron.php?doing_wp_cron=1567405629.1561241149902343750000 HTTP/1.1" 200 20 "https://cary.mommybites.com/wp-cron.php?doing_wp_cron=1567405629.1561241149902343750000" "WordPress/4.9.6; https://cary.mommybites.com"
159.69.189.72 - - [02/Sep/2019:02:27:08 -0400] "GET /feed HTTP/1.1" 301 20 "-" "FeedBurner/1.0 (http://www.FeedBurner.com) Mozilla/5.0 (Macintosh; Intel Mac OS X 10_11_6) AppleWebKit/537.36 (KHTML, like Gecko) Chrome/63.0.3239.132 Safari/537.36 Specificfeeds- http://www.specificfeeds.com"
159.69.189.72 - - [02/Sep/2019:02:27:11 -0400] "GET /feed/ HTTP/1.1" 200 23048 "-" "FeedBurner/1.0 (http://www.FeedBurner.com) Mozilla/5.0 (Macintosh; Intel Mac OS X 10_11_6) AppleWebKit/537.36 (KHTML, like Gecko) Chrome/63.0.3239.132 Safari/537.36 Specificfeeds- http://www.specificfeeds.com"
66.249.79.138 - - [02/Sep/2019:04:23:54 -0400] "GET /boston/wp-content/blogs.dir/5/files/2016/02/iStock_woman-thinking-200x300.jpg HTTP/1.1" 200 9423 "-" "Googlebot-Image/1.0"
172.69.22.220 - - [02/Sep/2019:06:48:20 -0400] "POST /boston/wp-cron.php?doing_wp_cron=1567421300.1857628822326660156250 HTTP/1.1" 200 20 "https://cary.mommybites.com/boston/wp-cron.php?doing_wp_cron=1567421300.1857628822326660156250" "WordPress/4.9.6; https://cary.mommybites.com/boston"
37.187.162.191 - - [02/Sep/2019:06:48:19 -0400] "GET /boston/feed/ HTTP/1.1" 304 - "-" "Mozilla/5.0 (compatible; PaperLiBot/2.1; https://support.paper.li/entries/20023257-what-is-paper-li)"
216.244.66.227 - - [02/Sep/2019:07:35:42 -0400] "GET /robots.txt HTTP/1.1" 304 - "-" "Mozilla/5.0 (compatible; DotBot/1.1; http://www.opensiteexplorer.org/dotbot, [email protected])"
172.68.65.182 - - [02/Sep/2019:09:34:45 -0400] "GET /newyork/files/2018/11/Flexible-jobs-for-parents-in-NYC-1-1024x683.jpg HTTP/1.1" 200 88290 "-" "Mozilla/5.0 (iPhone; CPU iPhone OS 12_4 like Mac OS X) AppleWebKit/605.1.15 (KHTML, like Gecko) Version/12.1.2 Mobile/15E148 Safari/604.1"
205.164.44.178 - - [02/Sep/2019:12:48:18 -0400] "POST /boston/wp-cron.php?doing_wp_cron=1567442898.0439450740814208984375 HTTP/1.1" 200 20 "https://cary.mommybites.com/boston/wp-cron.php?doing_wp_cron=1567442898.0439450740814208984375" "WordPress/4.9.6; https://cary.mommybites.com/boston"
37.187.162.191 - - [02/Sep/2019:12:48:17 -0400] "GET /boston/feed/ HTTP/1.1" 304 - "-" "Mozilla/5.0 (compatible; PaperLiBot/2.1; https://support.paper.li/entries/20023257-what-is-paper-li)"
172.68.65.8 - - [02/Sep/2019:14:30:42 -0400] "GET /robots.txt HTTP/1.1" 200 486 "-" "Mozilla/5.0 (compatible; SemrushBot/6~bl; +http://www.semrush.com/bot.html)"
159.69.242.206 - - [02/Sep/2019:17:46:03 -0400] "GET /feed HTTP/1.1" 301 20 "-" "FeedBurner/1.0 (http://www.FeedBurner.com) Mozilla/5.0 (Macintosh; Intel Mac OS X 10_11_6) AppleWebKit/537.36 (KHTML, like Gecko) Chrome/63.0.3239.132 Safari/537.36 Specificfeeds- http://www.specificfeeds.com"
172.68.141.12 - - [02/Sep/2019:17:46:03 -0400] "POST /wp-cron.php?doing_wp_cron=1567460763.5292229652404785156250 HTTP/1.1" 200 20 "https://cary.mommybites.com/wp-cron.php?doing_wp_cron=1567460763.5292229652404785156250" "WordPress/4.9.6; https://cary.mommybites.com"
159.69.242.206 - - [02/Sep/2019:17:46:06 -0400] "GET /feed/ HTTP/1.1" 200 23048 "-" "FeedBurner/1.0 (http://www.FeedBurner.com) Mozilla/5.0 (Macintosh; Intel Mac OS X 10_11_6) AppleWebKit/537.36 (KHTML, like Gecko) Chrome/63.0.3239.132 Safari/537.36 Specificfeeds- http://www.specificfeeds.com"
172.69.22.238 - - [02/Sep/2019:18:48:20 -0400] "POST /boston/wp-cron.php?doing_wp_cron=1567464500.0894498825073242187500 HTTP/1.1" 200 20 "https://cary.mommybites.com/boston/wp-cron.php?doing_wp_cron=1567464500.0894498825073242187500" "WordPress/4.9.6; https://cary.mommybites.com/boston"
37.187.162.191 - - [02/Sep/2019:18:48:19 -0400] "GET /boston/feed/ HTTP/1.1" 304 - "-" "Mozilla/5.0 (compatible; PaperLiBot/2.1; https://support.paper.li/entries/20023257-what-is-paper-li)"
2607:fb90:e78b:8737:5c09:a6f:1ceb:2d61 - - [02/Sep/2019:21:53:32 -0400] "GET /newyork/files/2018/11/Flexible-jobs-for-parents-in-NYC-1-1024x683.jpg HTTP/1.1" 200 88290 "-" "Mozilla/5.0 (Linux; Android 9; SM-G955U) AppleWebKit/537.36 (KHTML, like Gecko) Chrome/76.0.3809.111 Mobile Safari/537.36"
172.69.22.220 - - [03/Sep/2019:00:48:19 -0400] "POST /boston/wp-cron.php?doing_wp_cron=1567486099.2434160709381103515625 HTTP/1.1" 200 20 "https://cary.mommybites.com/boston/wp-cron.php?doing_wp_cron=1567486099.2434160709381103515625" "WordPress/4.9.6; https://cary.mommybites.com/boston"
37.187.162.191 - - [03/Sep/2019:00:48:19 -0400] "GET /boston/feed/ HTTP/1.1" 304 - "-" "Mozilla/5.0 (compatible; PaperLiBot/2.1; https://support.paper.li/entries/20023257-what-is-paper-li)"
159.69.189.72 - - [03/Sep/2019:01:41:51 -0400] "GET /feed HTTP/1.1" 301 20 "-" "FeedBurner/1.0 (http://www.FeedBurner.com) Mozilla/5.0 (Macintosh; Intel Mac OS X 10_11_6) AppleWebKit/537.36 (KHTML, like Gecko) Chrome/63.0.3239.132 Safari/537.36 Specificfeeds- http://www.specificfeeds.com"
172.69.22.172 - - [03/Sep/2019:01:41:51 -0400] "POST /wp-cron.php?doing_wp_cron=1567489311.6799869537353515625000 HTTP/1.1" 200 20 "https://cary.mommybites.com/wp-cron.php?doing_wp_cron=1567489311.6799869537353515625000" "WordPress/4.9.6; https://cary.mommybites.com"
159.69.189.72 - - [03/Sep/2019:01:41:53 -0400] "GET /feed/ HTTP/1.1" 200 23048 "-" "FeedBurner/1.0 (http://www.FeedBurner.com) Mozilla/5.0 (Macintosh; Intel Mac OS X 10_11_6) AppleWebKit/537.36 (KHTML, like Gecko) Chrome/63.0.3239.132 Safari/537.36 Specificfeeds- http://www.specificfeeds.com"
66.249.70.19 - - [03/Sep/2019:03:12:32 -0400] "GET /robots.txt HTTP/1.1" 200 486 "-" "Mozilla/5.0 (compatible; Googlebot/2.1; +http://www.google.com/bot.html)"
205.164.44.178 - - [03/Sep/2019:06:48:19 -0400] "POST /boston/wp-cron.php?doing_wp_cron=1567507699.3559670448303222656250 HTTP/1.1" 200 20 "https://cary.mommybites.com/boston/wp-cron.php?doing_wp_cron=1567507699.3559670448303222656250" "WordPress/4.9.6; https://cary.mommybites.com/boston"
37.187.162.191 - - [03/Sep/2019:06:48:19 -0400] "GET /boston/feed/ HTTP/1.1" 304 - "-" "Mozilla/5.0 (compatible; PaperLiBot/2.1; https://support.paper.li/entries/20023257-what-is-paper-li)"
216.244.66.227 - - [03/Sep/2019:07:56:57 -0400] "GET /robots.txt HTTP/1.1" 304 - "-" "Mozilla/5.0 (compatible; DotBot/1.1; http://www.opensiteexplorer.org/dotbot, [email protected])"
209.17.96.82 - - [03/Sep/2019:10:21:39 -0400] "GET / HTTP/1.1" 200 19157 "-" "Mozilla/5.0 (compatible; Nimbostratus-Bot/v1.3.2; http://cloudsystemnetworks.com)"
172.68.142.169 - - [03/Sep/2019:10:21:39 -0400] "POST /wp-cron.php?doing_wp_cron=1567520499.8508141040802001953125 HTTP/1.1" 200 20 "https://cary.mommybites.com/wp-cron.php?doing_wp_cron=1567520499.8508141040802001953125" "WordPress/4.9.6; https://cary.mommybites.com"
172.69.22.220 - - [03/Sep/2019:10:48:32 -0400] "POST /wp-cron.php?doing_wp_cron=1567522112.6855430603027343750000 HTTP/1.1" 200 20 "https://cary.mommybites.com/wp-cron.php?doing_wp_cron=1567522112.6855430603027343750000" "WordPress/4.9.6; https://cary.mommybites.com"
159.69.189.72 - - [03/Sep/2019:10:48:32 -0400] "GET /feed HTTP/1.1" 301 20 "-" "FeedBurner/1.0 (http://www.FeedBurner.com) Mozilla/5.0 (Macintosh; Intel Mac OS X 10_11_6) AppleWebKit/537.36 (KHTML, like Gecko) Chrome/63.0.3239.132 Safari/537.36 Specificfeeds- http://www.specificfeeds.com"
159.69.189.72 - - [03/Sep/2019:10:48:34 -0400] "GET /feed/ HTTP/1.1" 200 23048 "-" "FeedBurner/1.0 (http://www.FeedBurner.com) Mozilla/5.0 (Macintosh; Intel Mac OS X 10_11_6) AppleWebKit/537.36 (KHTML, like Gecko) Chrome/63.0.3239.132 Safari/537.36 Specificfeeds- http://www.specificfeeds.com"
172.68.10.210 - - [03/Sep/2019:10:50:34 -0400] "GET /robots.txt HTTP/1.1" 200 486 "-" "Mozilla/5.0 (compatible; YandexBot/3.0; +http://yandex.com/bots)"
172.69.69.126 - - [03/Sep/2019:12:48:07 -0400] "GET /newyork/files/2018/11/Flexible-jobs-for-parents-in-NYC-1-1024x683.jpg HTTP/1.1" 200 88290 "-" "Mozilla/5.0 (Linux; Android 9; SAMSUNG SM-G965U Build/PPR1.180610.011) AppleWebKit/537.36 (KHTML, like Gecko) SamsungBrowser/9.4 Chrome/67.0.3396.87 Mobile Safari/537.36"
172.68.142.169 - - [03/Sep/2019:12:48:17 -0400] "POST /boston/wp-cron.php?doing_wp_cron=1567529297.6826679706573486328125 HTTP/1.1" 200 20 "https://cary.mommybites.com/boston/wp-cron.php?doing_wp_cron=1567529297.6826679706573486328125" "WordPress/4.9.6; https://cary.mommybites.com/boston"
37.187.162.191 - - [03/Sep/2019:12:48:17 -0400] "GET /boston/feed/ HTTP/1.1" 304 - "-" "Mozilla/5.0 (compatible; PaperLiBot/2.1; https://support.paper.li/entries/20023257-what-is-paper-li)"
77.75.77.11 - - [03/Sep/2019:14:53:58 -0400] "GET /robots.txt HTTP/1.1" 200 486 "-" "Mozilla/5.0 (compatible; SeznamBot/3.2; +http://napoveda.seznam.cz/en/seznambot-intro/)"
172.68.132.67 - - [03/Sep/2019:15:46:14 -0400] "POST /wp-cron.php?doing_wp_cron=1567539974.3764739036560058593750 HTTP/1.1" 200 20 "https://cary.mommybites.com/wp-cron.php?doing_wp_cron=1567539974.3764739036560058593750" "WordPress/4.9.6; https://cary.mommybites.com"
159.69.189.72 - - [03/Sep/2019:15:46:14 -0400] "GET /feed HTTP/1.1" 301 20 "-" "FeedBurner/1.0 (http://www.FeedBurner.com) Mozilla/5.0 (Macintosh; Intel Mac OS X 10_11_6) AppleWebKit/537.36 (KHTML, like Gecko) Chrome/63.0.3239.132 Safari/537.36 Specificfeeds- http://www.specificfeeds.com"
159.69.189.72 - - [03/Sep/2019:15:46:15 -0400] "GET /feed/ HTTP/1.1" 200 23048 "-" "FeedBurner/1.0 (http://www.FeedBurner.com) Mozilla/5.0 (Macintosh; Intel Mac OS X 10_11_6) AppleWebKit/537.36 (KHTML, like Gecko) Chrome/63.0.3239.132 Safari/537.36 Specificfeeds- http://www.specificfeeds.com"
205.164.44.178 - - [03/Sep/2019:18:48:19 -0400] "POST /boston/wp-cron.php?doing_wp_cron=1567550899.9014279842376708984375 HTTP/1.1" 200 20 "https://cary.mommybites.com/boston/wp-cron.php?doing_wp_cron=1567550899.9014279842376708984375" "WordPress/4.9.6; https://cary.mommybites.com/boston"
37.187.162.191 - - [03/Sep/2019:18:48:19 -0400] "GET /boston/feed/ HTTP/1.1" 304 - "-" "Mozilla/5.0 (compatible; PaperLiBot/2.1; https://support.paper.li/entries/20023257-what-is-paper-li)"
159.69.242.206 - - [03/Sep/2019:19:52:33 -0400] "GET /feed HTTP/1.1" 301 20 "-" "FeedBurner/1.0 (http://www.FeedBurner.com) Mozilla/5.0 (Macintosh; Intel Mac OS X 10_11_6) AppleWebKit/537.36 (KHTML, like Gecko) Chrome/63.0.3239.132 Safari/537.36 Specificfeeds- http://www.specificfeeds.com"
205.164.44.178 - - [03/Sep/2019:19:52:33 -0400] "POST /wp-cron.php?doing_wp_cron=1567554753.3315939903259277343750 HTTP/1.1" 200 20 "https://cary.mommybites.com/wp-cron.php?doing_wp_cron=1567554753.3315939903259277343750" "WordPress/4.9.6; https://cary.mommybites.com"
159.69.242.206 - - [03/Sep/2019:19:52:35 -0400] "GET /feed/ HTTP/1.1" 200 23048 "-" "FeedBurner/1.0 (http://www.FeedBurner.com) Mozilla/5.0 (Macintosh; Intel Mac OS X 10_11_6) AppleWebKit/537.36 (KHTML, like Gecko) Chrome/63.0.3239.132 Safari/537.36 Specificfeeds- http://www.specificfeeds.com"
172.68.141.12 - - [03/Sep/2019:21:37:12 -0400] "POST /wp-cron.php?doing_wp_cron=1567561032.7435240745544433593750 HTTP/1.1" 200 20 "https://cary.mommybites.com/wp-cron.php?doing_wp_cron=1567561032.7435240745544433593750" "WordPress/4.9.6; https://cary.mommybites.com"
159.69.189.72 - - [03/Sep/2019:21:37:12 -0400] "GET /feed HTTP/1.1" 301 20 "-" "FeedBurner/1.0 (http://www.FeedBurner.com) Mozilla/5.0 (Macintosh; Intel Mac OS X 10_11_6) AppleWebKit/537.36 (KHTML, like Gecko) Chrome/63.0.3239.132 Safari/537.36 Specificfeeds- http://www.specificfeeds.com"
159.69.189.72 - - [03/Sep/2019:21:37:13 -0400] "GET /feed/ HTTP/1.1" 200 23048 "-" "FeedBurner/1.0 (http://www.FeedBurner.com) Mozilla/5.0 (Macintosh; Intel Mac OS X 10_11_6) AppleWebKit/537.36 (KHTML, like Gecko) Chrome/63.0.3239.132 Safari/537.36 Specificfeeds- http://www.specificfeeds.com"
172.69.70.151 - - [04/Sep/2019:00:23:39 -0400] "GET /robots.txt HTTP/1.1" 200 486 "-" "Mozilla/5.0 (compatible; Googlebot/2.1; +http://www.google.com/bot.html)"
172.68.141.12 - - [04/Sep/2019:00:48:19 -0400] "POST /boston/wp-cron.php?doing_wp_cron=1567572499.0927650928497314453125 HTTP/1.1" 200 20 "https://cary.mommybites.com/boston/wp-cron.php?doing_wp_cron=1567572499.0927650928497314453125" "WordPress/4.9.6; https://cary.mommybites.com/boston"
37.187.162.191 - - [04/Sep/2019:00:48:18 -0400] "GET /boston/feed/ HTTP/1.1" 304 - "-" "Mozilla/5.0 (compatible; PaperLiBot/2.1; https://support.paper.li/entries/20023257-what-is-paper-li)"
216.244.66.227 - - [04/Sep/2019:04:42:10 -0400] "GET /robots.txt HTTP/1.1" 304 - "-" "Mozilla/5.0 (compatible; DotBot/1.1; http://www.opensiteexplorer.org/dotbot, [email protected])"
159.69.189.72 - - [04/Sep/2019:04:56:58 -0400] "GET /feed HTTP/1.1" 301 20 "-" "FeedBurner/1.0 (http://www.FeedBurner.com) Mozilla/5.0 (Macintosh; Intel Mac OS X 10_11_6) AppleWebKit/537.36 (KHTML, like Gecko) Chrome/63.0.3239.132 Safari/537.36 Specificfeeds- http://www.specificfeeds.com"
172.68.174.72 - - [04/Sep/2019:04:56:58 -0400] "POST /wp-cron.php?doing_wp_cron=1567587418.6864559650421142578125 HTTP/1.1" 200 20 "https://cary.mommybites.com/wp-cron.php?doing_wp_cron=1567587418.6864559650421142578125" "WordPress/4.9.6; https://cary.mommybites.com"
159.69.189.72 - - [04/Sep/2019:04:57:01 -0400] "GET /feed/ HTTP/1.1" 200 23048 "-" "FeedBurner/1.0 (http://www.FeedBurner.com) Mozilla/5.0 (Macintosh; Intel Mac OS X 10_11_6) AppleWebKit/537.36 (KHTML, like Gecko) Chrome/63.0.3239.132 Safari/537.36 Specificfeeds- http://www.specificfeeds.com"
172.68.174.30 - - [04/Sep/2019:06:48:18 -0400] "POST /boston/wp-cron.php?doing_wp_cron=1567594098.6830530166625976562500 HTTP/1.1" 200 20 "https://cary.mommybites.com/boston/wp-cron.php?doing_wp_cron=1567594098.6830530166625976562500" "WordPress/4.9.6; https://cary.mommybites.com/boston"
37.187.162.191 - - [04/Sep/2019:06:48:18 -0400] "GET /boston/feed/ HTTP/1.1" 304 - "-" "Mozilla/5.0 (compatible; PaperLiBot/2.1; https://support.paper.li/entries/20023257-what-is-paper-li)"
172.69.69.126 - - [04/Sep/2019:07:43:40 -0400] "GET /newyork/files/2018/11/Flexible-jobs-for-parents-in-NYC-1-1024x683.jpg HTTP/1.1" 200 88290 "-" "Mozilla/5.0 (Linux; Android 8.0.0; SAMSUNG SM-S367VL Build/R16NW) AppleWebKit/537.36 (KHTML, like Gecko) SamsungBrowser/9.4 Chrome/67.0.3396.87 Mobile Safari/537.36"
216.244.66.227 - - [04/Sep/2019:10:40:44 -0400] "GET /robots.txt HTTP/1.1" 304 - "-" "Mozilla/5.0 (compatible; DotBot/1.1; http://www.opensiteexplorer.org/dotbot, [email protected])"
209.17.96.154 - - [04/Sep/2019:10:45:17 -0400] "GET / HTTP/1.1" 200 19157 "-" "Mozilla/5.0 (compatible; Nimbostratus-Bot/v1.3.2; http://cloudsystemnetworks.com)"
172.69.22.238 - - [04/Sep/2019:10:45:17 -0400] "POST /wp-cron.php?doing_wp_cron=1567608317.5198309421539306640625 HTTP/1.1" 200 20 "https://cary.mommybites.com/wp-cron.php?doing_wp_cron=1567608317.5198309421539306640625" "WordPress/4.9.6; https://cary.mommybites.com"
216.244.66.227 - - [04/Sep/2019:11:25:25 -0400] "GET /robots.txt HTTP/1.1" 304 - "-" "Mozilla/5.0 (compatible; DotBot/1.1; http://www.opensiteexplorer.org/dotbot, [email protected])"
24.35.193.168 - - [04/Sep/2019:11:29:44 -0400] "GET /newyork/files/2018/11/Flexible-jobs-for-parents-in-NYC-1-1024x683.jpg HTTP/1.1" 200 88290 "-" "Mozilla/5.0 (iPhone; CPU iPhone OS 12_4 like Mac OS X) AppleWebKit/605.1.15 (KHTML, like Gecko) Version/12.1.2 Mobile/15E148 Safari/604.1"
186.6.106.138 - - [04/Sep/2019:12:10:57 -0400] "GET /newyork/files/2018/11/Flexible-jobs-for-parents-in-NYC-1-1024x683.jpg HTTP/1.1" 200 88290 "-" "Mozilla/5.0 (iPhone; CPU iPhone OS 12_1_4 like Mac OS X) AppleWebKit/605.1.15 (KHTML, like Gecko) Version/12.0 Mobile/15E148 Safari/604.1"
2600:8800:6900:1432:e9ba:1d46:8923:e8f4 - - [04/Sep/2019:12:15:16 -0400] "GET /newyork/files/2018/11/Flexible-jobs-for-parents-in-NYC-1-1024x683.jpg HTTP/1.1" 200 88290 "-" "Mozilla/5.0 (iPhone; CPU iPhone OS 12_3_1 like Mac OS X) AppleWebKit/605.1.15 (KHTML, like Gecko) Version/12.1.1 Mobile/15E148 Safari/604.1"
172.68.143.128 - - [04/Sep/2019:12:48:19 -0400] "POST /boston/wp-cron.php?doing_wp_cron=1567615699.9370329380035400390625 HTTP/1.1" 200 20 "https://cary.mommybites.com/boston/wp-cron.php?doing_wp_cron=1567615699.9370329380035400390625" "WordPress/4.9.6; https://cary.mommybites.com/boston"
37.187.162.191 - - [04/Sep/2019:12:48:19 -0400] "GET /boston/feed/ HTTP/1.1" 304 - "-" "Mozilla/5.0 (compatible; PaperLiBot/2.1; https://support.paper.li/entries/20023257-what-is-paper-li)"
157.55.39.18 - - [04/Sep/2019:16:30:13 -0400] "GET /robots.txt HTTP/1.1" 304 - "-" "Mozilla/5.0 (compatible; bingbot/2.0; +http://www.bing.com/bingbot.htm)"
159.69.242.206 - - [04/Sep/2019:16:49:20 -0400] "GET /feed HTTP/1.1" 301 20 "-" "FeedBurner/1.0 (http://www.FeedBurner.com) Mozilla/5.0 (Macintosh; Intel Mac OS X 10_11_6) AppleWebKit/537.36 (KHTML, like Gecko) Chrome/63.0.3239.132 Safari/537.36 Specificfeeds- http://www.specificfeeds.com"
172.68.174.72 - - [04/Sep/2019:16:49:20 -0400] "POST /wp-cron.php?doing_wp_cron=1567630160.7980248928070068359375 HTTP/1.1" 200 20 "https://cary.mommybites.com/wp-cron.php?doing_wp_cron=1567630160.7980248928070068359375" "WordPress/4.9.6; https://cary.mommybites.com"
159.69.242.206 - - [04/Sep/2019:16:49:23 -0400] "GET /feed/ HTTP/1.1" 200 23048 "-" "FeedBurner/1.0 (http://www.FeedBurner.com) Mozilla/5.0 (Macintosh; Intel Mac OS X 10_11_6) AppleWebKit/537.36 (KHTML, like Gecko) Chrome/63.0.3239.132 Safari/537.36 Specificfeeds- http://www.specificfeeds.com"
172.69.62.48 - - [04/Sep/2019:16:55:40 -0400] "GET / HTTP/1.1" 200 19157 "-" "Mozilla/5.0 (compatible; NetcraftSurveyAgent/1.0; [email protected])"
172.68.174.72 - - [04/Sep/2019:18:48:18 -0400] "POST /boston/wp-cron.php?doing_wp_cron=1567637297.9341089725494384765625 HTTP/1.1" 200 20 "https://cary.mommybites.com/boston/wp-cron.php?doing_wp_cron=1567637297.9341089725494384765625" "WordPress/4.9.6; https://cary.mommybites.com/boston"
37.187.162.191 - - [04/Sep/2019:18:48:17 -0400] "GET /boston/feed/ HTTP/1.1" 304 - "-" "Mozilla/5.0 (compatible; PaperLiBot/2.1; https://support.paper.li/entries/20023257-what-is-paper-li)"
172.68.63.67 - - [04/Sep/2019:19:10:48 -0400] "GET /newyork/files/2018/11/Flexible-jobs-for-parents-in-NYC-1-1024x683.jpg HTTP/1.1" 200 88290 "-" "Mozilla/5.0 (iPhone; CPU iPhone OS 12_3_1 like Mac OS X) AppleWebKit/605.1.15 (KHTML, like Gecko) Version/12.1.1 Mobile/15E148 Safari/604.1"
172.69.62.204 - - [04/Sep/2019:19:56:10 -0400] "GET / HTTP/1.1" 200 19157 "-" "Mozilla/5.0 (compatible; NetcraftSurveyAgent/1.0; [email protected])"
205.164.44.178 - - [04/Sep/2019:19:56:10 -0400] "POST /wp-cron.php?doing_wp_cron=1567641370.7835769653320312500000 HTTP/1.1" 200 20 "https://cary.mommybites.com/wp-cron.php?doing_wp_cron=1567641370.7835769653320312500000" "WordPress/4.9.6; https://cary.mommybites.com"
2600:387:5:805::78 - - [04/Sep/2019:20:21:42 -0400] "GET /newyork/files/2018/11/Flexible-jobs-for-parents-in-NYC-1-1024x683.jpg HTTP/1.1" 200 88290 "-" "Mozilla/5.0 (iPhone; CPU iPhone OS 12_4 like Mac OS X) AppleWebKit/605.1.15 (KHTML, like Gecko) Version/12.1.2 Mobile/15E148 Safari/604.1"
172.68.132.67 - - [04/Sep/2019:23:27:35 -0400] "POST /wp-cron.php?doing_wp_cron=1567654055.0970931053161621093750 HTTP/1.1" 200 20 "https://cary.mommybites.com/wp-cron.php?doing_wp_cron=1567654055.0970931053161621093750" "WordPress/4.9.6; https://cary.mommybites.com"
159.69.242.206 - - [04/Sep/2019:23:27:34 -0400] "GET /feed HTTP/1.1" 301 20 "-" "FeedBurner/1.0 (http://www.FeedBurner.com) Mozilla/5.0 (Macintosh; Intel Mac OS X 10_11_6) AppleWebKit/537.36 (KHTML, like Gecko) Chrome/63.0.3239.132 Safari/537.36 Specificfeeds- http://www.specificfeeds.com"
159.69.242.206 - - [04/Sep/2019:23:27:36 -0400] "GET /feed/ HTTP/1.1" 200 23048 "-" "FeedBurner/1.0 (http://www.FeedBurner.com) Mozilla/5.0 (Macintosh; Intel Mac OS X 10_11_6) AppleWebKit/537.36 (KHTML, like Gecko) Chrome/63.0.3239.132 Safari/537.36 Specificfeeds- http://www.specificfeeds.com"
172.68.174.72 - - [05/Sep/2019:00:48:18 -0400] "POST /boston/wp-cron.php?doing_wp_cron=1567658898.3687410354614257812500 HTTP/1.1" 200 20 "https://cary.mommybites.com/boston/wp-cron.php?doing_wp_cron=1567658898.3687410354614257812500" "WordPress/4.9.6; https://cary.mommybites.com/boston"
37.187.162.191 - - [05/Sep/2019:00:48:18 -0400] "GET /boston/feed/ HTTP/1.1" 304 - "-" "Mozilla/5.0 (compatible; PaperLiBot/2.1; https://support.paper.li/entries/20023257-what-is-paper-li)"
167.71.94.87 - - [05/Sep/2019:04:00:37 -0400] "GET / HTTP/1.1" 200 19157 "-" "Mozilla/5.0 (compatible; NetcraftSurveyAgent/1.0; [email protected])"
172.68.143.128 - - [05/Sep/2019:04:00:38 -0400] "POST /wp-cron.php?doing_wp_cron=1567670437.5985879898071289062500 HTTP/1.1" 200 20 "https://cary.mommybites.com/wp-cron.php?doing_wp_cron=1567670437.5985879898071289062500" "WordPress/4.9.6; https://cary.mommybites.com"
172.68.143.86 - - [05/Sep/2019:04:05:43 -0400] "POST /wp-cron.php?doing_wp_cron=1567670743.3647489547729492187500 HTTP/1.1" 200 20 "https://cary.mommybites.com/wp-cron.php?doing_wp_cron=1567670743.3647489547729492187500" "WordPress/4.9.6; https://cary.mommybites.com"
172.69.62.48 - - [05/Sep/2019:04:05:43 -0400] "GET / HTTP/1.1" 200 19157 "-" "Mozilla/5.0 (compatible; NetcraftSurveyAgent/1.0; [email protected])"
172.68.142.169 - - [05/Sep/2019:05:59:37 -0400] "POST /wp-cron.php?doing_wp_cron=1567677577.1426429748535156250000 HTTP/1.1" 200 20 "https://cary.mommybites.com/wp-cron.php?doing_wp_cron=1567677577.1426429748535156250000" "WordPress/4.9.6; https://cary.mommybites.com"
159.69.242.206 - - [05/Sep/2019:05:59:36 -0400] "GET /feed HTTP/1.1" 301 20 "-" "FeedBurner/1.0 (http://www.FeedBurner.com) Mozilla/5.0 (Macintosh; Intel Mac OS X 10_11_6) AppleWebKit/537.36 (KHTML, like Gecko) Chrome/63.0.3239.132 Safari/537.36 Specificfeeds- http://www.specificfeeds.com"
159.69.242.206 - - [05/Sep/2019:05:59:39 -0400] "GET /feed/ HTTP/1.1" 200 23048 "-" "FeedBurner/1.0 (http://www.FeedBurner.com) Mozilla/5.0 (Macintosh; Intel Mac OS X 10_11_6) AppleWebKit/537.36 (KHTML, like Gecko) Chrome/63.0.3239.132 Safari/537.36 Specificfeeds- http://www.specificfeeds.com"
172.68.174.30 - - [05/Sep/2019:06:48:19 -0400] "POST /boston/wp-cron.php?doing_wp_cron=1567680499.4029281139373779296875 HTTP/1.1" 200 20 "https://cary.mommybites.com/boston/wp-cron.php?doing_wp_cron=1567680499.4029281139373779296875" "WordPress/4.9.6; https://cary.mommybites.com/boston"
37.187.162.191 - - [05/Sep/2019:06:48:19 -0400] "GET /boston/feed/ HTTP/1.1" 304 - "-" "Mozilla/5.0 (compatible; PaperLiBot/2.1; https://support.paper.li/entries/20023257-what-is-paper-li)"
13.232.193.185 - - [05/Sep/2019:07:20:08 -0400] "GET /wp-login.php HTTP/1.1" 200 2474 "-" "Mozilla/5.0 (X11; Ubuntu; Linux x86_64; rv:62.0) Gecko/20100101 Firefox/62.0"
172.68.174.30 - - [05/Sep/2019:07:20:08 -0400] "POST /wp-cron.php?doing_wp_cron=1567682408.7189919948577880859375 HTTP/1.1" 200 20 "https://cary.mommybites.com/wp-cron.php?doing_wp_cron=1567682408.7189919948577880859375" "WordPress/4.9.6; https://cary.mommybites.com"
13.232.193.185 - - [05/Sep/2019:07:20:12 -0400] "POST /wp-login.php HTTP/1.1" 200 2854 "-" "Mozilla/5.0 (X11; Ubuntu; Linux x86_64; rv:62.0) Gecko/20100101 Firefox/62.0"
13.232.193.185 - - [05/Sep/2019:07:20:16 -0400] "GET /wp-login.php HTTP/1.1" 200 2474 "-" "Mozilla/5.0 (X11; Ubuntu; Linux x86_64; rv:62.0) Gecko/20100101 Firefox/62.0"
13.232.193.185 - - [05/Sep/2019:07:20:30 -0400] "POST /wp-login.php HTTP/1.1" 200 2830 "-" "Mozilla/5.0 (X11; Ubuntu; Linux x86_64; rv:62.0) Gecko/20100101 Firefox/62.0"
13.232.193.185 - - [05/Sep/2019:07:20:55 -0400] "GET /wp-login.php HTTP/1.1" 200 2474 "-" "Mozilla/5.0 (X11; Ubuntu; Linux x86_64; rv:62.0) Gecko/20100101 Firefox/62.0"
13.232.193.185 - - [05/Sep/2019:07:21:50 -0400] "GET /wp-login.php HTTP/1.1" 200 2474 "-" "Mozilla/5.0 (X11; Ubuntu; Linux x86_64; rv:62.0) Gecko/20100101 Firefox/62.0"
13.232.193.185 - - [05/Sep/2019:07:23:35 -0400] "GET /wp-login.php HTTP/1.1" 200 2474 "-" "Mozilla/5.0 (X11; Ubuntu; Linux x86_64; rv:62.0) Gecko/20100101 Firefox/62.0"
13.232.193.185 - - [05/Sep/2019:07:24:03 -0400] "POST /wp-login.php HTTP/1.1" 200 2826 "-" "Mozilla/5.0 (X11; Ubuntu; Linux x86_64; rv:62.0) Gecko/20100101 Firefox/62.0"
172.69.23.53 - - [05/Sep/2019:09:56:51 -0400] "POST /wp-cron.php?doing_wp_cron=1567691811.2826340198516845703125 HTTP/1.1" 200 20 "https://cary.mommybites.com/wp-cron.php?doing_wp_cron=1567691811.2826340198516845703125" "WordPress/4.9.6; https://cary.mommybites.com"
159.69.242.206 - - [05/Sep/2019:09:56:50 -0400] "GET /feed HTTP/1.1" 301 20 "-" "FeedBurner/1.0 (http://www.FeedBurner.com) Mozilla/5.0 (Macintosh; Intel Mac OS X 10_11_6) AppleWebKit/537.36 (KHTML, like Gecko) Chrome/63.0.3239.132 Safari/537.36 Specificfeeds- http://www.specificfeeds.com"
159.69.242.206 - - [05/Sep/2019:09:56:53 -0400] "GET /feed/ HTTP/1.1" 200 23048 "-" "FeedBurner/1.0 (http://www.FeedBurner.com) Mozilla/5.0 (Macintosh; Intel Mac OS X 10_11_6) AppleWebKit/537.36 (KHTML, like Gecko) Chrome/63.0.3239.132 Safari/537.36 Specificfeeds- http://www.specificfeeds.com"
167.71.105.41 - - [05/Sep/2019:09:57:01 -0400] "GET /wp-login.php HTTP/1.1" 200 2474 "-" "Mozilla/5.0 (X11; Ubuntu; Linux x86_64; rv:62.0) Gecko/20100101 Firefox/62.0"
172.68.65.200 - - [05/Sep/2019:09:57:06 -0400] "POST /wp-login.php HTTP/1.1" 200 2854 "-" "Mozilla/5.0 (X11; Ubuntu; Linux x86_64; rv:62.0) Gecko/20100101 Firefox/62.0"
172.69.62.144 - - [05/Sep/2019:09:57:07 -0400] "GET /wp-login.php HTTP/1.1" 200 2474 "-" "Mozilla/5.0 (X11; Ubuntu; Linux x86_64; rv:62.0) Gecko/20100101 Firefox/62.0"
172.69.63.9 - - [05/Sep/2019:09:57:08 -0400] "POST /wp-login.php HTTP/1.1" 200 2830 "-" "Mozilla/5.0 (X11; Ubuntu; Linux x86_64; rv:62.0) Gecko/20100101 Firefox/62.0"
167.71.105.41 - - [05/Sep/2019:09:57:13 -0400] "GET /wp-login.php HTTP/1.1" 200 2474 "-" "Mozilla/5.0 (X11; Ubuntu; Linux x86_64; rv:62.0) Gecko/20100101 Firefox/62.0"
172.69.62.84 - - [05/Sep/2019:09:57:14 -0400] "POST /wp-login.php HTTP/1.1" 200 2829 "-" "Mozilla/5.0 (X11; Ubuntu; Linux x86_64; rv:62.0) Gecko/20100101 Firefox/62.0"
172.69.63.9 - - [05/Sep/2019:09:57:14 -0400] "GET /wp-login.php HTTP/1.1" 200 2474 "-" "Mozilla/5.0 (X11; Ubuntu; Linux x86_64; rv:62.0) Gecko/20100101 Firefox/62.0"
167.71.105.41 - - [05/Sep/2019:09:57:15 -0400] "POST /wp-login.php HTTP/1.1" 200 2826 "-" "Mozilla/5.0 (X11; Ubuntu; Linux x86_64; rv:62.0) Gecko/20100101 Firefox/62.0"
172.68.65.74 - - [05/Sep/2019:09:57:16 -0400] "GET /wp-login.php HTTP/1.1" 200 2474 "-" "Mozilla/5.0 (X11; Ubuntu; Linux x86_64; rv:62.0) Gecko/20100101 Firefox/62.0"
172.69.63.115 - - [05/Sep/2019:09:57:17 -0400] "POST /wp-login.php HTTP/1.1" 200 2829 "-" "Mozilla/5.0 (X11; Ubuntu; Linux x86_64; rv:62.0) Gecko/20100101 Firefox/62.0"
172.68.65.200 - - [05/Sep/2019:09:57:18 -0400] "GET /wp-login.php HTTP/1.1" 200 2474 "-" "Mozilla/5.0 (X11; Ubuntu; Linux x86_64; rv:62.0) Gecko/20100101 Firefox/62.0"
167.71.105.41 - - [05/Sep/2019:09:57:18 -0400] "POST /wp-login.php HTTP/1.1" 200 2826 "-" "Mozilla/5.0 (X11; Ubuntu; Linux x86_64; rv:62.0) Gecko/20100101 Firefox/62.0"
167.71.105.41 - - [05/Sep/2019:09:57:19 -0400] "GET /wp-login.php HTTP/1.1" 200 2474 "-" "Mozilla/5.0 (X11; Ubuntu; Linux x86_64; rv:62.0) Gecko/20100101 Firefox/62.0"
172.68.174.30 - - [05/Sep/2019:09:57:25 -0400] "POST /wp-cron.php?doing_wp_cron=1567691845.5552411079406738281250 HTTP/1.1" 200 20 "https://cary.mommybites.com/wp-cron.php?doing_wp_cron=1567691845.5552411079406738281250" "WordPress/4.9.6; https://cary.mommybites.com"
172.68.65.200 - - [05/Sep/2019:09:57:25 -0400] "POST /wp-login.php HTTP/1.1" 200 2830 "-" "Mozilla/5.0 (X11; Ubuntu; Linux x86_64; rv:62.0) Gecko/20100101 Firefox/62.0"
167.71.105.41 - - [05/Sep/2019:09:57:26 -0400] "GET /wp-login.php HTTP/1.1" 200 2474 "-" "Mozilla/5.0 (X11; Ubuntu; Linux x86_64; rv:62.0) Gecko/20100101 Firefox/62.0"
167.71.105.41 - - [05/Sep/2019:09:57:27 -0400] "POST /wp-login.php HTTP/1.1" 200 2832 "-" "Mozilla/5.0 (X11; Ubuntu; Linux x86_64; rv:62.0) Gecko/20100101 Firefox/62.0"
172.69.62.204 - - [05/Sep/2019:09:57:27 -0400] "GET /wp-login.php HTTP/1.1" 200 2474 "-" "Mozilla/5.0 (X11; Ubuntu; Linux x86_64; rv:62.0) Gecko/20100101 Firefox/62.0"
167.71.105.41 - - [05/Sep/2019:09:57:28 -0400] "POST /wp-login.php HTTP/1.1" 200 2831 "-" "Mozilla/5.0 (X11; Ubuntu; Linux x86_64; rv:62.0) Gecko/20100101 Firefox/62.0"
167.71.105.41 - - [05/Sep/2019:09:57:34 -0400] "GET /wp-login.php HTTP/1.1" 200 2474 "-" "Mozilla/5.0 (X11; Ubuntu; Linux x86_64; rv:62.0) Gecko/20100101 Firefox/62.0"
167.71.105.41 - - [05/Sep/2019:09:57:34 -0400] "POST /wp-login.php HTTP/1.1" 200 2829 "-" "Mozilla/5.0 (X11; Ubuntu; Linux x86_64; rv:62.0) Gecko/20100101 Firefox/62.0"
167.71.105.41 - - [05/Sep/2019:09:57:40 -0400] "GET /wp-login.php HTTP/1.1" 200 2474 "-" "Mozilla/5.0 (X11; Ubuntu; Linux x86_64; rv:62.0) Gecko/20100101 Firefox/62.0"
167.71.105.41 - - [05/Sep/2019:09:57:46 -0400] "POST /wp-login.php HTTP/1.1" 200 2825 "-" "Mozilla/5.0 (X11; Ubuntu; Linux x86_64; rv:62.0) Gecko/20100101 Firefox/62.0"
167.71.105.41 - - [05/Sep/2019:09:57:46 -0400] "POST /xmlrpc.php HTTP/1.1" 200 225 "-" "Mozilla/5.0 (X11; Ubuntu; Linux x86_64; rv:62.0) Gecko/20100101 Firefox/62.0"
172.68.189.177 - - [05/Sep/2019:12:48:18 -0400] "POST /boston/wp-cron.php?doing_wp_cron=1567702098.8254580497741699218750 HTTP/1.1" 200 20 "https://cary.mommybites.com/boston/wp-cron.php?doing_wp_cron=1567702098.8254580497741699218750" "WordPress/4.9.6; https://cary.mommybites.com/boston"
37.187.162.191 - - [05/Sep/2019:12:48:18 -0400] "GET /boston/feed/ HTTP/1.1" 304 - "-" "Mozilla/5.0 (compatible; PaperLiBot/2.1; https://support.paper.li/entries/20023257-what-is-paper-li)"
216.244.66.227 - - [05/Sep/2019:13:35:10 -0400] "GET /robots.txt HTTP/1.1" 304 - "-" "Mozilla/5.0 (compatible; DotBot/1.1; http://www.opensiteexplorer.org/dotbot, [email protected])"
172.68.189.237 - - [05/Sep/2019:13:40:36 -0400] "POST /wp-cron.php?doing_wp_cron=1567705236.4105548858642578125000 HTTP/1.1" 200 20 "https://cary.mommybites.com/wp-cron.php?doing_wp_cron=1567705236.4105548858642578125000" "WordPress/4.9.6; https://cary.mommybites.com"
37.187.90.62 - - [05/Sep/2019:13:40:36 -0400] "GET /wp-login.php HTTP/1.1" 200 2474 "-" "Mozilla/5.0 (X11; Ubuntu; Linux x86_64; rv:62.0) Gecko/20100101 Firefox/62.0"
37.187.90.62 - - [05/Sep/2019:13:40:37 -0400] "POST /wp-login.php HTTP/1.1" 200 2854 "-" "Mozilla/5.0 (X11; Ubuntu; Linux x86_64; rv:62.0) Gecko/20100101 Firefox/62.0"
37.187.90.62 - - [05/Sep/2019:13:40:38 -0400] "GET /wp-login.php HTTP/1.1" 200 2474 "-" "Mozilla/5.0 (X11; Ubuntu; Linux x86_64; rv:62.0) Gecko/20100101 Firefox/62.0"
37.187.90.62 - - [05/Sep/2019:13:40:39 -0400] "POST /wp-login.php HTTP/1.1" 200 2830 "-" "Mozilla/5.0 (X11; Ubuntu; Linux x86_64; rv:62.0) Gecko/20100101 Firefox/62.0"
37.187.90.62 - - [05/Sep/2019:13:40:39 -0400] "GET /wp-login.php HTTP/1.1" 200 2474 "-" "Mozilla/5.0 (X11; Ubuntu; Linux x86_64; rv:62.0) Gecko/20100101 Firefox/62.0"
37.187.90.62 - - [05/Sep/2019:13:40:40 -0400] "POST /wp-login.php HTTP/1.1" 200 2829 "-" "Mozilla/5.0 (X11; Ubuntu; Linux x86_64; rv:62.0) Gecko/20100101 Firefox/62.0"
37.187.90.62 - - [05/Sep/2019:13:40:41 -0400] "GET /wp-login.php HTTP/1.1" 200 2474 "-" "Mozilla/5.0 (X11; Ubuntu; Linux x86_64; rv:62.0) Gecko/20100101 Firefox/62.0"
37.187.90.62 - - [05/Sep/2019:13:40:42 -0400] "POST /wp-login.php HTTP/1.1" 200 2826 "-" "Mozilla/5.0 (X11; Ubuntu; Linux x86_64; rv:62.0) Gecko/20100101 Firefox/62.0"
