159.69.242.206 - - [16/Jul/2019:21:20:57 -0400] "GET /feed/ HTTP/1.1" 200 23048 "-" "FeedBurner/1.0 (http://www.FeedBurner.com) Mozilla/5.0 (Macintosh; Intel Mac OS X 10_11_6) AppleWebKit/537.36 (KHTML, like Gecko) Chrome/63.0.3239.132 Safari/537.36 Specificfeeds- http://www.specificfeeds.com"
159.69.242.206 - - [16/Jul/2019:23:49:14 -0400] "GET /feed HTTP/1.1" 301 20 "-" "FeedBurner/1.0 (http://www.FeedBurner.com) Mozilla/5.0 (Macintosh; Intel Mac OS X 10_11_6) AppleWebKit/537.36 (KHTML, like Gecko) Chrome/63.0.3239.132 Safari/537.36 Specificfeeds- http://www.specificfeeds.com"
172.68.174.72 - - [16/Jul/2019:23:49:15 -0400] "POST /wp-cron.php?doing_wp_cron=1563335355.1046919822692871093750 HTTP/1.1" 200 20 "https://cary.mommybites.com/wp-cron.php?doing_wp_cron=1563335355.1046919822692871093750" "WordPress/4.9.6; https://cary.mommybites.com"
159.69.242.206 - - [16/Jul/2019:23:49:16 -0400] "GET /feed/ HTTP/1.1" 200 23048 "-" "FeedBurner/1.0 (http://www.FeedBurner.com) Mozilla/5.0 (Macintosh; Intel Mac OS X 10_11_6) AppleWebKit/537.36 (KHTML, like Gecko) Chrome/63.0.3239.132 Safari/537.36 Specificfeeds- http://www.specificfeeds.com"
216.244.66.227 - - [17/Jul/2019:00:09:05 -0400] "GET /robots.txt HTTP/1.1" 304 - "-" "Mozilla/5.0 (compatible; DotBot/1.1; http://www.opensiteexplorer.org/dotbot, [email protected])"
2604:6000:dc85:f000:6983:1648:4e75:2d47 - - [17/Jul/2019:00:16:40 -0400] "GET /newyork/files/2018/11/Flexible-jobs-for-parents-in-NYC-1-1024x683.jpg HTTP/1.1" 200 88290 "-" "Mozilla/5.0 (Linux; Android 8.1.0; LM-X410.FGN) AppleWebKit/537.36 (KHTML, like Gecko) Chrome/74.0.3729.157 Mobile Safari/537.36"
172.68.174.30 - - [17/Jul/2019:00:48:17 -0400] "POST /boston/wp-cron.php?doing_wp_cron=1563338897.6223230361938476562500 HTTP/1.1" 200 20 "https://cary.mommybites.com/boston/wp-cron.php?doing_wp_cron=1563338897.6223230361938476562500" "WordPress/4.9.6; https://cary.mommybites.com/boston"
37.187.162.191 - - [17/Jul/2019:00:48:17 -0400] "GET /boston/feed/ HTTP/1.1" 304 - "-" "Mozilla/5.0 (compatible; PaperLiBot/2.1; https://support.paper.li/entries/20023257-what-is-paper-li)"
172.68.174.72 - - [17/Jul/2019:02:45:54 -0400] "POST /wp-cron.php?doing_wp_cron=1563345953.9905889034271240234375 HTTP/1.1" 200 20 "https://cary.mommybites.com/wp-cron.php?doing_wp_cron=1563345953.9905889034271240234375" "WordPress/4.9.6; https://cary.mommybites.com"
159.69.242.206 - - [17/Jul/2019:02:45:53 -0400] "GET /feed HTTP/1.1" 301 20 "-" "FeedBurner/1.0 (http://www.FeedBurner.com) Mozilla/5.0 (Macintosh; Intel Mac OS X 10_11_6) AppleWebKit/537.36 (KHTML, like Gecko) Chrome/63.0.3239.132 Safari/537.36 Specificfeeds- http://www.specificfeeds.com"
159.69.242.206 - - [17/Jul/2019:02:45:55 -0400] "GET /feed/ HTTP/1.1" 200 23048 "-" "FeedBurner/1.0 (http://www.FeedBurner.com) Mozilla/5.0 (Macintosh; Intel Mac OS X 10_11_6) AppleWebKit/537.36 (KHTML, like Gecko) Chrome/63.0.3239.132 Safari/537.36 Specificfeeds- http://www.specificfeeds.com"
172.68.74.72 - - [17/Jul/2019:05:50:09 -0400] "GET / HTTP/1.1" 200 19157 "-" "Mozilla/5.0 (compatible; Nimbostratus-Bot/v1.3.2; http://cloudsystemnetworks.com)"
172.68.174.72 - - [17/Jul/2019:05:50:10 -0400] "POST /wp-cron.php?doing_wp_cron=1563357010.3109560012817382812500 HTTP/1.1" 200 20 "https://cary.mommybites.com/wp-cron.php?doing_wp_cron=1563357010.3109560012817382812500" "WordPress/4.9.6; https://cary.mommybites.com"
205.164.44.178 - - [17/Jul/2019:06:10:22 -0400] "POST /wp-cron.php?doing_wp_cron=1563358222.2068951129913330078125 HTTP/1.1" 200 20 "https://cary.mommybites.com/wp-cron.php?doing_wp_cron=1563358222.2068951129913330078125" "WordPress/4.9.6; https://cary.mommybites.com"
159.69.242.206 - - [17/Jul/2019:06:10:22 -0400] "GET /feed HTTP/1.1" 301 20 "-" "FeedBurner/1.0 (http://www.FeedBurner.com) Mozilla/5.0 (Macintosh; Intel Mac OS X 10_11_6) AppleWebKit/537.36 (KHTML, like Gecko) Chrome/63.0.3239.132 Safari/537.36 Specificfeeds- http://www.specificfeeds.com"
159.69.242.206 - - [17/Jul/2019:06:10:24 -0400] "GET /feed/ HTTP/1.1" 200 23048 "-" "FeedBurner/1.0 (http://www.FeedBurner.com) Mozilla/5.0 (Macintosh; Intel Mac OS X 10_11_6) AppleWebKit/537.36 (KHTML, like Gecko) Chrome/63.0.3239.132 Safari/537.36 Specificfeeds- http://www.specificfeeds.com"
172.68.174.30 - - [17/Jul/2019:06:48:20 -0400] "POST /boston/wp-cron.php?doing_wp_cron=1563360500.3369870185852050781250 HTTP/1.1" 200 20 "https://cary.mommybites.com/boston/wp-cron.php?doing_wp_cron=1563360500.3369870185852050781250" "WordPress/4.9.6; https://cary.mommybites.com/boston"
37.187.162.191 - - [17/Jul/2019:06:48:20 -0400] "GET /boston/feed/ HTTP/1.1" 304 - "-" "Mozilla/5.0 (compatible; PaperLiBot/2.1; https://support.paper.li/entries/20023257-what-is-paper-li)"
172.69.70.151 - - [17/Jul/2019:07:37:11 -0400] "GET /robots.txt HTTP/1.1" 304 - "-" "Mozilla/5.0 (compatible; Googlebot/2.1; +http://www.google.com/bot.html)"
216.244.66.227 - - [17/Jul/2019:07:52:50 -0400] "GET /robots.txt HTTP/1.1" 304 - "-" "Mozilla/5.0 (compatible; DotBot/1.1; http://www.opensiteexplorer.org/dotbot, [email protected])"
216.244.66.227 - - [17/Jul/2019:08:40:25 -0400] "GET /robots.txt HTTP/1.1" 304 - "-" "Mozilla/5.0 (compatible; DotBot/1.1; http://www.opensiteexplorer.org/dotbot, [email protected])"
159.69.242.206 - - [17/Jul/2019:09:54:14 -0400] "GET /feed HTTP/1.1" 301 20 "-" "FeedBurner/1.0 (http://www.FeedBurner.com) Mozilla/5.0 (Macintosh; Intel Mac OS X 10_11_6) AppleWebKit/537.36 (KHTML, like Gecko) Chrome/63.0.3239.132 Safari/537.36 Specificfeeds- http://www.specificfeeds.com"
205.164.44.178 - - [17/Jul/2019:09:54:14 -0400] "POST /wp-cron.php?doing_wp_cron=1563371654.5699191093444824218750 HTTP/1.1" 200 20 "https://cary.mommybites.com/wp-cron.php?doing_wp_cron=1563371654.5699191093444824218750" "WordPress/4.9.6; https://cary.mommybites.com"
159.69.242.206 - - [17/Jul/2019:09:54:17 -0400] "GET /feed/ HTTP/1.1" 200 23048 "-" "FeedBurner/1.0 (http://www.FeedBurner.com) Mozilla/5.0 (Macintosh; Intel Mac OS X 10_11_6) AppleWebKit/537.36 (KHTML, like Gecko) Chrome/63.0.3239.132 Safari/537.36 Specificfeeds- http://www.specificfeeds.com"
172.69.70.247 - - [17/Jul/2019:11:36:07 -0400] "GET /wp-404.php?u HTTP/1.1" 404 294 "-" "Mozilla/5.0 (Windows NT 10.0; Win64; x64) AppleWebKit/537.36 (KHTML, like Gecko) Chrome/71.0.3578.98 Safari/537.36"
172.69.68.77 - - [17/Jul/2019:11:36:08 -0400] "GET /wp-404.php?u HTTP/1.1" 404 294 "-" "Mozilla/5.0 (Windows NT 10.0; Win64; x64) AppleWebKit/537.36 (KHTML, like Gecko) Chrome/71.0.3578.98 Safari/537.36"
172.69.70.25 - - [17/Jul/2019:11:36:08 -0400] "GET /wp-404.php?u HTTP/1.1" 404 294 "-" "Mozilla/5.0 (Windows NT 10.0; Win64; x64) AppleWebKit/537.36 (KHTML, like Gecko) Chrome/71.0.3578.98 Safari/537.36"
172.69.69.192 - - [17/Jul/2019:11:36:10 -0400] "GET /html-wp-404.php?test=hello HTTP/1.1" 404 299 "-" "Mozilla/5.0 (Windows NT 10.0; Win64; x64) AppleWebKit/537.36 (KHTML, like Gecko) Chrome/71.0.3578.98 Safari/537.36"
172.69.68.77 - - [17/Jul/2019:11:36:10 -0400] "GET /html-wp-404.php?test=hello HTTP/1.1" 404 299 "-" "Mozilla/5.0 (Windows NT 10.0; Win64; x64) AppleWebKit/537.36 (KHTML, like Gecko) Chrome/71.0.3578.98 Safari/537.36"
172.69.69.36 - - [17/Jul/2019:11:36:10 -0400] "GET /html-wp-404.php?test=hello HTTP/1.1" 404 299 "-" "Mozilla/5.0 (Windows NT 10.0; Win64; x64) AppleWebKit/537.36 (KHTML, like Gecko) Chrome/71.0.3578.98 Safari/537.36"
172.69.22.172 - - [17/Jul/2019:12:48:18 -0400] "POST /boston/wp-cron.php?doing_wp_cron=1563382097.9812710285186767578125 HTTP/1.1" 200 20 "https://cary.mommybites.com/boston/wp-cron.php?doing_wp_cron=1563382097.9812710285186767578125" "WordPress/4.9.6; https://cary.mommybites.com/boston"
37.187.162.191 - - [17/Jul/2019:12:48:17 -0400] "GET /boston/feed/ HTTP/1.1" 304 - "-" "Mozilla/5.0 (compatible; PaperLiBot/2.1; https://support.paper.li/entries/20023257-what-is-paper-li)"
172.68.189.123 - - [17/Jul/2019:13:56:15 -0400] "POST /wp-cron.php?doing_wp_cron=1563386175.2087910175323486328125 HTTP/1.1" 200 20 "https://cary.mommybites.com/wp-cron.php?doing_wp_cron=1563386175.2087910175323486328125" "WordPress/4.9.6; https://cary.mommybites.com"
159.69.242.206 - - [17/Jul/2019:13:56:14 -0400] "GET /feed HTTP/1.1" 301 20 "-" "FeedBurner/1.0 (http://www.FeedBurner.com) Mozilla/5.0 (Macintosh; Intel Mac OS X 10_11_6) AppleWebKit/537.36 (KHTML, like Gecko) Chrome/63.0.3239.132 Safari/537.36 Specificfeeds- http://www.specificfeeds.com"
159.69.242.206 - - [17/Jul/2019:13:56:16 -0400] "GET /feed/ HTTP/1.1" 200 23048 "-" "FeedBurner/1.0 (http://www.FeedBurner.com) Mozilla/5.0 (Macintosh; Intel Mac OS X 10_11_6) AppleWebKit/537.36 (KHTML, like Gecko) Chrome/63.0.3239.132 Safari/537.36 Specificfeeds- http://www.specificfeeds.com"
159.69.242.206 - - [17/Jul/2019:18:20:56 -0400] "GET /feed HTTP/1.1" 301 20 "-" "FeedBurner/1.0 (http://www.FeedBurner.com) Mozilla/5.0 (Macintosh; Intel Mac OS X 10_11_6) AppleWebKit/537.36 (KHTML, like Gecko) Chrome/63.0.3239.132 Safari/537.36 Specificfeeds- http://www.specificfeeds.com"
172.68.143.56 - - [17/Jul/2019:18:20:56 -0400] "POST /wp-cron.php?doing_wp_cron=1563402056.9165050983428955078125 HTTP/1.1" 200 20 "https://cary.mommybites.com/wp-cron.php?doing_wp_cron=1563402056.9165050983428955078125" "WordPress/4.9.6; https://cary.mommybites.com"
159.69.242.206 - - [17/Jul/2019:18:20:59 -0400] "GET /feed/ HTTP/1.1" 200 23048 "-" "FeedBurner/1.0 (http://www.FeedBurner.com) Mozilla/5.0 (Macintosh; Intel Mac OS X 10_11_6) AppleWebKit/537.36 (KHTML, like Gecko) Chrome/63.0.3239.132 Safari/537.36 Specificfeeds- http://www.specificfeeds.com"
172.68.189.15 - - [17/Jul/2019:18:48:21 -0400] "POST /boston/wp-cron.php?doing_wp_cron=1563403701.1151769161224365234375 HTTP/1.1" 200 20 "https://cary.mommybites.com/boston/wp-cron.php?doing_wp_cron=1563403701.1151769161224365234375" "WordPress/4.9.6; https://cary.mommybites.com/boston"
37.187.162.191 - - [17/Jul/2019:18:48:20 -0400] "GET /boston/feed/ HTTP/1.1" 304 - "-" "Mozilla/5.0 (compatible; PaperLiBot/2.1; https://support.paper.li/entries/20023257-what-is-paper-li)"
172.69.69.126 - - [17/Jul/2019:21:11:46 -0400] "GET /newyork/files/2018/11/Flexible-jobs-for-parents-in-NYC-1-1024x683.jpg HTTP/1.1" 200 88290 "-" "Mozilla/5.0 (iPhone; CPU iPhone OS 12_3_1 like Mac OS X) AppleWebKit/605.1.15 (KHTML, like Gecko) Version/12.1.1 Mobile/15E148 Safari/604.1"
159.69.242.206 - - [17/Jul/2019:21:21:38 -0400] "GET /feed HTTP/1.1" 301 20 "-" "FeedBurner/1.0 (http://www.FeedBurner.com) Mozilla/5.0 (Macintosh; Intel Mac OS X 10_11_6) AppleWebKit/537.36 (KHTML, like Gecko) Chrome/63.0.3239.132 Safari/537.36 Specificfeeds- http://www.specificfeeds.com"
172.69.22.172 - - [17/Jul/2019:21:21:38 -0400] "POST /wp-cron.php?doing_wp_cron=1563412898.7097070217132568359375 HTTP/1.1" 200 20 "https://cary.mommybites.com/wp-cron.php?doing_wp_cron=1563412898.7097070217132568359375" "WordPress/4.9.6; https://cary.mommybites.com"
159.69.242.206 - - [17/Jul/2019:21:21:40 -0400] "GET /feed/ HTTP/1.1" 200 23048 "-" "FeedBurner/1.0 (http://www.FeedBurner.com) Mozilla/5.0 (Macintosh; Intel Mac OS X 10_11_6) AppleWebKit/537.36 (KHTML, like Gecko) Chrome/63.0.3239.132 Safari/537.36 Specificfeeds- http://www.specificfeeds.com"
172.69.22.244 - - [17/Jul/2019:21:42:51 -0400] "POST /wp-cron.php?doing_wp_cron=1563414171.0730850696563720703125 HTTP/1.1" 200 20 "https://cary.mommybites.com/wp-cron.php?doing_wp_cron=1563414171.0730850696563720703125" "WordPress/4.9.6; https://cary.mommybites.com"
159.69.242.206 - - [17/Jul/2019:21:42:50 -0400] "GET /feed HTTP/1.1" 301 20 "-" "FeedBurner/1.0 (http://www.FeedBurner.com) Mozilla/5.0 (Macintosh; Intel Mac OS X 10_11_6) AppleWebKit/537.36 (KHTML, like Gecko) Chrome/63.0.3239.132 Safari/537.36 Specificfeeds- http://www.specificfeeds.com"
159.69.242.206 - - [17/Jul/2019:21:42:52 -0400] "GET /feed/ HTTP/1.1" 200 23048 "-" "FeedBurner/1.0 (http://www.FeedBurner.com) Mozilla/5.0 (Macintosh; Intel Mac OS X 10_11_6) AppleWebKit/537.36 (KHTML, like Gecko) Chrome/63.0.3239.132 Safari/537.36 Specificfeeds- http://www.specificfeeds.com"
2607:fb90:7a11:822:4340:2669:2265:d203 - - [17/Jul/2019:23:11:11 -0400] "GET /newyork/files/2018/11/Flexible-jobs-for-parents-in-NYC-1-1024x683.jpg HTTP/1.1" 200 88290 "-" "Mozilla/5.0 (Linux; Android 8.1.0; LM-Q710(FGN)) AppleWebKit/537.36 (KHTML, like Gecko) Chrome/75.0.3770.143 Mobile Safari/537.36"
172.68.189.15 - - [18/Jul/2019:00:48:18 -0400] "POST /boston/wp-cron.php?doing_wp_cron=1563425298.4742219448089599609375 HTTP/1.1" 200 20 "https://cary.mommybites.com/boston/wp-cron.php?doing_wp_cron=1563425298.4742219448089599609375" "WordPress/4.9.6; https://cary.mommybites.com/boston"
37.187.162.191 - - [18/Jul/2019:00:48:18 -0400] "GET /boston/feed/ HTTP/1.1" 304 - "-" "Mozilla/5.0 (compatible; PaperLiBot/2.1; https://support.paper.li/entries/20023257-what-is-paper-li)"
172.68.142.247 - - [18/Jul/2019:01:17:38 -0400] "POST /wp-cron.php?doing_wp_cron=1563427058.6099879741668701171875 HTTP/1.1" 200 20 "https://cary.mommybites.com/wp-cron.php?doing_wp_cron=1563427058.6099879741668701171875" "WordPress/4.9.6; https://cary.mommybites.com"
159.69.189.72 - - [18/Jul/2019:01:17:38 -0400] "GET /feed HTTP/1.1" 301 20 "-" "FeedBurner/1.0 (http://www.FeedBurner.com) Mozilla/5.0 (Macintosh; Intel Mac OS X 10_11_6) AppleWebKit/537.36 (KHTML, like Gecko) Chrome/63.0.3239.132 Safari/537.36 Specificfeeds- http://www.specificfeeds.com"
159.69.189.72 - - [18/Jul/2019:01:17:40 -0400] "GET /feed/ HTTP/1.1" 200 23048 "-" "FeedBurner/1.0 (http://www.FeedBurner.com) Mozilla/5.0 (Macintosh; Intel Mac OS X 10_11_6) AppleWebKit/537.36 (KHTML, like Gecko) Chrome/63.0.3239.132 Safari/537.36 Specificfeeds- http://www.specificfeeds.com"
159.69.189.72 - - [18/Jul/2019:04:40:05 -0400] "GET /feed HTTP/1.1" 301 20 "-" "FeedBurner/1.0 (http://www.FeedBurner.com) Mozilla/5.0 (Macintosh; Intel Mac OS X 10_11_6) AppleWebKit/537.36 (KHTML, like Gecko) Chrome/63.0.3239.132 Safari/537.36 Specificfeeds- http://www.specificfeeds.com"
172.68.142.247 - - [18/Jul/2019:04:40:06 -0400] "POST /wp-cron.php?doing_wp_cron=1563439205.9538309574127197265625 HTTP/1.1" 200 20 "https://cary.mommybites.com/wp-cron.php?doing_wp_cron=1563439205.9538309574127197265625" "WordPress/4.9.6; https://cary.mommybites.com"
159.69.189.72 - - [18/Jul/2019:04:40:07 -0400] "GET /feed/ HTTP/1.1" 200 23048 "-" "FeedBurner/1.0 (http://www.FeedBurner.com) Mozilla/5.0 (Macintosh; Intel Mac OS X 10_11_6) AppleWebKit/537.36 (KHTML, like Gecko) Chrome/63.0.3239.132 Safari/537.36 Specificfeeds- http://www.specificfeeds.com"
205.164.44.178 - - [18/Jul/2019:06:48:20 -0400] "POST /boston/wp-cron.php?doing_wp_cron=1563446900.4026091098785400390625 HTTP/1.1" 200 20 "https://cary.mommybites.com/boston/wp-cron.php?doing_wp_cron=1563446900.4026091098785400390625" "WordPress/4.9.6; https://cary.mommybites.com/boston"
37.187.162.191 - - [18/Jul/2019:06:48:20 -0400] "GET /boston/feed/ HTTP/1.1" 304 - "-" "Mozilla/5.0 (compatible; PaperLiBot/2.1; https://support.paper.li/entries/20023257-what-is-paper-li)"
180.76.15.34 - - [18/Jul/2019:08:25:27 -0400] "GET /wp-content/plugins/mb-boards/css/board.css?ver=0.1.6 HTTP/1.1" 200 1445 "-" "Mozilla/5.0 (compatible; Baiduspider/2.0; +http://www.baidu.com/search/spider.html)"
205.164.44.178 - - [18/Jul/2019:08:42:44 -0400] "POST /wp-cron.php?doing_wp_cron=1563453764.7525899410247802734375 HTTP/1.1" 200 20 "https://cary.mommybites.com/wp-cron.php?doing_wp_cron=1563453764.7525899410247802734375" "WordPress/4.9.6; https://cary.mommybites.com"
159.69.189.72 - - [18/Jul/2019:08:42:44 -0400] "GET /feed HTTP/1.1" 301 20 "-" "FeedBurner/1.0 (http://www.FeedBurner.com) Mozilla/5.0 (Macintosh; Intel Mac OS X 10_11_6) AppleWebKit/537.36 (KHTML, like Gecko) Chrome/63.0.3239.132 Safari/537.36 Specificfeeds- http://www.specificfeeds.com"
159.69.189.72 - - [18/Jul/2019:08:42:47 -0400] "GET /feed/ HTTP/1.1" 200 23048 "-" "FeedBurner/1.0 (http://www.FeedBurner.com) Mozilla/5.0 (Macintosh; Intel Mac OS X 10_11_6) AppleWebKit/537.36 (KHTML, like Gecko) Chrome/63.0.3239.132 Safari/537.36 Specificfeeds- http://www.specificfeeds.com"
66.249.79.159 - - [18/Jul/2019:08:49:09 -0400] "GET /robots.txt HTTP/1.1" 200 486 "-" "Mozilla/5.0 (compatible; Googlebot/2.1; +http://www.google.com/bot.html)"
172.68.142.247 - - [18/Jul/2019:08:58:47 -0400] "POST /wp-cron.php?doing_wp_cron=1563454727.6843080520629882812500 HTTP/1.1" 200 20 "https://cary.mommybites.com/wp-cron.php?doing_wp_cron=1563454727.6843080520629882812500" "WordPress/4.9.6; https://cary.mommybites.com"
180.76.15.26 - - [18/Jul/2019:08:58:47 -0400] "GET / HTTP/1.1" 200 19157 "-" "Mozilla/5.0 (compatible; Baiduspider/2.0; +http://www.baidu.com/search/spider.html)"
205.164.44.178 - - [18/Jul/2019:10:57:39 -0400] "POST /wp-cron.php?doing_wp_cron=1563461859.8920838832855224609375 HTTP/1.1" 200 20 "https://cary.mommybites.com/wp-cron.php?doing_wp_cron=1563461859.8920838832855224609375" "WordPress/4.9.6; https://cary.mommybites.com"
71.105.119.18 - - [18/Jul/2019:10:57:39 -0400] "GET / HTTP/1.1" 200 21784 "-" "Mozilla/5.0 (Windows NT 10.0; Win64; x64) AppleWebKit/537.36 (KHTML, like Gecko) Chrome/75.0.3770.100 Safari/537.36"
71.105.119.18 - - [18/Jul/2019:10:57:41 -0400] "GET /wp-includes/css/admin-bar.min.css?ver=4.9.6 HTTP/1.1" 200 3910 "https://cary.mommybites.com/" "Mozilla/5.0 (Windows NT 10.0; Win64; x64) AppleWebKit/537.36 (KHTML, like Gecko) Chrome/75.0.3770.100 Safari/537.36"
71.105.119.18 - - [18/Jul/2019:10:57:41 -0400] "GET /wp-content/plugins/mb-boards/css/board.css?ver=0.1.6 HTTP/1.1" 200 1445 "https://cary.mommybites.com/" "Mozilla/5.0 (Windows NT 10.0; Win64; x64) AppleWebKit/537.36 (KHTML, like Gecko) Chrome/75.0.3770.100 Safari/537.36"
71.105.119.18 - - [18/Jul/2019:10:57:41 -0400] "GET /wp-content/plugins/wordpress-23-related-posts-plugin/static/themes/vertical-m.css?version=3.6.4 HTTP/1.1" 200 592 "https://cary.mommybites.com/" "Mozilla/5.0 (Windows NT 10.0; Win64; x64) AppleWebKit/537.36 (KHTML, like Gecko) Chrome/75.0.3770.100 Safari/537.36"
71.105.119.18 - - [18/Jul/2019:10:57:41 -0400] "GET /wp-content/themes/mb-std-17/css/template.css?ver=4.9.6 HTTP/1.1" 200 14121 "https://cary.mommybites.com/" "Mozilla/5.0 (Windows NT 10.0; Win64; x64) AppleWebKit/537.36 (KHTML, like Gecko) Chrome/75.0.3770.100 Safari/537.36"
71.105.119.18 - - [18/Jul/2019:10:57:41 -0400] "GET /wp-content/plugins/contact-form-7/includes/css/styles.css?ver=4.7 HTTP/1.1" 200 634 "https://cary.mommybites.com/" "Mozilla/5.0 (Windows NT 10.0; Win64; x64) AppleWebKit/537.36 (KHTML, like Gecko) Chrome/75.0.3770.100 Safari/537.36"
71.105.119.18 - - [18/Jul/2019:10:57:41 -0400] "GET /wp-content/themes/mb-std-17/style.css?ver=4.9.6 HTTP/1.1" 200 13593 "https://cary.mommybites.com/" "Mozilla/5.0 (Windows NT 10.0; Win64; x64) AppleWebKit/537.36 (KHTML, like Gecko) Chrome/75.0.3770.100 Safari/537.36"
71.105.119.18 - - [18/Jul/2019:10:57:41 -0400] "GET /wp-includes/css/dashicons.min.css?ver=4.9.6 HTTP/1.1" 200 28645 "https://cary.mommybites.com/" "Mozilla/5.0 (Windows NT 10.0; Win64; x64) AppleWebKit/537.36 (KHTML, like Gecko) Chrome/75.0.3770.100 Safari/537.36"
71.105.119.18 - - [18/Jul/2019:10:57:41 -0400] "GET /wp-content/themes/mb-std-17/genericons/genericons.css?ver=3.4.1 HTTP/1.1" 200 16441 "https://cary.mommybites.com/" "Mozilla/5.0 (Windows NT 10.0; Win64; x64) AppleWebKit/537.36 (KHTML, like Gecko) Chrome/75.0.3770.100 Safari/537.36"
71.105.119.18 - - [18/Jul/2019:10:57:41 -0400] "GET /wp-content/themes/mb-std-17/css/ie10-viewport-bug-workaround.css?ver=4.9.6 HTTP/1.1" 200 292 "https://cary.mommybites.com/" "Mozilla/5.0 (Windows NT 10.0; Win64; x64) AppleWebKit/537.36 (KHTML, like Gecko) Chrome/75.0.3770.100 Safari/537.36"
71.105.119.18 - - [18/Jul/2019:10:57:41 -0400] "GET /wp-content/plugins/super-socializer/css/share-svg.css?ver=7.12.21 HTTP/1.1" 200 31598 "https://cary.mommybites.com/" "Mozilla/5.0 (Windows NT 10.0; Win64; x64) AppleWebKit/537.36 (KHTML, like Gecko) Chrome/75.0.3770.100 Safari/537.36"
71.105.119.18 - - [18/Jul/2019:10:57:41 -0400] "GET /wp-includes/js/jquery/jquery-migrate.min.js?ver=1.4.1 HTTP/1.1" 200 4014 "https://cary.mommybites.com/" "Mozilla/5.0 (Windows NT 10.0; Win64; x64) AppleWebKit/537.36 (KHTML, like Gecko) Chrome/75.0.3770.100 Safari/537.36"
71.105.119.18 - - [18/Jul/2019:10:57:41 -0400] "GET /wp-content/plugins/show-current-template/css/style.css?ver=4.9.6 HTTP/1.1" 200 440 "https://cary.mommybites.com/" "Mozilla/5.0 (Windows NT 10.0; Win64; x64) AppleWebKit/537.36 (KHTML, like Gecko) Chrome/75.0.3770.100 Safari/537.36"
71.105.119.18 - - [18/Jul/2019:10:57:41 -0400] "GET /wp-content/plugins/super-socializer/css/front.css?ver=7.12.21 HTTP/1.1" 200 14322 "https://cary.mommybites.com/" "Mozilla/5.0 (Windows NT 10.0; Win64; x64) AppleWebKit/537.36 (KHTML, like Gecko) Chrome/75.0.3770.100 Safari/537.36"
71.105.119.18 - - [18/Jul/2019:10:57:41 -0400] "GET /wp-content/plugins/wordpress-23-related-posts-plugin/static/themes/edit_related_posts.css?ver=3.6.4 HTTP/1.1" 200 3171 "https://cary.mommybites.com/" "Mozilla/5.0 (Windows NT 10.0; Win64; x64) AppleWebKit/537.36 (KHTML, like Gecko) Chrome/75.0.3770.100 Safari/537.36"
71.105.119.18 - - [18/Jul/2019:10:57:41 -0400] "GET /wp-includes/js/jquery/jquery.js?ver=1.12.4 HTTP/1.1" 200 33766 "https://cary.mommybites.com/" "Mozilla/5.0 (Windows NT 10.0; Win64; x64) AppleWebKit/537.36 (KHTML, like Gecko) Chrome/75.0.3770.100 Safari/537.36"
71.105.119.18 - - [18/Jul/2019:10:57:41 -0400] "GET /wp-content/themes/mb-std-17/images/logo.png HTTP/1.1" 200 2837 "https://cary.mommybites.com/" "Mozilla/5.0 (Windows NT 10.0; Win64; x64) AppleWebKit/537.36 (KHTML, like Gecko) Chrome/75.0.3770.100 Safari/537.36"
71.105.119.18 - - [18/Jul/2019:10:57:41 -0400] "GET /wp-includes/js/admin-bar.min.js?ver=4.9.6 HTTP/1.1" 200 2470 "https://cary.mommybites.com/" "Mozilla/5.0 (Windows NT 10.0; Win64; x64) AppleWebKit/537.36 (KHTML, like Gecko) Chrome/75.0.3770.100 Safari/537.36"
71.105.119.18 - - [18/Jul/2019:10:57:41 -0400] "GET /wp-content/plugins/adrotate/library/jquery.adrotate.clicktracker.js HTTP/1.1" 200 537 "https://cary.mommybites.com/" "Mozilla/5.0 (Windows NT 10.0; Win64; x64) AppleWebKit/537.36 (KHTML, like Gecko) Chrome/75.0.3770.100 Safari/537.36"
71.105.119.18 - - [18/Jul/2019:10:57:41 -0400] "GET /wp-content/plugins/contact-form-7/includes/js/scripts.js?ver=4.7 HTTP/1.1" 200 3667 "https://cary.mommybites.com/" "Mozilla/5.0 (Windows NT 10.0; Win64; x64) AppleWebKit/537.36 (KHTML, like Gecko) Chrome/75.0.3770.100 Safari/537.36"
71.105.119.18 - - [18/Jul/2019:10:57:41 -0400] "GET /wp-content/plugins/contact-form-7/includes/js/jquery.form.min.js?ver=3.51.0-2014.06.20 HTTP/1.1" 200 5860 "https://cary.mommybites.com/" "Mozilla/5.0 (Windows NT 10.0; Win64; x64) AppleWebKit/537.36 (KHTML, like Gecko) Chrome/75.0.3770.100 Safari/537.36"
71.105.119.18 - - [18/Jul/2019:10:57:41 -0400] "GET /wp-content/plugins/mb-boards/js/board.js?ver=0.1.6 HTTP/1.1" 200 1452 "https://cary.mommybites.com/" "Mozilla/5.0 (Windows NT 10.0; Win64; x64) AppleWebKit/537.36 (KHTML, like Gecko) Chrome/75.0.3770.100 Safari/537.36"
71.105.119.18 - - [18/Jul/2019:10:57:42 -0400] "GET /wp-content/themes/mb-std-17/images/icon-classes-img4.png HTTP/1.1" 200 36239 "https://cary.mommybites.com/wp-content/themes/mb-std-17/css/template.css?ver=4.9.6" "Mozilla/5.0 (Windows NT 10.0; Win64; x64) AppleWebKit/537.36 (KHTML, like Gecko) Chrome/75.0.3770.100 Safari/537.36"
71.105.119.18 - - [18/Jul/2019:10:57:42 -0400] "GET /wp-content/themes/mb-std-17/images/icon-casting2-img.png HTTP/1.1" 200 40619 "https://cary.mommybites.com/wp-content/themes/mb-std-17/css/template.css?ver=4.9.6" "Mozilla/5.0 (Windows NT 10.0; Win64; x64) AppleWebKit/537.36 (KHTML, like Gecko) Chrome/75.0.3770.100 Safari/537.36"
71.105.119.18 - - [18/Jul/2019:10:57:42 -0400] "GET /wp-content/themes/mb-std-17/images/icon-nannies-img4.png HTTP/1.1" 200 32293 "https://cary.mommybites.com/wp-content/themes/mb-std-17/css/template.css?ver=4.9.6" "Mozilla/5.0 (Windows NT 10.0; Win64; x64) AppleWebKit/537.36 (KHTML, like Gecko) Chrome/75.0.3770.100 Safari/537.36"
71.105.119.18 - - [18/Jul/2019:10:57:42 -0400] "GET /wp-content/uploads/2018/12/scoop1.jpg HTTP/1.1" 200 35765 "https://cary.mommybites.com/wp-content/themes/mb-std-17/css/template.css?ver=4.9.6" "Mozilla/5.0 (Windows NT 10.0; Win64; x64) AppleWebKit/537.36 (KHTML, like Gecko) Chrome/75.0.3770.100 Safari/537.36"
71.105.119.18 - - [18/Jul/2019:10:57:42 -0400] "GET /wp-content/uploads/2018/12/Family2.jpg HTTP/1.1" 200 31707 "https://cary.mommybites.com/wp-content/themes/mb-std-17/css/template.css?ver=4.9.6" "Mozilla/5.0 (Windows NT 10.0; Win64; x64) AppleWebKit/537.36 (KHTML, like Gecko) Chrome/75.0.3770.100 Safari/537.36"
71.105.119.18 - - [18/Jul/2019:10:57:42 -0400] "GET /wp-content/plugins/mystickymenu/js/mystickymenu.min.js?ver=2.0.6 HTTP/1.1" 200 1228 "https://cary.mommybites.com/" "Mozilla/5.0 (Windows NT 10.0; Win64; x64) AppleWebKit/537.36 (KHTML, like Gecko) Chrome/75.0.3770.100 Safari/537.36"
71.105.119.18 - - [18/Jul/2019:10:57:42 -0400] "GET /wp-content/themes/mb-std-17/images/icon-jobs-img5.png HTTP/1.1" 200 31598 "https://cary.mommybites.com/wp-content/themes/mb-std-17/css/template.css?ver=4.9.6" "Mozilla/5.0 (Windows NT 10.0; Win64; x64) AppleWebKit/537.36 (KHTML, like Gecko) Chrome/75.0.3770.100 Safari/537.36"
71.105.119.18 - - [18/Jul/2019:10:57:42 -0400] "GET /wp-content/themes/mb-std-17/js/ie-emulation-modes-warning.js?ver=20151215 HTTP/1.1" 200 1039 "https://cary.mommybites.com/" "Mozilla/5.0 (Windows NT 10.0; Win64; x64) AppleWebKit/537.36 (KHTML, like Gecko) Chrome/75.0.3770.100 Safari/537.36"
71.105.119.18 - - [18/Jul/2019:10:57:42 -0400] "GET /wp-content/themes/mb-std-17/js/html5shiv/html5shiv.min.js?ver=20151215 HTTP/1.1" 200 1309 "https://cary.mommybites.com/" "Mozilla/5.0 (Windows NT 10.0; Win64; x64) AppleWebKit/537.36 (KHTML, like Gecko) Chrome/75.0.3770.100 Safari/537.36"
71.105.119.18 - - [18/Jul/2019:10:57:42 -0400] "GET /wp-content/themes/mb-std-17/js/html5shiv/respond.min.js?ver=20151215 HTTP/1.1" 200 2151 "https://cary.mommybites.com/" "Mozilla/5.0 (Windows NT 10.0; Win64; x64) AppleWebKit/537.36 (KHTML, like Gecko) Chrome/75.0.3770.100 Safari/537.36"
71.105.119.18 - - [18/Jul/2019:10:57:42 -0400] "GET /wp-content/themes/mb-std-17/js/functions.js?ver=1533317725 HTTP/1.1" 200 2995 "https://cary.mommybites.com/" "Mozilla/5.0 (Windows NT 10.0; Win64; x64) AppleWebKit/537.36 (KHTML, like Gecko) Chrome/75.0.3770.100 Safari/537.36"
71.105.119.18 - - [18/Jul/2019:10:57:42 -0400] "GET /wp-content/themes/mb-std-17/js/skip-link-focus-fix.js?ver=20151215 HTTP/1.1" 200 472 "https://cary.mommybites.com/" "Mozilla/5.0 (Windows NT 10.0; Win64; x64) AppleWebKit/537.36 (KHTML, like Gecko) Chrome/75.0.3770.100 Safari/537.36"
71.105.119.18 - - [18/Jul/2019:10:57:42 -0400] "GET /wp-content/plugins/super-socializer/js/front/social_login/general.js?ver=7.12.21 HTTP/1.1" 200 1454 "https://cary.mommybites.com/" "Mozilla/5.0 (Windows NT 10.0; Win64; x64) AppleWebKit/537.36 (KHTML, like Gecko) Chrome/75.0.3770.100 Safari/537.36"
71.105.119.18 - - [18/Jul/2019:10:57:42 -0400] "GET /wp-content/plugins/super-socializer/js/front/facebook/sdk.js?ver=7.12.21 HTTP/1.1" 200 729 "https://cary.mommybites.com/" "Mozilla/5.0 (Windows NT 10.0; Win64; x64) AppleWebKit/537.36 (KHTML, like Gecko) Chrome/75.0.3770.100 Safari/537.36"
71.105.119.18 - - [18/Jul/2019:10:57:42 -0400] "GET /wp-content/plugins/super-socializer/js/front/facebook/commenting.js?ver=7.12.21 HTTP/1.1" 200 1613 "https://cary.mommybites.com/" "Mozilla/5.0 (Windows NT 10.0; Win64; x64) AppleWebKit/537.36 (KHTML, like Gecko) Chrome/75.0.3770.100 Safari/537.36"
71.105.119.18 - - [18/Jul/2019:10:57:42 -0400] "GET /wp-content/plugins/super-socializer/js/front/sharing/sharing.js?ver=7.12.21 HTTP/1.1" 200 11309 "https://cary.mommybites.com/" "Mozilla/5.0 (Windows NT 10.0; Win64; x64) AppleWebKit/537.36 (KHTML, like Gecko) Chrome/75.0.3770.100 Safari/537.36"
71.105.119.18 - - [18/Jul/2019:10:57:42 -0400] "GET /wp-includes/js/wp-embed.min.js?ver=4.9.6 HTTP/1.1" 200 751 "https://cary.mommybites.com/" "Mozilla/5.0 (Windows NT 10.0; Win64; x64) AppleWebKit/537.36 (KHTML, like Gecko) Chrome/75.0.3770.100 Safari/537.36"
71.105.119.18 - - [18/Jul/2019:10:57:42 -0400] "GET /wp-includes/js/wp-emoji-release.min.js?ver=4.9.6 HTTP/1.1" 200 4211 "https://cary.mommybites.com/" "Mozilla/5.0 (Windows NT 10.0; Win64; x64) AppleWebKit/537.36 (KHTML, like Gecko) Chrome/75.0.3770.100 Safari/537.36"
71.105.119.18 - - [18/Jul/2019:10:57:42 -0400] "GET /wp-content/plugins/wordpress-23-related-posts-plugin/static/js/edit_related_posts.js?ver=3.6.4 HTTP/1.1" 200 5164 "https://cary.mommybites.com/" "Mozilla/5.0 (Windows NT 10.0; Win64; x64) AppleWebKit/537.36 (KHTML, like Gecko) Chrome/75.0.3770.100 Safari/537.36"
71.105.119.18 - - [18/Jul/2019:10:57:43 -0400] "GET /wp-content/uploads/2017/03/BabyKtanIMAGE.jpg HTTP/1.1" 200 60736 "https://cary.mommybites.com/" "Mozilla/5.0 (Windows NT 10.0; Win64; x64) AppleWebKit/537.36 (KHTML, like Gecko) Chrome/75.0.3770.100 Safari/537.36"
71.105.119.18 - - [18/Jul/2019:10:57:43 -0400] "GET /wp-content/uploads/2017/03/iStock_kidstakingtest.jpg HTTP/1.1" 200 138044 "https://cary.mommybites.com/" "Mozilla/5.0 (Windows NT 10.0; Win64; x64) AppleWebKit/537.36 (KHTML, like Gecko) Chrome/75.0.3770.100 Safari/537.36"
71.105.119.18 - - [18/Jul/2019:10:57:43 -0400] "GET /wp-content/uploads/2017/03/toddlerxylophone.jpg HTTP/1.1" 200 56397 "https://cary.mommybites.com/" "Mozilla/5.0 (Windows NT 10.0; Win64; x64) AppleWebKit/537.36 (KHTML, like Gecko) Chrome/75.0.3770.100 Safari/537.36"
71.105.119.18 - - [18/Jul/2019:10:57:43 -0400] "GET /wp-content/uploads/2013/11/Ask_toddler-thumbnail.jpg HTTP/1.1" 200 61233 "https://cary.mommybites.com/" "Mozilla/5.0 (Windows NT 10.0; Win64; x64) AppleWebKit/537.36 (KHTML, like Gecko) Chrome/75.0.3770.100 Safari/537.36"
71.105.119.18 - - [18/Jul/2019:10:57:43 -0400] "GET /wp-content/uploads/2019/06/Mommybites-newsletter-pop-up2.jpg HTTP/1.1" 200 27549 "https://cary.mommybites.com/wp-content/themes/mb-std-17/css/template.css?ver=4.9.6" "Mozilla/5.0 (Windows NT 10.0; Win64; x64) AppleWebKit/537.36 (KHTML, like Gecko) Chrome/75.0.3770.100 Safari/537.36"
71.105.119.18 - - [18/Jul/2019:10:57:43 -0400] "GET /wp-content/uploads/2012/10/nurserycolors2.jpg HTTP/1.1" 200 112693 "https://cary.mommybites.com/" "Mozilla/5.0 (Windows NT 10.0; Win64; x64) AppleWebKit/537.36 (KHTML, like Gecko) Chrome/75.0.3770.100 Safari/537.36"
71.105.119.18 - - [18/Jul/2019:10:57:43 -0400] "GET /wp-content/uploads/2016/10/iStock_breastfeeding.jpg HTTP/1.1" 200 431106 "https://cary.mommybites.com/" "Mozilla/5.0 (Windows NT 10.0; Win64; x64) AppleWebKit/537.36 (KHTML, like Gecko) Chrome/75.0.3770.100 Safari/537.36"
71.105.119.18 - - [18/Jul/2019:10:57:43 -0400] "GET /wp-content/uploads/2013/11/Ask_toddler-thumbnail-50x50.jpg HTTP/1.1" 200 2407 "https://cary.mommybites.com/" "Mozilla/5.0 (Windows NT 10.0; Win64; x64) AppleWebKit/537.36 (KHTML, like Gecko) Chrome/75.0.3770.100 Safari/537.36"
71.105.119.18 - - [18/Jul/2019:10:57:43 -0400] "GET /wp-content/uploads/2017/03/toddlerxylophone-50x50.jpg HTTP/1.1" 200 1774 "https://cary.mommybites.com/" "Mozilla/5.0 (Windows NT 10.0; Win64; x64) AppleWebKit/537.36 (KHTML, like Gecko) Chrome/75.0.3770.100 Safari/537.36"
71.105.119.18 - - [18/Jul/2019:10:57:43 -0400] "GET /wp-content/uploads/2017/03/MommyConOC2016-291-50x50.jpg HTTP/1.1" 200 1981 "https://cary.mommybites.com/" "Mozilla/5.0 (Windows NT 10.0; Win64; x64) AppleWebKit/537.36 (KHTML, like Gecko) Chrome/75.0.3770.100 Safari/537.36"
71.105.119.18 - - [18/Jul/2019:10:57:43 -0400] "GET /wp-content/uploads/2016/09/MB-Chit-Chat_150x150-50x50.jpg HTTP/1.1" 200 2437 "https://cary.mommybites.com/" "Mozilla/5.0 (Windows NT 10.0; Win64; x64) AppleWebKit/537.36 (KHTML, like Gecko) Chrome/75.0.3770.100 Safari/537.36"
71.105.119.18 - - [18/Jul/2019:10:57:43 -0400] "GET /wp-content/uploads/2017/03/playground1-50x50.jpg HTTP/1.1" 200 2168 "https://cary.mommybites.com/" "Mozilla/5.0 (Windows NT 10.0; Win64; x64) AppleWebKit/537.36 (KHTML, like Gecko) Chrome/75.0.3770.100 Safari/537.36"
71.105.119.18 - - [18/Jul/2019:10:57:43 -0400] "GET /wp-content/uploads/2015/10/Screen-time-50x50.jpg HTTP/1.1" 200 2066 "https://cary.mommybites.com/" "Mozilla/5.0 (Windows NT 10.0; Win64; x64) AppleWebKit/537.36 (KHTML, like Gecko) Chrome/75.0.3770.100 Safari/537.36"
71.105.119.18 - - [18/Jul/2019:10:57:43 -0400] "GET /wp-content/uploads/2017/03/iStock_kidstakingtest-50x50.jpg HTTP/1.1" 200 1589 "https://cary.mommybites.com/" "Mozilla/5.0 (Windows NT 10.0; Win64; x64) AppleWebKit/537.36 (KHTML, like Gecko) Chrome/75.0.3770.100 Safari/537.36"
71.105.119.18 - - [18/Jul/2019:10:57:43 -0400] "GET /wp-content/uploads/2019/06/Newsletter-sticky-footer-320x50.jpg HTTP/1.1" 200 4940 "https://cary.mommybites.com/" "Mozilla/5.0 (Windows NT 10.0; Win64; x64) AppleWebKit/537.36 (KHTML, like Gecko) Chrome/75.0.3770.100 Safari/537.36"
71.105.119.18 - - [18/Jul/2019:10:57:44 -0400] "GET /wp-content/themes/mb-std-17/images/favicon-32x32.png HTTP/1.1" 200 1367 "https://cary.mommybites.com/" "Mozilla/5.0 (Windows NT 10.0; Win64; x64) AppleWebKit/537.36 (KHTML, like Gecko) Chrome/75.0.3770.100 Safari/537.36"
71.105.119.18 - - [18/Jul/2019:10:58:06 -0400] "GET /wp-content/themes/mb-std-17/css/template.css?ver=4.9.4 HTTP/1.1" 200 14121 "-" "Mozilla/5.0 (Windows NT 10.0; Win64; x64) AppleWebKit/537.36 (KHTML, like Gecko) Chrome/75.0.3770.100 Safari/537.36"
71.105.119.18 - - [18/Jul/2019:10:58:07 -0400] "GET /favicon.ico HTTP/1.1" 200 473 "https://cary.mommybites.com/wp-content/themes/mb-std-17/css/template.css?ver=4.9.4" "Mozilla/5.0 (Windows NT 10.0; Win64; x64) AppleWebKit/537.36 (KHTML, like Gecko) Chrome/75.0.3770.100 Safari/537.36"
71.105.119.18 - - [18/Jul/2019:10:58:09 -0400] "GET /wp-content/themes/mb-std-17/css/template.css?ver=4.9.4 HTTP/1.1" 200 14121 "-" "Mozilla/5.0 (Windows NT 10.0; Win64; x64) AppleWebKit/537.36 (KHTML, like Gecko) Chrome/75.0.3770.100 Safari/537.36"
71.105.119.18 - - [18/Jul/2019:10:58:15 -0400] "GET / HTTP/1.1" 200 21784 "-" "Mozilla/5.0 (Windows NT 10.0; Win64; x64) AppleWebKit/537.36 (KHTML, like Gecko) Chrome/75.0.3770.100 Safari/537.36"
71.105.119.18 - - [18/Jul/2019:10:58:17 -0400] "GET / HTTP/1.1" 200 21784 "-" "Mozilla/5.0 (Windows NT 10.0; Win64; x64) AppleWebKit/537.36 (KHTML, like Gecko) Chrome/75.0.3770.100 Safari/537.36"
71.105.119.18 - - [18/Jul/2019:10:58:27 -0400] "GET /wp-content/themes/mb-std-17/css/template.css?ver=4.9.6 HTTP/1.1" 200 14121 "-" "Mozilla/5.0 (Windows NT 10.0; Win64; x64) AppleWebKit/537.36 (KHTML, like Gecko) Chrome/75.0.3770.100 Safari/537.36"
71.105.119.18 - - [18/Jul/2019:11:00:09 -0400] "GET /wp-content/themes/mb-std-17/css/template.css?ver=4.9.4 HTTP/1.1" 200 12911 "-" "Mozilla/5.0 (Windows NT 10.0; Win64; x64) AppleWebKit/537.36 (KHTML, like Gecko) Chrome/75.0.3770.100 Safari/537.36"
172.69.22.172 - - [18/Jul/2019:11:00:20 -0400] "POST /newyork/wp-cron.php?doing_wp_cron=1563462020.9223830699920654296875 HTTP/1.1" 200 20 "https://cary.mommybites.com/newyork/wp-cron.php?doing_wp_cron=1563462020.9223830699920654296875" "WordPress/4.9.6; https://cary.mommybites.com/newyork"
71.105.119.18 - - [18/Jul/2019:11:00:20 -0400] "GET /newyork/child-care/nanny-post/ HTTP/1.1" 200 18128 "https://cary.mommybites.com/" "Mozilla/5.0 (Windows NT 10.0; Win64; x64) AppleWebKit/537.36 (KHTML, like Gecko) Chrome/75.0.3770.100 Safari/537.36"
71.105.119.18 - - [18/Jul/2019:11:00:21 -0400] "GET /newyork/wp-includes/css/admin-bar.min.css?ver=4.9.6 HTTP/1.1" 200 3910 "https://cary.mommybites.com/newyork/child-care/nanny-post/" "Mozilla/5.0 (Windows NT 10.0; Win64; x64) AppleWebKit/537.36 (KHTML, like Gecko) Chrome/75.0.3770.100 Safari/537.36"
71.105.119.18 - - [18/Jul/2019:11:00:21 -0400] "GET /newyork/wp-content/plugins/contact-form-7/includes/css/styles.css?ver=4.7 HTTP/1.1" 200 634 "https://cary.mommybites.com/newyork/child-care/nanny-post/" "Mozilla/5.0 (Windows NT 10.0; Win64; x64) AppleWebKit/537.36 (KHTML, like Gecko) Chrome/75.0.3770.100 Safari/537.36"
71.105.119.18 - - [18/Jul/2019:11:00:21 -0400] "GET /newyork/wp-content/plugins/mb-boards/css/board.css?ver=0.1.6 HTTP/1.1" 200 1445 "https://cary.mommybites.com/newyork/child-care/nanny-post/" "Mozilla/5.0 (Windows NT 10.0; Win64; x64) AppleWebKit/537.36 (KHTML, like Gecko) Chrome/75.0.3770.100 Safari/537.36"
71.105.119.18 - - [18/Jul/2019:11:00:21 -0400] "GET /newyork/wp-content/themes/mb-std-17/css/board.css?ver=4.9.6 HTTP/1.1" 200 1408 "https://cary.mommybites.com/newyork/child-care/nanny-post/" "Mozilla/5.0 (Windows NT 10.0; Win64; x64) AppleWebKit/537.36 (KHTML, like Gecko) Chrome/75.0.3770.100 Safari/537.36"
71.105.119.18 - - [18/Jul/2019:11:00:21 -0400] "GET /newyork/wp-includes/css/dashicons.min.css?ver=4.9.6 HTTP/1.1" 200 28645 "https://cary.mommybites.com/newyork/child-care/nanny-post/" "Mozilla/5.0 (Windows NT 10.0; Win64; x64) AppleWebKit/537.36 (KHTML, like Gecko) Chrome/75.0.3770.100 Safari/537.36"
71.105.119.18 - - [18/Jul/2019:11:00:21 -0400] "GET /newyork/wp-content/themes/mb-std-17/style.css?ver=4.9.6 HTTP/1.1" 200 13593 "https://cary.mommybites.com/newyork/child-care/nanny-post/" "Mozilla/5.0 (Windows NT 10.0; Win64; x64) AppleWebKit/537.36 (KHTML, like Gecko) Chrome/75.0.3770.100 Safari/537.36"
71.105.119.18 - - [18/Jul/2019:11:00:21 -0400] "GET /newyork/wp-content/themes/mb-std-17/genericons/genericons.css?ver=3.4.1 HTTP/1.1" 200 16441 "https://cary.mommybites.com/newyork/child-care/nanny-post/" "Mozilla/5.0 (Windows NT 10.0; Win64; x64) AppleWebKit/537.36 (KHTML, like Gecko) Chrome/75.0.3770.100 Safari/537.36"
71.105.119.18 - - [18/Jul/2019:11:00:21 -0400] "GET /newyork/wp-content/themes/mb-std-17/css/ie10-viewport-bug-workaround.css?ver=4.9.6 HTTP/1.1" 200 292 "https://cary.mommybites.com/newyork/child-care/nanny-post/" "Mozilla/5.0 (Windows NT 10.0; Win64; x64) AppleWebKit/537.36 (KHTML, like Gecko) Chrome/75.0.3770.100 Safari/537.36"
71.105.119.18 - - [18/Jul/2019:11:00:21 -0400] "GET /newyork/wp-content/plugins/super-socializer/css/front.css?ver=7.12.21 HTTP/1.1" 200 14322 "https://cary.mommybites.com/newyork/child-care/nanny-post/" "Mozilla/5.0 (Windows NT 10.0; Win64; x64) AppleWebKit/537.36 (KHTML, like Gecko) Chrome/75.0.3770.100 Safari/537.36"
71.105.119.18 - - [18/Jul/2019:11:00:22 -0400] "GET /newyork/wp-content/plugins/wordpress-23-related-posts-plugin/static/themes/vertical-m.css?version=3.6.4 HTTP/1.1" 200 592 "https://cary.mommybites.com/newyork/child-care/nanny-post/" "Mozilla/5.0 (Windows NT 10.0; Win64; x64) AppleWebKit/537.36 (KHTML, like Gecko) Chrome/75.0.3770.100 Safari/537.36"
71.105.119.18 - - [18/Jul/2019:11:00:22 -0400] "GET /newyork/wp-content/themes/mb-std-17/css/template.css?ver=4.9.6 HTTP/1.1" 200 12911 "https://cary.mommybites.com/newyork/child-care/nanny-post/" "Mozilla/5.0 (Windows NT 10.0; Win64; x64) AppleWebKit/537.36 (KHTML, like Gecko) Chrome/75.0.3770.100 Safari/537.36"
71.105.119.18 - - [18/Jul/2019:11:00:21 -0400] "GET /newyork/wp-content/plugins/super-socializer/css/share-svg.css?ver=7.12.21 HTTP/1.1" 200 31598 "https://cary.mommybites.com/newyork/child-care/nanny-post/" "Mozilla/5.0 (Windows NT 10.0; Win64; x64) AppleWebKit/537.36 (KHTML, like Gecko) Chrome/75.0.3770.100 Safari/537.36"
71.105.119.18 - - [18/Jul/2019:11:00:22 -0400] "GET /newyork/wp-includes/js/jquery/jquery-migrate.min.js?ver=1.4.1 HTTP/1.1" 200 4014 "https://cary.mommybites.com/newyork/child-care/nanny-post/" "Mozilla/5.0 (Windows NT 10.0; Win64; x64) AppleWebKit/537.36 (KHTML, like Gecko) Chrome/75.0.3770.100 Safari/537.36"
71.105.119.18 - - [18/Jul/2019:11:00:22 -0400] "GET /newyork/wp-content/plugins/show-current-template/css/style.css?ver=4.9.6 HTTP/1.1" 200 440 "https://cary.mommybites.com/newyork/child-care/nanny-post/" "Mozilla/5.0 (Windows NT 10.0; Win64; x64) AppleWebKit/537.36 (KHTML, like Gecko) Chrome/75.0.3770.100 Safari/537.36"
71.105.119.18 - - [18/Jul/2019:11:00:22 -0400] "GET /newyork/wp-content/plugins/wordpress-23-related-posts-plugin/static/themes/edit_related_posts.css?ver=3.6.4 HTTP/1.1" 200 3171 "https://cary.mommybites.com/newyork/child-care/nanny-post/" "Mozilla/5.0 (Windows NT 10.0; Win64; x64) AppleWebKit/537.36 (KHTML, like Gecko) Chrome/75.0.3770.100 Safari/537.36"
71.105.119.18 - - [18/Jul/2019:11:00:22 -0400] "GET /newyork/wp-includes/js/jquery/jquery.js?ver=1.12.4 HTTP/1.1" 200 33766 "https://cary.mommybites.com/newyork/child-care/nanny-post/" "Mozilla/5.0 (Windows NT 10.0; Win64; x64) AppleWebKit/537.36 (KHTML, like Gecko) Chrome/75.0.3770.100 Safari/537.36"
71.105.119.18 - - [18/Jul/2019:11:00:22 -0400] "GET /newyork/wp-content/themes/mb-std-17/images/logo.png HTTP/1.1" 200 2837 "https://cary.mommybites.com/newyork/child-care/nanny-post/" "Mozilla/5.0 (Windows NT 10.0; Win64; x64) AppleWebKit/537.36 (KHTML, like Gecko) Chrome/75.0.3770.100 Safari/537.36"
71.105.119.18 - - [18/Jul/2019:11:00:22 -0400] "GET /newyork/wp-includes/js/admin-bar.min.js?ver=4.9.6 HTTP/1.1" 200 2470 "https://cary.mommybites.com/newyork/child-care/nanny-post/" "Mozilla/5.0 (Windows NT 10.0; Win64; x64) AppleWebKit/537.36 (KHTML, like Gecko) Chrome/75.0.3770.100 Safari/537.36"
71.105.119.18 - - [18/Jul/2019:11:00:22 -0400] "GET /newyork/wp-content/plugins/adrotate/library/jquery.adrotate.clicktracker.js HTTP/1.1" 200 537 "https://cary.mommybites.com/newyork/child-care/nanny-post/" "Mozilla/5.0 (Windows NT 10.0; Win64; x64) AppleWebKit/537.36 (KHTML, like Gecko) Chrome/75.0.3770.100 Safari/537.36"
71.105.119.18 - - [18/Jul/2019:11:00:22 -0400] "GET /newyork/wp-content/plugins/contact-form-7/includes/js/jquery.form.min.js?ver=3.51.0-2014.06.20 HTTP/1.1" 200 5860 "https://cary.mommybites.com/newyork/child-care/nanny-post/" "Mozilla/5.0 (Windows NT 10.0; Win64; x64) AppleWebKit/537.36 (KHTML, like Gecko) Chrome/75.0.3770.100 Safari/537.36"
71.105.119.18 - - [18/Jul/2019:11:00:22 -0400] "GET /newyork/wp-content/plugins/contact-form-7/includes/js/scripts.js?ver=4.7 HTTP/1.1" 200 3667 "https://cary.mommybites.com/newyork/child-care/nanny-post/" "Mozilla/5.0 (Windows NT 10.0; Win64; x64) AppleWebKit/537.36 (KHTML, like Gecko) Chrome/75.0.3770.100 Safari/537.36"
71.105.119.18 - - [18/Jul/2019:11:00:22 -0400] "GET /newyork/wp-content/plugins/mb-boards/js/board.js?ver=0.1.6 HTTP/1.1" 200 1452 "https://cary.mommybites.com/newyork/child-care/nanny-post/" "Mozilla/5.0 (Windows NT 10.0; Win64; x64) AppleWebKit/537.36 (KHTML, like Gecko) Chrome/75.0.3770.100 Safari/537.36"
71.105.119.18 - - [18/Jul/2019:11:00:22 -0400] "GET /newyork/wp-content/themes/mb-std-17/js/ie-emulation-modes-warning.js?ver=20151215 HTTP/1.1" 200 1039 "https://cary.mommybites.com/newyork/child-care/nanny-post/" "Mozilla/5.0 (Windows NT 10.0; Win64; x64) AppleWebKit/537.36 (KHTML, like Gecko) Chrome/75.0.3770.100 Safari/537.36"
71.105.119.18 - - [18/Jul/2019:11:00:22 -0400] "GET /newyork/wp-content/plugins/mystickymenu/js/mystickymenu.min.js?ver=2.0.6 HTTP/1.1" 200 1228 "https://cary.mommybites.com/newyork/child-care/nanny-post/" "Mozilla/5.0 (Windows NT 10.0; Win64; x64) AppleWebKit/537.36 (KHTML, like Gecko) Chrome/75.0.3770.100 Safari/537.36"
71.105.119.18 - - [18/Jul/2019:11:00:22 -0400] "GET /newyork/files/2011/11/disclaimer950x64.jpg HTTP/1.1" 200 54049 "https://cary.mommybites.com/newyork/child-care/nanny-post/" "Mozilla/5.0 (Windows NT 10.0; Win64; x64) AppleWebKit/537.36 (KHTML, like Gecko) Chrome/75.0.3770.100 Safari/537.36"
71.105.119.18 - - [18/Jul/2019:11:00:22 -0400] "GET /newyork/files/2019/02/HomeWork-Solutions.jpg HTTP/1.1" 200 34803 "https://cary.mommybites.com/newyork/child-care/nanny-post/" "Mozilla/5.0 (Windows NT 10.0; Win64; x64) AppleWebKit/537.36 (KHTML, like Gecko) Chrome/75.0.3770.100 Safari/537.36"
71.105.119.18 - - [18/Jul/2019:11:00:22 -0400] "GET /newyork/wp-content/themes/mb-std-17/js/html5shiv/html5shiv.min.js?ver=20151215 HTTP/1.1" 200 1309 "https://cary.mommybites.com/newyork/child-care/nanny-post/" "Mozilla/5.0 (Windows NT 10.0; Win64; x64) AppleWebKit/537.36 (KHTML, like Gecko) Chrome/75.0.3770.100 Safari/537.36"
71.105.119.18 - - [18/Jul/2019:11:00:22 -0400] "GET /newyork/wp-content/themes/mb-std-17/js/html5shiv/respond.min.js?ver=20151215 HTTP/1.1" 200 2151 "https://cary.mommybites.com/newyork/child-care/nanny-post/" "Mozilla/5.0 (Windows NT 10.0; Win64; x64) AppleWebKit/537.36 (KHTML, like Gecko) Chrome/75.0.3770.100 Safari/537.36"
71.105.119.18 - - [18/Jul/2019:11:00:22 -0400] "GET /newyork/wp-content/themes/mb-std-17/js/skip-link-focus-fix.js?ver=20151215 HTTP/1.1" 200 472 "https://cary.mommybites.com/newyork/child-care/nanny-post/" "Mozilla/5.0 (Windows NT 10.0; Win64; x64) AppleWebKit/537.36 (KHTML, like Gecko) Chrome/75.0.3770.100 Safari/537.36"
71.105.119.18 - - [18/Jul/2019:11:00:22 -0400] "GET /newyork/wp-content/themes/mb-std-17/js/functions.js?ver=1533317725 HTTP/1.1" 200 2995 "https://cary.mommybites.com/newyork/child-care/nanny-post/" "Mozilla/5.0 (Windows NT 10.0; Win64; x64) AppleWebKit/537.36 (KHTML, like Gecko) Chrome/75.0.3770.100 Safari/537.36"
71.105.119.18 - - [18/Jul/2019:11:00:23 -0400] "GET /newyork/wp-content/plugins/super-socializer/js/front/social_login/general.js?ver=7.12.21 HTTP/1.1" 200 1454 "https://cary.mommybites.com/newyork/child-care/nanny-post/" "Mozilla/5.0 (Windows NT 10.0; Win64; x64) AppleWebKit/537.36 (KHTML, like Gecko) Chrome/75.0.3770.100 Safari/537.36"
71.105.119.18 - - [18/Jul/2019:11:00:23 -0400] "GET /newyork/wp-content/plugins/super-socializer/js/front/facebook/sdk.js?ver=7.12.21 HTTP/1.1" 200 729 "https://cary.mommybites.com/newyork/child-care/nanny-post/" "Mozilla/5.0 (Windows NT 10.0; Win64; x64) AppleWebKit/537.36 (KHTML, like Gecko) Chrome/75.0.3770.100 Safari/537.36"
71.105.119.18 - - [18/Jul/2019:11:00:23 -0400] "GET /newyork/wp-content/plugins/super-socializer/js/front/sharing/sharing.js?ver=7.12.21 HTTP/1.1" 200 11309 "https://cary.mommybites.com/newyork/child-care/nanny-post/" "Mozilla/5.0 (Windows NT 10.0; Win64; x64) AppleWebKit/537.36 (KHTML, like Gecko) Chrome/75.0.3770.100 Safari/537.36"
71.105.119.18 - - [18/Jul/2019:11:00:23 -0400] "GET /newyork/wp-includes/js/wp-embed.min.js?ver=4.9.6 HTTP/1.1" 200 751 "https://cary.mommybites.com/newyork/child-care/nanny-post/" "Mozilla/5.0 (Windows NT 10.0; Win64; x64) AppleWebKit/537.36 (KHTML, like Gecko) Chrome/75.0.3770.100 Safari/537.36"
71.105.119.18 - - [18/Jul/2019:11:00:23 -0400] "GET /newyork/wp-content/plugins/wordpress-23-related-posts-plugin/static/js/edit_related_posts.js?ver=3.6.4 HTTP/1.1" 200 5164 "https://cary.mommybites.com/newyork/child-care/nanny-post/" "Mozilla/5.0 (Windows NT 10.0; Win64; x64) AppleWebKit/537.36 (KHTML, like Gecko) Chrome/75.0.3770.100 Safari/537.36"
71.105.119.18 - - [18/Jul/2019:11:00:23 -0400] "GET /newyork/wp-content/plugins/mb-boards/js/nanny-form.js?ver=1.48 HTTP/1.1" 200 2150 "https://cary.mommybites.com/newyork/child-care/nanny-post/" "Mozilla/5.0 (Windows NT 10.0; Win64; x64) AppleWebKit/537.36 (KHTML, like Gecko) Chrome/75.0.3770.100 Safari/537.36"
71.105.119.18 - - [18/Jul/2019:11:00:23 -0400] "GET /newyork/wp-includes/js/wp-emoji-release.min.js?ver=4.9.6 HTTP/1.1" 200 4211 "https://cary.mommybites.com/newyork/child-care/nanny-post/" "Mozilla/5.0 (Windows NT 10.0; Win64; x64) AppleWebKit/537.36 (KHTML, like Gecko) Chrome/75.0.3770.100 Safari/537.36"
71.105.119.18 - - [18/Jul/2019:11:00:23 -0400] "GET /newyork/wp-content/themes/mb-std-17/images/favicon-32x32.png HTTP/1.1" 200 1367 "https://cary.mommybites.com/newyork/child-care/nanny-post/" "Mozilla/5.0 (Windows NT 10.0; Win64; x64) AppleWebKit/537.36 (KHTML, like Gecko) Chrome/75.0.3770.100 Safari/537.36"
71.105.119.18 - - [18/Jul/2019:11:00:23 -0400] "GET /newyork/wp-content/themes/mb-std-17/images/site.webmanifest HTTP/1.1" 200 190 "https://cary.mommybites.com/newyork/child-care/nanny-post/" "Mozilla/5.0 (Windows NT 10.0; Win64; x64) AppleWebKit/537.36 (KHTML, like Gecko) Chrome/75.0.3770.100 Safari/537.36"
172.68.133.122 - - [18/Jul/2019:11:24:44 -0400] "POST /wp-cron.php?doing_wp_cron=1563463484.2081611156463623046875 HTTP/1.1" 200 20 "https://cary.mommybites.com/wp-cron.php?doing_wp_cron=1563463484.2081611156463623046875" "WordPress/4.9.6; https://cary.mommybites.com"
180.76.15.142 - - [18/Jul/2019:11:24:44 -0400] "GET /wp-json/tribe/events/v1/ HTTP/1.1" 404 116 "-" "Mozilla/5.0 (compatible; Baiduspider/2.0; +http://www.baidu.com/search/spider.html)"
216.244.66.227 - - [18/Jul/2019:11:38:14 -0400] "GET /robots.txt HTTP/1.1" 200 486 "-" "Mozilla/5.0 (compatible; DotBot/1.1; http://www.opensiteexplorer.org/dotbot, [email protected])"
172.68.133.122 - - [18/Jul/2019:12:42:30 -0400] "POST /wp-cron.php?doing_wp_cron=1563468150.1431190967559814453125 HTTP/1.1" 200 20 "https://cary.mommybites.com/wp-cron.php?doing_wp_cron=1563468150.1431190967559814453125" "WordPress/4.9.6; https://cary.mommybites.com"
159.69.189.72 - - [18/Jul/2019:12:42:29 -0400] "GET /feed HTTP/1.1" 301 20 "-" "FeedBurner/1.0 (http://www.FeedBurner.com) Mozilla/5.0 (Macintosh; Intel Mac OS X 10_11_6) AppleWebKit/537.36 (KHTML, like Gecko) Chrome/63.0.3239.132 Safari/537.36 Specificfeeds- http://www.specificfeeds.com"
159.69.189.72 - - [18/Jul/2019:12:42:31 -0400] "GET /feed/ HTTP/1.1" 200 23048 "-" "FeedBurner/1.0 (http://www.FeedBurner.com) Mozilla/5.0 (Macintosh; Intel Mac OS X 10_11_6) AppleWebKit/537.36 (KHTML, like Gecko) Chrome/63.0.3239.132 Safari/537.36 Specificfeeds- http://www.specificfeeds.com"
205.164.44.178 - - [18/Jul/2019:12:48:18 -0400] "POST /boston/wp-cron.php?doing_wp_cron=1563468498.5320250988006591796875 HTTP/1.1" 200 20 "https://cary.mommybites.com/boston/wp-cron.php?doing_wp_cron=1563468498.5320250988006591796875" "WordPress/4.9.6; https://cary.mommybites.com/boston"
37.187.162.191 - - [18/Jul/2019:12:48:18 -0400] "GET /boston/feed/ HTTP/1.1" 304 - "-" "Mozilla/5.0 (compatible; PaperLiBot/2.1; https://support.paper.li/entries/20023257-what-is-paper-li)"
