159.69.189.72 - - [01/Aug/2019:09:19:17 -0400] "GET /feed/ HTTP/1.1" 200 23048 "-" "FeedBurner/1.0 (http://www.FeedBurner.com) Mozilla/5.0 (Macintosh; Intel Mac OS X 10_11_6) AppleWebKit/537.36 (KHTML, like Gecko) Chrome/63.0.3239.132 Safari/537.36 Specificfeeds- http://www.specificfeeds.com"
172.68.132.67 - - [01/Aug/2019:12:48:19 -0400] "POST /boston/wp-cron.php?doing_wp_cron=1564678099.6781299114227294921875 HTTP/1.1" 200 20 "https://cary.mommybites.com/boston/wp-cron.php?doing_wp_cron=1564678099.6781299114227294921875" "WordPress/4.9.6; https://cary.mommybites.com/boston"
37.187.162.191 - - [01/Aug/2019:12:48:19 -0400] "GET /boston/feed/ HTTP/1.1" 304 - "-" "Mozilla/5.0 (compatible; PaperLiBot/2.1; https://support.paper.li/entries/20023257-what-is-paper-li)"
205.164.44.178 - - [01/Aug/2019:14:18:05 -0400] "POST /wp-cron.php?doing_wp_cron=1564683485.3572890758514404296875 HTTP/1.1" 200 20 "https://cary.mommybites.com/wp-cron.php?doing_wp_cron=1564683485.3572890758514404296875" "WordPress/4.9.6; https://cary.mommybites.com"
159.69.242.206 - - [01/Aug/2019:14:18:05 -0400] "GET /feed HTTP/1.1" 301 20 "-" "FeedBurner/1.0 (http://www.FeedBurner.com) Mozilla/5.0 (Macintosh; Intel Mac OS X 10_11_6) AppleWebKit/537.36 (KHTML, like Gecko) Chrome/63.0.3239.132 Safari/537.36 Specificfeeds- http://www.specificfeeds.com"
159.69.242.206 - - [01/Aug/2019:14:18:08 -0400] "GET /feed/ HTTP/1.1" 200 23048 "-" "FeedBurner/1.0 (http://www.FeedBurner.com) Mozilla/5.0 (Macintosh; Intel Mac OS X 10_11_6) AppleWebKit/537.36 (KHTML, like Gecko) Chrome/63.0.3239.132 Safari/537.36 Specificfeeds- http://www.specificfeeds.com"
216.244.66.227 - - [01/Aug/2019:15:28:03 -0400] "GET /robots.txt HTTP/1.1" 304 - "-" "Mozilla/5.0 (compatible; DotBot/1.1; http://www.opensiteexplorer.org/dotbot, [email protected])"
180.76.15.155 - - [01/Aug/2019:15:51:22 -0400] "GET / HTTP/1.1" 200 19157 "-" "Mozilla/5.0 (compatible; Baiduspider/2.0; +http://www.baidu.com/search/spider.html)"
205.164.44.178 - - [01/Aug/2019:15:51:22 -0400] "POST /wp-cron.php?doing_wp_cron=1564689082.3660750389099121093750 HTTP/1.1" 200 20 "https://cary.mommybites.com/wp-cron.php?doing_wp_cron=1564689082.3660750389099121093750" "WordPress/4.9.6; https://cary.mommybites.com"
172.68.143.170 - - [01/Aug/2019:16:58:02 -0400] "POST /newyork/wp-cron.php?doing_wp_cron=1564693082.2717900276184082031250 HTTP/1.1" 200 20 "https://cary.mommybites.com/newyork/wp-cron.php?doing_wp_cron=1564693082.2717900276184082031250" "WordPress/4.9.6; https://cary.mommybites.com/newyork"
180.76.15.5 - - [01/Aug/2019:16:58:02 -0400] "GET /newyork/category/col2/moms/ HTTP/1.1" 200 14128 "-" "Mozilla/5.0 (compatible; Baiduspider/2.0; +http://www.baidu.com/search/spider.html)"
172.68.143.50 - - [01/Aug/2019:17:31:22 -0400] "POST /wp-cron.php?doing_wp_cron=1564695082.2456150054931640625000 HTTP/1.1" 200 20 "https://cary.mommybites.com/wp-cron.php?doing_wp_cron=1564695082.2456150054931640625000" "WordPress/4.9.6; https://cary.mommybites.com"
180.76.15.145 - - [01/Aug/2019:17:31:22 -0400] "GET /advertising/ HTTP/1.1" 200 11883 "-" "Mozilla/5.0 (compatible; Baiduspider/2.0; +http://www.baidu.com/search/spider.html)"
172.68.141.168 - - [01/Aug/2019:17:58:48 -0400] "POST /wp-cron.php?doing_wp_cron=1564696728.1150219440460205078125 HTTP/1.1" 200 20 "https://cary.mommybites.com/wp-cron.php?doing_wp_cron=1564696728.1150219440460205078125" "WordPress/4.9.6; https://cary.mommybites.com"
159.69.242.206 - - [01/Aug/2019:17:58:47 -0400] "GET /feed HTTP/1.1" 301 20 "-" "FeedBurner/1.0 (http://www.FeedBurner.com) Mozilla/5.0 (Macintosh; Intel Mac OS X 10_11_6) AppleWebKit/537.36 (KHTML, like Gecko) Chrome/63.0.3239.132 Safari/537.36 Specificfeeds- http://www.specificfeeds.com"
159.69.242.206 - - [01/Aug/2019:17:58:49 -0400] "GET /feed/ HTTP/1.1" 200 23048 "-" "FeedBurner/1.0 (http://www.FeedBurner.com) Mozilla/5.0 (Macintosh; Intel Mac OS X 10_11_6) AppleWebKit/537.36 (KHTML, like Gecko) Chrome/63.0.3239.132 Safari/537.36 Specificfeeds- http://www.specificfeeds.com"
172.68.141.156 - - [01/Aug/2019:18:48:19 -0400] "POST /boston/wp-cron.php?doing_wp_cron=1564699699.1151509284973144531250 HTTP/1.1" 200 20 "https://cary.mommybites.com/boston/wp-cron.php?doing_wp_cron=1564699699.1151509284973144531250" "WordPress/4.9.6; https://cary.mommybites.com/boston"
37.187.162.191 - - [01/Aug/2019:18:48:18 -0400] "GET /boston/feed/ HTTP/1.1" 304 - "-" "Mozilla/5.0 (compatible; PaperLiBot/2.1; https://support.paper.li/entries/20023257-what-is-paper-li)"
2600:387:5:805::c3 - - [01/Aug/2019:19:00:23 -0400] "GET /newyork/files/2018/11/Flexible-jobs-for-parents-in-NYC-1-1024x683.jpg HTTP/1.1" 200 88290 "-" "Mozilla/5.0 (iPhone; CPU iPhone OS 12_3_1 like Mac OS X) AppleWebKit/605.1.15 (KHTML, like Gecko) Version/12.1.1 Mobile/15E148 Safari/604.1"
159.69.189.72 - - [01/Aug/2019:21:19:32 -0400] "GET /feed HTTP/1.1" 301 20 "-" "FeedBurner/1.0 (http://www.FeedBurner.com) Mozilla/5.0 (Macintosh; Intel Mac OS X 10_11_6) AppleWebKit/537.36 (KHTML, like Gecko) Chrome/63.0.3239.132 Safari/537.36 Specificfeeds- http://www.specificfeeds.com"
172.68.133.170 - - [01/Aug/2019:21:19:32 -0400] "POST /wp-cron.php?doing_wp_cron=1564708772.7874701023101806640625 HTTP/1.1" 200 20 "https://cary.mommybites.com/wp-cron.php?doing_wp_cron=1564708772.7874701023101806640625" "WordPress/4.9.6; https://cary.mommybites.com"
159.69.189.72 - - [01/Aug/2019:21:19:34 -0400] "GET /feed/ HTTP/1.1" 200 23048 "-" "FeedBurner/1.0 (http://www.FeedBurner.com) Mozilla/5.0 (Macintosh; Intel Mac OS X 10_11_6) AppleWebKit/537.36 (KHTML, like Gecko) Chrome/63.0.3239.132 Safari/537.36 Specificfeeds- http://www.specificfeeds.com"
66.249.69.122 - - [01/Aug/2019:21:27:06 -0400] "GET /robots.txt HTTP/1.1" 200 486 "-" "Mozilla/5.0 (compatible; Googlebot/2.1; +http://www.google.com/bot.html)"
172.68.189.75 - - [01/Aug/2019:22:50:25 -0400] "POST /wp-cron.php?doing_wp_cron=1564714224.9820480346679687500000 HTTP/1.1" 200 20 "https://cary.mommybites.com/wp-cron.php?doing_wp_cron=1564714224.9820480346679687500000" "WordPress/4.9.6; https://cary.mommybites.com"
159.69.242.206 - - [01/Aug/2019:22:50:24 -0400] "GET /feed HTTP/1.1" 301 20 "-" "FeedBurner/1.0 (http://www.FeedBurner.com) Mozilla/5.0 (Macintosh; Intel Mac OS X 10_11_6) AppleWebKit/537.36 (KHTML, like Gecko) Chrome/63.0.3239.132 Safari/537.36 Specificfeeds- http://www.specificfeeds.com"
159.69.242.206 - - [01/Aug/2019:22:50:26 -0400] "GET /feed/ HTTP/1.1" 200 23048 "-" "FeedBurner/1.0 (http://www.FeedBurner.com) Mozilla/5.0 (Macintosh; Intel Mac OS X 10_11_6) AppleWebKit/537.36 (KHTML, like Gecko) Chrome/63.0.3239.132 Safari/537.36 Specificfeeds- http://www.specificfeeds.com"
172.68.255.184 - - [02/Aug/2019:00:48:13 -0400] "GET /wp-content/plugins/mb-boards/css/board.css?ver=0.1.6 HTTP/1.1" 200 1445 "-" "Mozilla/5.0 (compatible; Baiduspider/2.0; +http://www.baidu.com/search/spider.html)"
172.68.142.175 - - [02/Aug/2019:00:48:21 -0400] "POST /boston/wp-cron.php?doing_wp_cron=1564721301.3418149948120117187500 HTTP/1.1" 200 20 "https://cary.mommybites.com/boston/wp-cron.php?doing_wp_cron=1564721301.3418149948120117187500" "WordPress/4.9.6; https://cary.mommybites.com/boston"
37.187.162.191 - - [02/Aug/2019:00:48:21 -0400] "GET /boston/feed/ HTTP/1.1" 304 - "-" "Mozilla/5.0 (compatible; PaperLiBot/2.1; https://support.paper.li/entries/20023257-what-is-paper-li)"
172.68.132.67 - - [02/Aug/2019:01:21:33 -0400] "POST /boston/wp-cron.php?doing_wp_cron=1564723292.9945819377899169921875 HTTP/1.1" 200 20 "https://cary.mommybites.com/boston/wp-cron.php?doing_wp_cron=1564723292.9945819377899169921875" "WordPress/4.9.6; https://cary.mommybites.com/boston"
180.76.15.162 - - [02/Aug/2019:01:21:32 -0400] "GET /boston/child-care/nanny-post/nanny-post-view/ HTTP/1.1" 200 12326 "-" "Mozilla/5.0 (compatible; Baiduspider/2.0; +http://www.baidu.com/search/spider.html)"
172.68.255.106 - - [02/Aug/2019:01:54:52 -0400] "GET /wp-content/plugins/contact-form-7/includes/js/scripts.js HTTP/1.1" 304 - "-" "Mozilla/5.0 (compatible; Baiduspider/2.0; +http://www.baidu.com/search/spider.html)"
172.68.189.75 - - [02/Aug/2019:02:28:13 -0400] "POST /wp-cron.php?doing_wp_cron=1564727293.1927130222320556640625 HTTP/1.1" 200 20 "https://cary.mommybites.com/wp-cron.php?doing_wp_cron=1564727293.1927130222320556640625" "WordPress/4.9.6; https://cary.mommybites.com"
172.68.254.86 - - [02/Aug/2019:02:28:12 -0400] "GET /wp-json/oembed/1.0/embed?url=https%3A%2F%2Fcary.mommybites.com%2F&format=xml HTTP/1.1" 200 1143 "-" "Mozilla/5.0 (compatible; Baiduspider/2.0; +http://www.baidu.com/search/spider.html)"
172.68.142.175 - - [02/Aug/2019:02:32:56 -0400] "POST /wp-cron.php?doing_wp_cron=1564727576.5615570545196533203125 HTTP/1.1" 200 20 "https://cary.mommybites.com/wp-cron.php?doing_wp_cron=1564727576.5615570545196533203125" "WordPress/4.9.6; https://cary.mommybites.com"
159.69.242.206 - - [02/Aug/2019:02:32:56 -0400] "GET /feed HTTP/1.1" 301 20 "-" "FeedBurner/1.0 (http://www.FeedBurner.com) Mozilla/5.0 (Macintosh; Intel Mac OS X 10_11_6) AppleWebKit/537.36 (KHTML, like Gecko) Chrome/63.0.3239.132 Safari/537.36 Specificfeeds- http://www.specificfeeds.com"
159.69.242.206 - - [02/Aug/2019:02:32:58 -0400] "GET /feed/ HTTP/1.1" 200 23048 "-" "FeedBurner/1.0 (http://www.FeedBurner.com) Mozilla/5.0 (Macintosh; Intel Mac OS X 10_11_6) AppleWebKit/537.36 (KHTML, like Gecko) Chrome/63.0.3239.132 Safari/537.36 Specificfeeds- http://www.specificfeeds.com"
180.76.15.136 - - [02/Aug/2019:05:39:14 -0400] "GET /tag/gear/ HTTP/1.1" 200 14136 "-" "Mozilla/5.0 (compatible; Baiduspider/2.0; +http://www.baidu.com/search/spider.html)"
172.69.23.5 - - [02/Aug/2019:05:39:15 -0400] "POST /wp-cron.php?doing_wp_cron=1564738755.2241029739379882812500 HTTP/1.1" 200 20 "https://cary.mommybites.com/wp-cron.php?doing_wp_cron=1564738755.2241029739379882812500" "WordPress/4.9.6; https://cary.mommybites.com"
205.164.44.178 - - [02/Aug/2019:06:11:04 -0400] "POST /baltimore/wp-cron.php?doing_wp_cron=1564740664.8805301189422607421875 HTTP/1.1" 200 20 "https://cary.mommybites.com/baltimore/wp-cron.php?doing_wp_cron=1564740664.8805301189422607421875" "WordPress/4.9.6; https://cary.mommybites.com/baltimore"
207.46.13.97 - - [02/Aug/2019:06:11:04 -0400] "GET /baltimore/page-sitemap.xml HTTP/1.1" 200 580 "-" "Mozilla/5.0 (compatible; bingbot/2.0; +http://www.bing.com/bingbot.htm)"
172.68.142.97 - - [02/Aug/2019:06:45:55 -0400] "POST /newyork/wp-cron.php?doing_wp_cron=1564742754.9740879535675048828125 HTTP/1.1" 200 20 "https://cary.mommybites.com/newyork/wp-cron.php?doing_wp_cron=1564742754.9740879535675048828125" "WordPress/4.9.6; https://cary.mommybites.com/newyork"
180.76.15.153 - - [02/Aug/2019:06:45:54 -0400] "GET /newyork/category/col2/moms/ HTTP/1.1" 200 14131 "-" "Mozilla/5.0 (compatible; Baiduspider/2.0; +http://www.baidu.com/search/spider.html)"
172.68.133.170 - - [02/Aug/2019:06:46:14 -0400] "POST /wp-cron.php?doing_wp_cron=1564742774.5240049362182617187500 HTTP/1.1" 200 20 "https://cary.mommybites.com/wp-cron.php?doing_wp_cron=1564742774.5240049362182617187500" "WordPress/4.9.6; https://cary.mommybites.com"
159.69.189.72 - - [02/Aug/2019:06:46:14 -0400] "GET /feed HTTP/1.1" 301 20 "-" "FeedBurner/1.0 (http://www.FeedBurner.com) Mozilla/5.0 (Macintosh; Intel Mac OS X 10_11_6) AppleWebKit/537.36 (KHTML, like Gecko) Chrome/63.0.3239.132 Safari/537.36 Specificfeeds- http://www.specificfeeds.com"
159.69.189.72 - - [02/Aug/2019:06:46:16 -0400] "GET /feed/ HTTP/1.1" 200 23048 "-" "FeedBurner/1.0 (http://www.FeedBurner.com) Mozilla/5.0 (Macintosh; Intel Mac OS X 10_11_6) AppleWebKit/537.36 (KHTML, like Gecko) Chrome/63.0.3239.132 Safari/537.36 Specificfeeds- http://www.specificfeeds.com"
172.68.142.175 - - [02/Aug/2019:06:48:17 -0400] "POST /boston/wp-cron.php?doing_wp_cron=1564742897.6867449283599853515625 HTTP/1.1" 200 20 "https://cary.mommybites.com/boston/wp-cron.php?doing_wp_cron=1564742897.6867449283599853515625" "WordPress/4.9.6; https://cary.mommybites.com/boston"
37.187.162.191 - - [02/Aug/2019:06:48:17 -0400] "GET /boston/feed/ HTTP/1.1" 304 - "-" "Mozilla/5.0 (compatible; PaperLiBot/2.1; https://support.paper.li/entries/20023257-what-is-paper-li)"
172.68.132.67 - - [02/Aug/2019:07:19:15 -0400] "POST /wp-cron.php?doing_wp_cron=1564744755.1139900684356689453125 HTTP/1.1" 200 20 "https://cary.mommybites.com/wp-cron.php?doing_wp_cron=1564744755.1139900684356689453125" "WordPress/4.9.6; https://cary.mommybites.com"
180.76.15.147 - - [02/Aug/2019:07:19:14 -0400] "GET / HTTP/1.1" 200 19157 "-" "Mozilla/5.0 (compatible; Baiduspider/2.0; +http://www.baidu.com/search/spider.html)"
172.68.141.156 - - [02/Aug/2019:08:59:21 -0400] "POST /baltimore/wp-cron.php?doing_wp_cron=1564750761.7257800102233886718750 HTTP/1.1" 200 20 "https://cary.mommybites.com/baltimore/wp-cron.php?doing_wp_cron=1564750761.7257800102233886718750" "WordPress/4.9.6; https://cary.mommybites.com/baltimore"
157.55.39.172 - - [02/Aug/2019:08:59:21 -0400] "GET /baltimore/sitemap_index.xml HTTP/1.1" 200 369 "-" "Mozilla/5.0 (compatible; bingbot/2.0; +http://www.bing.com/bingbot.htm)"
172.68.132.79 - - [02/Aug/2019:09:31:58 -0400] "POST /wp-cron.php?doing_wp_cron=1564752718.3593668937683105468750 HTTP/1.1" 200 20 "https://cary.mommybites.com/wp-cron.php?doing_wp_cron=1564752718.3593668937683105468750" "WordPress/4.9.6; https://cary.mommybites.com"
172.69.69.36 - - [02/Aug/2019:09:31:58 -0400] "GET / HTTP/1.1" 200 19157 "-" "Mozilla/5.0 (compatible; Nimbostratus-Bot/v1.3.2; http://cloudsystemnetworks.com)"
172.68.141.156 - - [02/Aug/2019:10:18:34 -0400] "POST /wp-cron.php?doing_wp_cron=1564755514.1405739784240722656250 HTTP/1.1" 200 20 "https://cary.mommybites.com/wp-cron.php?doing_wp_cron=1564755514.1405739784240722656250" "WordPress/4.9.6; https://cary.mommybites.com"
159.69.189.72 - - [02/Aug/2019:10:18:33 -0400] "GET /feed HTTP/1.1" 301 20 "-" "FeedBurner/1.0 (http://www.FeedBurner.com) Mozilla/5.0 (Macintosh; Intel Mac OS X 10_11_6) AppleWebKit/537.36 (KHTML, like Gecko) Chrome/63.0.3239.132 Safari/537.36 Specificfeeds- http://www.specificfeeds.com"
159.69.189.72 - - [02/Aug/2019:10:18:37 -0400] "GET /feed/ HTTP/1.1" 200 23048 "-" "FeedBurner/1.0 (http://www.FeedBurner.com) Mozilla/5.0 (Macintosh; Intel Mac OS X 10_11_6) AppleWebKit/537.36 (KHTML, like Gecko) Chrome/63.0.3239.132 Safari/537.36 Specificfeeds- http://www.specificfeeds.com"
172.69.22.82 - - [02/Aug/2019:11:06:40 -0400] "POST /wp-cron.php?doing_wp_cron=1564758400.2004671096801757812500 HTTP/1.1" 200 20 "https://cary.mommybites.com/wp-cron.php?doing_wp_cron=1564758400.2004671096801757812500" "WordPress/4.9.6; https://cary.mommybites.com"
180.76.15.155 - - [02/Aug/2019:11:06:39 -0400] "GET /col1/toddler/testing-tired-toddlers-making-sleep-priority/ HTTP/1.1" 200 16464 "-" "Mozilla/5.0 (compatible; Baiduspider/2.0; +http://www.baidu.com/search/spider.html)"
216.244.66.227 - - [02/Aug/2019:12:38:09 -0400] "GET /robots.txt HTTP/1.1" 200 486 "-" "Mozilla/5.0 (compatible; DotBot/1.1; http://www.opensiteexplorer.org/dotbot, [email protected])"
172.68.189.75 - - [02/Aug/2019:12:48:17 -0400] "POST /boston/wp-cron.php?doing_wp_cron=1564764497.6754899024963378906250 HTTP/1.1" 200 20 "https://cary.mommybites.com/boston/wp-cron.php?doing_wp_cron=1564764497.6754899024963378906250" "WordPress/4.9.6; https://cary.mommybites.com/boston"
37.187.162.191 - - [02/Aug/2019:12:48:17 -0400] "GET /boston/feed/ HTTP/1.1" 304 - "-" "Mozilla/5.0 (compatible; PaperLiBot/2.1; https://support.paper.li/entries/20023257-what-is-paper-li)"
172.68.143.50 - - [02/Aug/2019:13:10:42 -0400] "POST /newyork/wp-cron.php?doing_wp_cron=1564765842.1169219017028808593750 HTTP/1.1" 200 20 "https://cary.mommybites.com/newyork/wp-cron.php?doing_wp_cron=1564765842.1169219017028808593750" "WordPress/4.9.6; https://cary.mommybites.com/newyork"
180.76.15.139 - - [02/Aug/2019:13:10:41 -0400] "GET /newyork/blog/ HTTP/1.1" 200 12977 "-" "Mozilla/5.0 (compatible; Baiduspider/2.0; +http://www.baidu.com/search/spider.html)"
172.68.132.79 - - [02/Aug/2019:13:44:02 -0400] "POST /wp-cron.php?doing_wp_cron=1564767842.0996389389038085937500 HTTP/1.1" 200 20 "https://cary.mommybites.com/wp-cron.php?doing_wp_cron=1564767842.0996389389038085937500" "WordPress/4.9.6; https://cary.mommybites.com"
180.76.15.147 - - [02/Aug/2019:13:44:01 -0400] "GET /wp-json/tribe/events/v1/ HTTP/1.1" 404 116 "-" "Mozilla/5.0 (compatible; Baiduspider/2.0; +http://www.baidu.com/search/spider.html)"
172.68.142.97 - - [02/Aug/2019:14:17:24 -0400] "POST /boston/wp-cron.php?doing_wp_cron=1564769843.8596839904785156250000 HTTP/1.1" 200 20 "https://cary.mommybites.com/boston/wp-cron.php?doing_wp_cron=1564769843.8596839904785156250000" "WordPress/4.9.6; https://cary.mommybites.com/boston"
180.76.15.145 - - [02/Aug/2019:14:17:23 -0400] "GET /boston/category/col1/prenatal/ HTTP/1.1" 200 13401 "-" "Mozilla/5.0 (compatible; Baiduspider/2.0; +http://www.baidu.com/search/spider.html)"
172.68.141.102 - - [02/Aug/2019:14:23:25 -0400] "POST /wp-cron.php?doing_wp_cron=1564770205.0712308883666992187500 HTTP/1.1" 200 20 "https://cary.mommybites.com/wp-cron.php?doing_wp_cron=1564770205.0712308883666992187500" "WordPress/4.9.6; https://cary.mommybites.com"
159.69.189.72 - - [02/Aug/2019:14:23:24 -0400] "GET /feed HTTP/1.1" 301 20 "-" "FeedBurner/1.0 (http://www.FeedBurner.com) Mozilla/5.0 (Macintosh; Intel Mac OS X 10_11_6) AppleWebKit/537.36 (KHTML, like Gecko) Chrome/63.0.3239.132 Safari/537.36 Specificfeeds- http://www.specificfeeds.com"
159.69.189.72 - - [02/Aug/2019:14:23:26 -0400] "GET /feed/ HTTP/1.1" 200 23048 "-" "FeedBurner/1.0 (http://www.FeedBurner.com) Mozilla/5.0 (Macintosh; Intel Mac OS X 10_11_6) AppleWebKit/537.36 (KHTML, like Gecko) Chrome/63.0.3239.132 Safari/537.36 Specificfeeds- http://www.specificfeeds.com"
66.249.79.135 - - [02/Aug/2019:15:05:57 -0400] "GET /robots.txt HTTP/1.1" 304 - "-" "Mozilla/5.0 (compatible; Googlebot/2.1; +http://www.google.com/bot.html)"
180.76.15.33 - - [02/Aug/2019:17:24:51 -0400] "GET /about/press/ HTTP/1.1" 200 15173 "-" "Mozilla/5.0 (compatible; Baiduspider/2.0; +http://www.baidu.com/search/spider.html)"
172.68.133.206 - - [02/Aug/2019:17:24:51 -0400] "POST /wp-cron.php?doing_wp_cron=1564781091.8867490291595458984375 HTTP/1.1" 200 20 "https://cary.mommybites.com/wp-cron.php?doing_wp_cron=1564781091.8867490291595458984375" "WordPress/4.9.6; https://cary.mommybites.com"
172.69.22.82 - - [02/Aug/2019:17:51:37 -0400] "POST /wp-cron.php?doing_wp_cron=1564782697.4349639415740966796875 HTTP/1.1" 200 20 "https://cary.mommybites.com/wp-cron.php?doing_wp_cron=1564782697.4349639415740966796875" "WordPress/4.9.6; https://cary.mommybites.com"
159.69.242.206 - - [02/Aug/2019:17:51:37 -0400] "GET /feed HTTP/1.1" 301 20 "-" "FeedBurner/1.0 (http://www.FeedBurner.com) Mozilla/5.0 (Macintosh; Intel Mac OS X 10_11_6) AppleWebKit/537.36 (KHTML, like Gecko) Chrome/63.0.3239.132 Safari/537.36 Specificfeeds- http://www.specificfeeds.com"
159.69.242.206 - - [02/Aug/2019:17:51:38 -0400] "GET /feed/ HTTP/1.1" 200 23048 "-" "FeedBurner/1.0 (http://www.FeedBurner.com) Mozilla/5.0 (Macintosh; Intel Mac OS X 10_11_6) AppleWebKit/537.36 (KHTML, like Gecko) Chrome/63.0.3239.132 Safari/537.36 Specificfeeds- http://www.specificfeeds.com"
172.68.133.206 - - [02/Aug/2019:18:31:30 -0400] "POST /wp-cron.php?doing_wp_cron=1564785090.2584819793701171875000 HTTP/1.1" 200 20 "https://cary.mommybites.com/wp-cron.php?doing_wp_cron=1564785090.2584819793701171875000" "WordPress/4.9.6; https://cary.mommybites.com"
180.76.15.145 - - [02/Aug/2019:18:31:30 -0400] "GET / HTTP/1.1" 200 19157 "-" "Mozilla/5.0 (compatible; Baiduspider/2.0; +http://www.baidu.com/search/spider.html)"
172.68.133.206 - - [02/Aug/2019:18:48:18 -0400] "POST /boston/wp-cron.php?doing_wp_cron=1564786098.9392120838165283203125 HTTP/1.1" 200 20 "https://cary.mommybites.com/boston/wp-cron.php?doing_wp_cron=1564786098.9392120838165283203125" "WordPress/4.9.6; https://cary.mommybites.com/boston"
37.187.162.191 - - [02/Aug/2019:18:48:18 -0400] "GET /boston/feed/ HTTP/1.1" 304 - "-" "Mozilla/5.0 (compatible; PaperLiBot/2.1; https://support.paper.li/entries/20023257-what-is-paper-li)"
216.244.66.227 - - [02/Aug/2019:18:49:47 -0400] "GET /robots.txt HTTP/1.1" 304 - "-" "Mozilla/5.0 (compatible; DotBot/1.1; http://www.opensiteexplorer.org/dotbot, [email protected])"
216.244.66.227 - - [02/Aug/2019:19:35:22 -0400] "GET /robots.txt HTTP/1.1" 304 - "-" "Mozilla/5.0 (compatible; DotBot/1.1; http://www.opensiteexplorer.org/dotbot, [email protected])"
172.68.253.43 - - [02/Aug/2019:20:11:28 -0400] "GET /col1/toddler/how-do-i-manage-mealtime-without-the-drama/ HTTP/1.1" 200 16889 "-" "Mozilla/5.0 (compatible; Baiduspider/2.0; +http://www.baidu.com/search/spider.html)"
205.164.44.178 - - [02/Aug/2019:20:11:28 -0400] "POST /wp-cron.php?doing_wp_cron=1564791088.7427089214324951171875 HTTP/1.1" 200 20 "https://cary.mommybites.com/wp-cron.php?doing_wp_cron=1564791088.7427089214324951171875" "WordPress/4.9.6; https://cary.mommybites.com"
172.68.142.175 - - [02/Aug/2019:20:38:37 -0400] "POST /wp-cron.php?doing_wp_cron=1564792717.6202569007873535156250 HTTP/1.1" 200 20 "https://cary.mommybites.com/wp-cron.php?doing_wp_cron=1564792717.6202569007873535156250" "WordPress/4.9.6; https://cary.mommybites.com"
159.69.242.206 - - [02/Aug/2019:20:38:37 -0400] "GET /feed HTTP/1.1" 301 20 "-" "FeedBurner/1.0 (http://www.FeedBurner.com) Mozilla/5.0 (Macintosh; Intel Mac OS X 10_11_6) AppleWebKit/537.36 (KHTML, like Gecko) Chrome/63.0.3239.132 Safari/537.36 Specificfeeds- http://www.specificfeeds.com"
159.69.242.206 - - [02/Aug/2019:20:38:38 -0400] "GET /feed/ HTTP/1.1" 200 23048 "-" "FeedBurner/1.0 (http://www.FeedBurner.com) Mozilla/5.0 (Macintosh; Intel Mac OS X 10_11_6) AppleWebKit/537.36 (KHTML, like Gecko) Chrome/63.0.3239.132 Safari/537.36 Specificfeeds- http://www.specificfeeds.com"
2604:2000:1342:43ba:e1a4:6baa:6b2f:1094 - - [02/Aug/2019:21:34:58 -0400] "GET /newyork/files/2018/11/Flexible-jobs-for-parents-in-NYC-1-1024x683.jpg HTTP/1.1" 200 88290 "-" "Mozilla/5.0 (iPhone; CPU iPhone OS 12_3_2 like Mac OS X) AppleWebKit/605.1.15 (KHTML, like Gecko) Version/12.1.1 Mobile/15E148 Safari/604.1"
172.68.132.79 - - [02/Aug/2019:22:21:04 -0400] "POST /wp-cron.php?doing_wp_cron=1564798864.1325969696044921875000 HTTP/1.1" 200 20 "https://cary.mommybites.com/wp-cron.php?doing_wp_cron=1564798864.1325969696044921875000" "WordPress/4.9.6; https://cary.mommybites.com"
159.69.189.72 - - [02/Aug/2019:22:21:03 -0400] "GET /feed HTTP/1.1" 301 20 "-" "FeedBurner/1.0 (http://www.FeedBurner.com) Mozilla/5.0 (Macintosh; Intel Mac OS X 10_11_6) AppleWebKit/537.36 (KHTML, like Gecko) Chrome/63.0.3239.132 Safari/537.36 Specificfeeds- http://www.specificfeeds.com"
159.69.189.72 - - [02/Aug/2019:22:21:05 -0400] "GET /feed/ HTTP/1.1" 200 23048 "-" "FeedBurner/1.0 (http://www.FeedBurner.com) Mozilla/5.0 (Macintosh; Intel Mac OS X 10_11_6) AppleWebKit/537.36 (KHTML, like Gecko) Chrome/63.0.3239.132 Safari/537.36 Specificfeeds- http://www.specificfeeds.com"
172.68.255.184 - - [02/Aug/2019:22:27:16 -0400] "GET /wp-content/plugins/mb-boards/css/board.css?ver=0.1.6 HTTP/1.1" 200 1445 "-" "Mozilla/5.0 (compatible; Baiduspider/2.0; +http://www.baidu.com/search/spider.html)"
66.249.79.131 - - [02/Aug/2019:23:49:48 -0400] "GET /wp-content/uploads/2014/04/Discipline-1-150x150.jpg HTTP/1.1" 200 7013 "-" "Googlebot-Image/1.0"
172.68.132.79 - - [03/Aug/2019:00:48:19 -0400] "POST /boston/wp-cron.php?doing_wp_cron=1564807699.5506949424743652343750 HTTP/1.1" 200 20 "https://cary.mommybites.com/boston/wp-cron.php?doing_wp_cron=1564807699.5506949424743652343750" "WordPress/4.9.6; https://cary.mommybites.com/boston"
37.187.162.191 - - [03/Aug/2019:00:48:19 -0400] "GET /boston/feed/ HTTP/1.1" 304 - "-" "Mozilla/5.0 (compatible; PaperLiBot/2.1; https://support.paper.li/entries/20023257-what-is-paper-li)"
205.164.44.178 - - [03/Aug/2019:01:59:00 -0400] "POST /wp-cron.php?doing_wp_cron=1564811940.5613079071044921875000 HTTP/1.1" 200 20 "https://cary.mommybites.com/wp-cron.php?doing_wp_cron=1564811940.5613079071044921875000" "WordPress/4.9.6; https://cary.mommybites.com"
172.69.54.203 - - [03/Aug/2019:01:59:00 -0400] "GET /feed HTTP/1.1" 301 20 "-" "FeedBurner/1.0 (http://www.FeedBurner.com) Mozilla/5.0 (Macintosh; Intel Mac OS X 10_11_6) AppleWebKit/537.36 (KHTML, like Gecko) Chrome/63.0.3239.132 Safari/537.36 Specificfeeds- http://www.specificfeeds.com"
172.69.54.203 - - [03/Aug/2019:01:59:01 -0400] "GET /feed/ HTTP/1.1" 200 23048 "-" "FeedBurner/1.0 (http://www.FeedBurner.com) Mozilla/5.0 (Macintosh; Intel Mac OS X 10_11_6) AppleWebKit/537.36 (KHTML, like Gecko) Chrome/63.0.3239.132 Safari/537.36 Specificfeeds- http://www.specificfeeds.com"
159.69.242.206 - - [03/Aug/2019:06:10:39 -0400] "GET /feed HTTP/1.1" 301 20 "-" "FeedBurner/1.0 (http://www.FeedBurner.com) Mozilla/5.0 (Macintosh; Intel Mac OS X 10_11_6) AppleWebKit/537.36 (KHTML, like Gecko) Chrome/63.0.3239.132 Safari/537.36 Specificfeeds- http://www.specificfeeds.com"
172.68.189.75 - - [03/Aug/2019:06:10:39 -0400] "POST /wp-cron.php?doing_wp_cron=1564827039.4356920719146728515625 HTTP/1.1" 200 20 "https://cary.mommybites.com/wp-cron.php?doing_wp_cron=1564827039.4356920719146728515625" "WordPress/4.9.6; https://cary.mommybites.com"
159.69.242.206 - - [03/Aug/2019:06:10:41 -0400] "GET /feed/ HTTP/1.1" 200 23048 "-" "FeedBurner/1.0 (http://www.FeedBurner.com) Mozilla/5.0 (Macintosh; Intel Mac OS X 10_11_6) AppleWebKit/537.36 (KHTML, like Gecko) Chrome/63.0.3239.132 Safari/537.36 Specificfeeds- http://www.specificfeeds.com"
172.68.141.168 - - [03/Aug/2019:06:44:47 -0400] "POST /wp-cron.php?doing_wp_cron=1564829087.4402179718017578125000 HTTP/1.1" 200 20 "https://cary.mommybites.com/wp-cron.php?doing_wp_cron=1564829087.4402179718017578125000" "WordPress/4.9.6; https://cary.mommybites.com"
172.68.253.43 - - [03/Aug/2019:06:44:47 -0400] "GET /author/avasage/ HTTP/1.1" 200 11895 "-" "Mozilla/5.0 (compatible; Baiduspider/2.0; +http://www.baidu.com/search/spider.html)"
172.68.141.156 - - [03/Aug/2019:06:48:18 -0400] "POST /boston/wp-cron.php?doing_wp_cron=1564829298.6661229133605957031250 HTTP/1.1" 200 20 "https://cary.mommybites.com/boston/wp-cron.php?doing_wp_cron=1564829298.6661229133605957031250" "WordPress/4.9.6; https://cary.mommybites.com/boston"
37.187.162.191 - - [03/Aug/2019:06:48:18 -0400] "GET /boston/feed/ HTTP/1.1" 304 - "-" "Mozilla/5.0 (compatible; PaperLiBot/2.1; https://support.paper.li/entries/20023257-what-is-paper-li)"
172.68.141.102 - - [03/Aug/2019:07:18:07 -0400] "POST /boston/wp-cron.php?doing_wp_cron=1564831087.7342851161956787109375 HTTP/1.1" 200 20 "https://cary.mommybites.com/boston/wp-cron.php?doing_wp_cron=1564831087.7342851161956787109375" "WordPress/4.9.6; https://cary.mommybites.com/boston"
180.76.15.21 - - [03/Aug/2019:07:18:07 -0400] "GET /boston/?p=7780 HTTP/1.1" 301 20 "-" "Mozilla/5.0 (compatible; Baiduspider/2.0; +http://www.baidu.com/search/spider.html)"
172.68.254.86 - - [03/Aug/2019:07:18:08 -0400] "GET /boston/child-care/ HTTP/1.1" 200 12081 "-" "Mozilla/5.0 (compatible; Baiduspider/2.0; +http://www.baidu.com/search/spider.html)"
172.68.142.175 - - [03/Aug/2019:07:51:27 -0400] "POST /wp-cron.php?doing_wp_cron=1564833087.2217340469360351562500 HTTP/1.1" 200 20 "https://cary.mommybites.com/wp-cron.php?doing_wp_cron=1564833087.2217340469360351562500" "WordPress/4.9.6; https://cary.mommybites.com"
180.76.15.21 - - [03/Aug/2019:07:51:26 -0400] "GET /wp-json/oembed/1.0/embed?url=https%3A%2F%2Fcary.mommybites.com%2Fcol1%2Fbaby%2Fcreating-the-perfect-eco-friendly-nursery%2F&format=xml HTTP/1.1" 200 1262 "-" "Mozilla/5.0 (compatible; Baiduspider/2.0; +http://www.baidu.com/search/spider.html)"
172.68.142.97 - - [03/Aug/2019:08:58:07 -0400] "POST /newyork/wp-cron.php?doing_wp_cron=1564837087.6834239959716796875000 HTTP/1.1" 200 20 "https://cary.mommybites.com/newyork/wp-cron.php?doing_wp_cron=1564837087.6834239959716796875000" "WordPress/4.9.6; https://cary.mommybites.com/newyork"
180.76.15.143 - - [03/Aug/2019:08:58:07 -0400] "GET /newyork/blog/ HTTP/1.1" 200 12977 "-" "Mozilla/5.0 (compatible; Baiduspider/2.0; +http://www.baidu.com/search/spider.html)"
205.164.44.178 - - [03/Aug/2019:10:17:33 -0400] "POST /wp-cron.php?doing_wp_cron=1564841853.1993389129638671875000 HTTP/1.1" 200 20 "https://cary.mommybites.com/wp-cron.php?doing_wp_cron=1564841853.1993389129638671875000" "WordPress/4.9.6; https://cary.mommybites.com"
159.69.189.72 - - [03/Aug/2019:10:17:32 -0400] "GET /feed HTTP/1.1" 301 20 "-" "FeedBurner/1.0 (http://www.FeedBurner.com) Mozilla/5.0 (Macintosh; Intel Mac OS X 10_11_6) AppleWebKit/537.36 (KHTML, like Gecko) Chrome/63.0.3239.132 Safari/537.36 Specificfeeds- http://www.specificfeeds.com"
159.69.189.72 - - [03/Aug/2019:10:17:35 -0400] "GET /feed/ HTTP/1.1" 200 23048 "-" "FeedBurner/1.0 (http://www.FeedBurner.com) Mozilla/5.0 (Macintosh; Intel Mac OS X 10_11_6) AppleWebKit/537.36 (KHTML, like Gecko) Chrome/63.0.3239.132 Safari/537.36 Specificfeeds- http://www.specificfeeds.com"
172.68.142.37 - - [03/Aug/2019:12:48:17 -0400] "POST /boston/wp-cron.php?doing_wp_cron=1564850897.7104740142822265625000 HTTP/1.1" 200 20 "https://cary.mommybites.com/boston/wp-cron.php?doing_wp_cron=1564850897.7104740142822265625000" "WordPress/4.9.6; https://cary.mommybites.com/boston"
37.187.162.191 - - [03/Aug/2019:12:48:17 -0400] "GET /boston/feed/ HTTP/1.1" 304 - "-" "Mozilla/5.0 (compatible; PaperLiBot/2.1; https://support.paper.li/entries/20023257-what-is-paper-li)"
172.68.143.50 - - [03/Aug/2019:12:56:55 -0400] "POST /wp-cron.php?doing_wp_cron=1564851415.1339960098266601562500 HTTP/1.1" 200 20 "https://cary.mommybites.com/wp-cron.php?doing_wp_cron=1564851415.1339960098266601562500" "WordPress/4.9.6; https://cary.mommybites.com"
180.76.15.34 - - [03/Aug/2019:12:56:54 -0400] "GET / HTTP/1.1" 200 19157 "-" "Mozilla/5.0 (compatible; Baiduspider/2.0; +http://www.baidu.com/search/spider.html)"
172.68.132.79 - - [03/Aug/2019:13:21:46 -0400] "POST /wp-cron.php?doing_wp_cron=1564852906.6261940002441406250000 HTTP/1.1" 200 20 "https://cary.mommybites.com/wp-cron.php?doing_wp_cron=1564852906.6261940002441406250000" "WordPress/4.9.6; https://cary.mommybites.com"
159.69.242.206 - - [03/Aug/2019:13:21:46 -0400] "GET /feed HTTP/1.1" 301 20 "-" "FeedBurner/1.0 (http://www.FeedBurner.com) Mozilla/5.0 (Macintosh; Intel Mac OS X 10_11_6) AppleWebKit/537.36 (KHTML, like Gecko) Chrome/63.0.3239.132 Safari/537.36 Specificfeeds- http://www.specificfeeds.com"
159.69.242.206 - - [03/Aug/2019:13:21:47 -0400] "GET /feed/ HTTP/1.1" 200 23048 "-" "FeedBurner/1.0 (http://www.FeedBurner.com) Mozilla/5.0 (Macintosh; Intel Mac OS X 10_11_6) AppleWebKit/537.36 (KHTML, like Gecko) Chrome/63.0.3239.132 Safari/537.36 Specificfeeds- http://www.specificfeeds.com"
172.68.141.168 - - [03/Aug/2019:14:08:08 -0400] "POST /wp-cron.php?doing_wp_cron=1564855688.0962219238281250000000 HTTP/1.1" 200 20 "https://cary.mommybites.com/wp-cron.php?doing_wp_cron=1564855688.0962219238281250000000" "WordPress/4.9.6; https://cary.mommybites.com"
172.68.65.74 - - [03/Aug/2019:14:08:07 -0400] "GET / HTTP/1.1" 200 19157 "-" "Mozilla/5.0 (compatible; NetcraftSurveyAgent/1.0; [email protected])"
172.68.54.72 - - [03/Aug/2019:15:22:47 -0400] "GET /newyork/files/2018/11/Flexible-jobs-for-parents-in-NYC-1-1024x683.jpg HTTP/1.1" 200 88290 "-" "Mozilla/5.0 (iPhone; CPU iPhone OS 12_3_2 like Mac OS X) AppleWebKit/605.1.15 (KHTML, like Gecko) Version/12.1.1 Mobile/15E148 Safari/604.1"
159.69.242.206 - - [03/Aug/2019:17:48:34 -0400] "GET /feed HTTP/1.1" 301 20 "-" "FeedBurner/1.0 (http://www.FeedBurner.com) Mozilla/5.0 (Macintosh; Intel Mac OS X 10_11_6) AppleWebKit/537.36 (KHTML, like Gecko) Chrome/63.0.3239.132 Safari/537.36 Specificfeeds- http://www.specificfeeds.com"
172.68.143.170 - - [03/Aug/2019:17:48:34 -0400] "POST /wp-cron.php?doing_wp_cron=1564868914.6071279048919677734375 HTTP/1.1" 200 20 "https://cary.mommybites.com/wp-cron.php?doing_wp_cron=1564868914.6071279048919677734375" "WordPress/4.9.6; https://cary.mommybites.com"
159.69.242.206 - - [03/Aug/2019:17:48:36 -0400] "GET /feed/ HTTP/1.1" 200 23048 "-" "FeedBurner/1.0 (http://www.FeedBurner.com) Mozilla/5.0 (Macintosh; Intel Mac OS X 10_11_6) AppleWebKit/537.36 (KHTML, like Gecko) Chrome/63.0.3239.132 Safari/537.36 Specificfeeds- http://www.specificfeeds.com"
172.68.253.253 - - [03/Aug/2019:17:56:50 -0400] "GET /newyork/02/22/house-vs-town-matters/ HTTP/1.1" 301 346 "-" "Mozilla/5.0 (compatible; Baiduspider/2.0; +http://www.baidu.com/search/spider.html)"
172.68.133.206 - - [03/Aug/2019:18:48:17 -0400] "POST /boston/wp-cron.php?doing_wp_cron=1564872497.6598289012908935546875 HTTP/1.1" 200 20 "https://cary.mommybites.com/boston/wp-cron.php?doing_wp_cron=1564872497.6598289012908935546875" "WordPress/4.9.6; https://cary.mommybites.com/boston"
37.187.162.191 - - [03/Aug/2019:18:48:17 -0400] "GET /boston/feed/ HTTP/1.1" 304 - "-" "Mozilla/5.0 (compatible; PaperLiBot/2.1; https://support.paper.li/entries/20023257-what-is-paper-li)"
172.68.255.106 - - [03/Aug/2019:19:16:59 -0400] "GET /wp-content/plugins/contact-form-7/includes/js/scripts.js HTTP/1.1" 304 - "-" "Mozilla/5.0 (compatible; Baiduspider/2.0; +http://www.baidu.com/search/spider.html)"
216.244.66.227 - - [03/Aug/2019:20:42:40 -0400] "GET /robots.txt HTTP/1.1" 304 - "-" "Mozilla/5.0 (compatible; DotBot/1.1; http://www.opensiteexplorer.org/dotbot, [email protected])"
172.68.54.72 - - [03/Aug/2019:21:27:55 -0400] "GET /newyork/files/2018/11/Flexible-jobs-for-parents-in-NYC-1-1024x683.jpg HTTP/1.1" 200 88290 "-" "Mozilla/5.0 (iPhone; CPU iPhone OS 12_3_1 like Mac OS X) AppleWebKit/605.1.15 (KHTML, like Gecko) Version/12.1.1 Mobile/15E148 Safari/604.1"
159.69.242.206 - - [03/Aug/2019:21:46:24 -0400] "GET /feed HTTP/1.1" 301 20 "-" "FeedBurner/1.0 (http://www.FeedBurner.com) Mozilla/5.0 (Macintosh; Intel Mac OS X 10_11_6) AppleWebKit/537.36 (KHTML, like Gecko) Chrome/63.0.3239.132 Safari/537.36 Specificfeeds- http://www.specificfeeds.com"
159.69.242.206 - - [03/Aug/2019:21:46:26 -0400] "GET /feed/ HTTP/1.1" 200 23048 "-" "FeedBurner/1.0 (http://www.FeedBurner.com) Mozilla/5.0 (Macintosh; Intel Mac OS X 10_11_6) AppleWebKit/537.36 (KHTML, like Gecko) Chrome/63.0.3239.132 Safari/537.36 Specificfeeds- http://www.specificfeeds.com"
172.68.10.210 - - [04/Aug/2019:00:01:23 -0400] "GET /robots.txt HTTP/1.1" 200 486 "-" "Mozilla/5.0 (compatible; YandexBot/3.0; +http://yandex.com/bots)"
172.68.142.55 - - [04/Aug/2019:00:46:50 -0400] "GET /newyork/files/2018/11/Flexible-jobs-for-parents-in-NYC-1-1024x683.jpg HTTP/1.1" 200 88290 "-" "Mozilla/5.0 (Linux; Android 9; SAMSUNG SM-N950U Build/PPR1.180610.011) AppleWebKit/537.36 (KHTML, like Gecko) SamsungBrowser/9.4 Chrome/67.0.3396.87 Mobile Safari/537.36"
172.68.133.170 - - [04/Aug/2019:00:48:19 -0400] "POST /boston/wp-cron.php?doing_wp_cron=1564894099.6147708892822265625000 HTTP/1.1" 200 20 "https://cary.mommybites.com/boston/wp-cron.php?doing_wp_cron=1564894099.6147708892822265625000" "WordPress/4.9.6; https://cary.mommybites.com/boston"
37.187.162.191 - - [04/Aug/2019:00:48:19 -0400] "GET /boston/feed/ HTTP/1.1" 304 - "-" "Mozilla/5.0 (compatible; PaperLiBot/2.1; https://support.paper.li/entries/20023257-what-is-paper-li)"
172.68.254.86 - - [04/Aug/2019:01:05:02 -0400] "GET /wp-json/oembed/1.0/embed?url=https%3A%2F%2Fcary.mommybites.com%2F&format=xml HTTP/1.1" 200 1143 "-" "Mozilla/5.0 (compatible; Baiduspider/2.0; +http://www.baidu.com/search/spider.html)"
172.68.142.37 - - [04/Aug/2019:01:05:03 -0400] "POST /wp-cron.php?doing_wp_cron=1564895103.1328721046447753906250 HTTP/1.1" 200 20 "https://cary.mommybites.com/wp-cron.php?doing_wp_cron=1564895103.1328721046447753906250" "WordPress/4.9.6; https://cary.mommybites.com"
172.68.141.156 - - [04/Aug/2019:01:37:19 -0400] "POST /wp-cron.php?doing_wp_cron=1564897039.7999219894409179687500 HTTP/1.1" 200 20 "https://cary.mommybites.com/wp-cron.php?doing_wp_cron=1564897039.7999219894409179687500" "WordPress/4.9.6; https://cary.mommybites.com"
159.69.189.72 - - [04/Aug/2019:01:37:19 -0400] "GET /feed HTTP/1.1" 301 20 "-" "FeedBurner/1.0 (http://www.FeedBurner.com) Mozilla/5.0 (Macintosh; Intel Mac OS X 10_11_6) AppleWebKit/537.36 (KHTML, like Gecko) Chrome/63.0.3239.132 Safari/537.36 Specificfeeds- http://www.specificfeeds.com"
159.69.189.72 - - [04/Aug/2019:01:37:21 -0400] "GET /feed/ HTTP/1.1" 200 23048 "-" "FeedBurner/1.0 (http://www.FeedBurner.com) Mozilla/5.0 (Macintosh; Intel Mac OS X 10_11_6) AppleWebKit/537.36 (KHTML, like Gecko) Chrome/63.0.3239.132 Safari/537.36 Specificfeeds- http://www.specificfeeds.com"
172.68.54.72 - - [04/Aug/2019:02:03:57 -0400] "GET /newyork/files/2018/11/Flexible-jobs-for-parents-in-NYC-1-1024x683.jpg HTTP/1.1" 200 88290 "-" "Mozilla/5.0 (iPhone; CPU iPhone OS 12_3_1 like Mac OS X) AppleWebKit/605.1.15 (KHTML, like Gecko) Version/12.1.1 Mobile/15E148 Safari/604.1"
2604:2d80:9703:e100:c0ee:d4ee:fc77:9c76 - - [04/Aug/2019:02:56:57 -0400] "GET /newyork/files/2018/11/Flexible-jobs-for-parents-in-NYC-1-1024x683.jpg HTTP/1.1" 200 88290 "-" "Mozilla/5.0 (Linux; Android 9; moto g(7) power) AppleWebKit/537.36 (KHTML, like Gecko) Chrome/75.0.3770.143 Mobile Safari/537.36"
172.68.142.97 - - [04/Aug/2019:03:28:15 -0400] "POST /newyork/wp-cron.php?doing_wp_cron=1564903695.5825738906860351562500 HTTP/1.1" 200 20 "https://cary.mommybites.com/newyork/wp-cron.php?doing_wp_cron=1564903695.5825738906860351562500" "WordPress/4.9.6; https://cary.mommybites.com/newyork"
172.68.253.205 - - [04/Aug/2019:03:28:15 -0400] "GET /newyork/category/col2/dads/ HTTP/1.1" 200 14143 "-" "Mozilla/5.0 (compatible; Baiduspider/2.0; +http://www.baidu.com/search/spider.html)"
159.69.242.206 - - [04/Aug/2019:05:36:34 -0400] "GET /feed HTTP/1.1" 301 20 "-" "FeedBurner/1.0 (http://www.FeedBurner.com) Mozilla/5.0 (Macintosh; Intel Mac OS X 10_11_6) AppleWebKit/537.36 (KHTML, like Gecko) Chrome/63.0.3239.132 Safari/537.36 Specificfeeds- http://www.specificfeeds.com"
172.68.142.175 - - [04/Aug/2019:05:36:34 -0400] "POST /wp-cron.php?doing_wp_cron=1564911394.8647630214691162109375 HTTP/1.1" 200 20 "https://cary.mommybites.com/wp-cron.php?doing_wp_cron=1564911394.8647630214691162109375" "WordPress/4.9.6; https://cary.mommybites.com"
159.69.242.206 - - [04/Aug/2019:05:36:36 -0400] "GET /feed/ HTTP/1.1" 200 23048 "-" "FeedBurner/1.0 (http://www.FeedBurner.com) Mozilla/5.0 (Macintosh; Intel Mac OS X 10_11_6) AppleWebKit/537.36 (KHTML, like Gecko) Chrome/63.0.3239.132 Safari/537.36 Specificfeeds- http://www.specificfeeds.com"
157.55.39.40 - - [04/Aug/2019:05:39:07 -0400] "GET /robots.txt HTTP/1.1" 304 - "-" "Mozilla/5.0 (compatible; bingbot/2.0; +http://www.bing.com/bingbot.htm)"
205.164.44.178 - - [04/Aug/2019:06:48:19 -0400] "POST /boston/wp-cron.php?doing_wp_cron=1564915699.9344909191131591796875 HTTP/1.1" 200 20 "https://cary.mommybites.com/boston/wp-cron.php?doing_wp_cron=1564915699.9344909191131591796875" "WordPress/4.9.6; https://cary.mommybites.com/boston"
37.187.162.191 - - [04/Aug/2019:06:48:19 -0400] "GET /boston/feed/ HTTP/1.1" 304 - "-" "Mozilla/5.0 (compatible; PaperLiBot/2.1; https://support.paper.li/entries/20023257-what-is-paper-li)"
159.69.242.206 - - [04/Aug/2019:09:20:09 -0400] "GET /feed HTTP/1.1" 301 20 "-" "FeedBurner/1.0 (http://www.FeedBurner.com) Mozilla/5.0 (Macintosh; Intel Mac OS X 10_11_6) AppleWebKit/537.36 (KHTML, like Gecko) Chrome/63.0.3239.132 Safari/537.36 Specificfeeds- http://www.specificfeeds.com"
172.68.132.67 - - [04/Aug/2019:09:20:10 -0400] "POST /wp-cron.php?doing_wp_cron=1564924810.1754078865051269531250 HTTP/1.1" 200 20 "https://cary.mommybites.com/wp-cron.php?doing_wp_cron=1564924810.1754078865051269531250" "WordPress/4.9.6; https://cary.mommybites.com"
159.69.242.206 - - [04/Aug/2019:09:20:11 -0400] "GET /feed/ HTTP/1.1" 200 23048 "-" "FeedBurner/1.0 (http://www.FeedBurner.com) Mozilla/5.0 (Macintosh; Intel Mac OS X 10_11_6) AppleWebKit/537.36 (KHTML, like Gecko) Chrome/63.0.3239.132 Safari/537.36 Specificfeeds- http://www.specificfeeds.com"
172.68.132.79 - - [04/Aug/2019:10:12:12 -0400] "POST /wp-cron.php?doing_wp_cron=1564927932.8603119850158691406250 HTTP/1.1" 200 20 "https://cary.mommybites.com/wp-cron.php?doing_wp_cron=1564927932.8603119850158691406250" "WordPress/4.9.6; https://cary.mommybites.com"
180.76.15.6 - - [04/Aug/2019:10:12:12 -0400] "GET /col2/nanny/welcome-to-healthy-living/ HTTP/1.1" 200 16403 "-" "Mozilla/5.0 (compatible; Baiduspider/2.0; +http://www.baidu.com/search/spider.html)"
172.68.141.168 - - [04/Aug/2019:12:48:18 -0400] "POST /boston/wp-cron.php?doing_wp_cron=1564937298.9302399158477783203125 HTTP/1.1" 200 20 "https://cary.mommybites.com/boston/wp-cron.php?doing_wp_cron=1564937298.9302399158477783203125" "WordPress/4.9.6; https://cary.mommybites.com/boston"
37.187.162.191 - - [04/Aug/2019:12:48:18 -0400] "GET /boston/feed/ HTTP/1.1" 304 - "-" "Mozilla/5.0 (compatible; PaperLiBot/2.1; https://support.paper.li/entries/20023257-what-is-paper-li)"
172.68.143.170 - - [04/Aug/2019:13:18:10 -0400] "POST /wp-cron.php?doing_wp_cron=1564939090.4581348896026611328125 HTTP/1.1" 200 20 "https://cary.mommybites.com/wp-cron.php?doing_wp_cron=1564939090.4581348896026611328125" "WordPress/4.9.6; https://cary.mommybites.com"
159.69.189.72 - - [04/Aug/2019:13:18:10 -0400] "GET /feed HTTP/1.1" 301 20 "-" "FeedBurner/1.0 (http://www.FeedBurner.com) Mozilla/5.0 (Macintosh; Intel Mac OS X 10_11_6) AppleWebKit/537.36 (KHTML, like Gecko) Chrome/63.0.3239.132 Safari/537.36 Specificfeeds- http://www.specificfeeds.com"
159.69.189.72 - - [04/Aug/2019:13:18:11 -0400] "GET /feed/ HTTP/1.1" 200 23048 "-" "FeedBurner/1.0 (http://www.FeedBurner.com) Mozilla/5.0 (Macintosh; Intel Mac OS X 10_11_6) AppleWebKit/537.36 (KHTML, like Gecko) Chrome/63.0.3239.132 Safari/537.36 Specificfeeds- http://www.specificfeeds.com"
172.68.143.170 - - [04/Aug/2019:15:20:09 -0400] "POST /newyork/wp-cron.php?doing_wp_cron=1564946409.1586799621582031250000 HTTP/1.1" 200 20 "https://cary.mommybites.com/newyork/wp-cron.php?doing_wp_cron=1564946409.1586799621582031250000" "WordPress/4.9.6; https://cary.mommybites.com/newyork"
180.76.15.147 - - [04/Aug/2019:15:20:08 -0400] "GET /newyork/category/col2/dads/ HTTP/1.1" 200 14142 "-" "Mozilla/5.0 (compatible; Baiduspider/2.0; +http://www.baidu.com/search/spider.html)"
172.68.255.184 - - [04/Aug/2019:17:04:00 -0400] "GET /wp-content/plugins/mb-boards/css/board.css?ver=0.1.6 HTTP/1.1" 200 1445 "-" "Mozilla/5.0 (compatible; Baiduspider/2.0; +http://www.baidu.com/search/spider.html)"
159.69.242.206 - - [04/Aug/2019:17:19:38 -0400] "GET /feed HTTP/1.1" 301 20 "-" "FeedBurner/1.0 (http://www.FeedBurner.com) Mozilla/5.0 (Macintosh; Intel Mac OS X 10_11_6) AppleWebKit/537.36 (KHTML, like Gecko) Chrome/63.0.3239.132 Safari/537.36 Specificfeeds- http://www.specificfeeds.com"
172.68.142.175 - - [04/Aug/2019:17:19:38 -0400] "POST /wp-cron.php?doing_wp_cron=1564953578.5594360828399658203125 HTTP/1.1" 200 20 "https://cary.mommybites.com/wp-cron.php?doing_wp_cron=1564953578.5594360828399658203125" "WordPress/4.9.6; https://cary.mommybites.com"
159.69.242.206 - - [04/Aug/2019:17:19:40 -0400] "GET /feed/ HTTP/1.1" 200 23048 "-" "FeedBurner/1.0 (http://www.FeedBurner.com) Mozilla/5.0 (Macintosh; Intel Mac OS X 10_11_6) AppleWebKit/537.36 (KHTML, like Gecko) Chrome/63.0.3239.132 Safari/537.36 Specificfeeds- http://www.specificfeeds.com"
172.69.22.82 - - [04/Aug/2019:18:48:20 -0400] "POST /boston/wp-cron.php?doing_wp_cron=1564958900.6105990409851074218750 HTTP/1.1" 200 20 "https://cary.mommybites.com/boston/wp-cron.php?doing_wp_cron=1564958900.6105990409851074218750" "WordPress/4.9.6; https://cary.mommybites.com/boston"
37.187.162.191 - - [04/Aug/2019:18:48:20 -0400] "GET /boston/feed/ HTTP/1.1" 304 - "-" "Mozilla/5.0 (compatible; PaperLiBot/2.1; https://support.paper.li/entries/20023257-what-is-paper-li)"
172.69.70.151 - - [04/Aug/2019:18:50:45 -0400] "GET /robots.txt HTTP/1.1" 200 486 "-" "Mozilla/5.0 (compatible; Googlebot/2.1; +http://www.google.com/bot.html)"
159.69.189.72 - - [04/Aug/2019:20:58:33 -0400] "GET /feed HTTP/1.1" 301 20 "-" "FeedBurner/1.0 (http://www.FeedBurner.com) Mozilla/5.0 (Macintosh; Intel Mac OS X 10_11_6) AppleWebKit/537.36 (KHTML, like Gecko) Chrome/63.0.3239.132 Safari/537.36 Specificfeeds- http://www.specificfeeds.com"
172.69.22.82 - - [04/Aug/2019:20:58:33 -0400] "POST /wp-cron.php?doing_wp_cron=1564966713.5299661159515380859375 HTTP/1.1" 200 20 "https://cary.mommybites.com/wp-cron.php?doing_wp_cron=1564966713.5299661159515380859375" "WordPress/4.9.6; https://cary.mommybites.com"
159.69.189.72 - - [04/Aug/2019:20:58:35 -0400] "GET /feed/ HTTP/1.1" 200 23048 "-" "FeedBurner/1.0 (http://www.FeedBurner.com) Mozilla/5.0 (Macintosh; Intel Mac OS X 10_11_6) AppleWebKit/537.36 (KHTML, like Gecko) Chrome/63.0.3239.132 Safari/537.36 Specificfeeds- http://www.specificfeeds.com"
216.244.66.227 - - [04/Aug/2019:22:34:16 -0400] "GET /robots.txt HTTP/1.1" 304 - "-" "Mozilla/5.0 (compatible; DotBot/1.1; http://www.opensiteexplorer.org/dotbot, [email protected])"
172.68.142.37 - - [05/Aug/2019:00:34:12 -0400] "POST /wp-cron.php?doing_wp_cron=1564979652.6724889278411865234375 HTTP/1.1" 200 20 "https://cary.mommybites.com/wp-cron.php?doing_wp_cron=1564979652.6724889278411865234375" "WordPress/4.9.6; https://cary.mommybites.com"
180.76.15.149 - - [05/Aug/2019:00:34:12 -0400] "GET /wp-json/tribe/events/v1/ HTTP/1.1" 404 116 "-" "Mozilla/5.0 (compatible; Baiduspider/2.0; +http://www.baidu.com/search/spider.html)"
205.164.44.178 - - [05/Aug/2019:00:48:17 -0400] "POST /boston/wp-cron.php?doing_wp_cron=1564980497.7983601093292236328125 HTTP/1.1" 200 20 "https://cary.mommybites.com/boston/wp-cron.php?doing_wp_cron=1564980497.7983601093292236328125" "WordPress/4.9.6; https://cary.mommybites.com/boston"
37.187.162.191 - - [05/Aug/2019:00:48:17 -0400] "GET /boston/feed/ HTTP/1.1" 304 - "-" "Mozilla/5.0 (compatible; PaperLiBot/2.1; https://support.paper.li/entries/20023257-what-is-paper-li)"
172.68.141.156 - - [05/Aug/2019:00:49:51 -0400] "POST /wp-cron.php?doing_wp_cron=1564980591.5610780715942382812500 HTTP/1.1" 200 20 "https://cary.mommybites.com/wp-cron.php?doing_wp_cron=1564980591.5610780715942382812500" "WordPress/4.9.6; https://cary.mommybites.com"
159.69.189.72 - - [05/Aug/2019:00:49:51 -0400] "GET /feed HTTP/1.1" 301 20 "-" "FeedBurner/1.0 (http://www.FeedBurner.com) Mozilla/5.0 (Macintosh; Intel Mac OS X 10_11_6) AppleWebKit/537.36 (KHTML, like Gecko) Chrome/63.0.3239.132 Safari/537.36 Specificfeeds- http://www.specificfeeds.com"
159.69.189.72 - - [05/Aug/2019:00:49:52 -0400] "GET /feed/ HTTP/1.1" 200 23048 "-" "FeedBurner/1.0 (http://www.FeedBurner.com) Mozilla/5.0 (Macintosh; Intel Mac OS X 10_11_6) AppleWebKit/537.36 (KHTML, like Gecko) Chrome/63.0.3239.132 Safari/537.36 Specificfeeds- http://www.specificfeeds.com"
159.69.189.72 - - [05/Aug/2019:04:34:53 -0400] "GET /feed HTTP/1.1" 301 20 "-" "FeedBurner/1.0 (http://www.FeedBurner.com) Mozilla/5.0 (Macintosh; Intel Mac OS X 10_11_6) AppleWebKit/537.36 (KHTML, like Gecko) Chrome/63.0.3239.132 Safari/537.36 Specificfeeds- http://www.specificfeeds.com"
172.68.142.97 - - [05/Aug/2019:04:34:54 -0400] "POST /wp-cron.php?doing_wp_cron=1564994094.4412040710449218750000 HTTP/1.1" 200 20 "https://cary.mommybites.com/wp-cron.php?doing_wp_cron=1564994094.4412040710449218750000" "WordPress/4.9.6; https://cary.mommybites.com"
159.69.189.72 - - [05/Aug/2019:04:34:56 -0400] "GET /feed/ HTTP/1.1" 200 23048 "-" "FeedBurner/1.0 (http://www.FeedBurner.com) Mozilla/5.0 (Macintosh; Intel Mac OS X 10_11_6) AppleWebKit/537.36 (KHTML, like Gecko) Chrome/63.0.3239.132 Safari/537.36 Specificfeeds- http://www.specificfeeds.com"
172.68.143.50 - - [05/Aug/2019:05:46:24 -0400] "POST /newyork/wp-cron.php?doing_wp_cron=1564998384.9152579307556152343750 HTTP/1.1" 200 20 "https://cary.mommybites.com/newyork/wp-cron.php?doing_wp_cron=1564998384.9152579307556152343750" "WordPress/4.9.6; https://cary.mommybites.com/newyork"
180.76.15.13 - - [05/Aug/2019:05:46:24 -0400] "GET /newyork/category/col2/moms/ HTTP/1.1" 200 14130 "-" "Mozilla/5.0 (compatible; Baiduspider/2.0; +http://www.baidu.com/search/spider.html)"
172.68.189.75 - - [05/Aug/2019:06:48:20 -0400] "POST /boston/wp-cron.php?doing_wp_cron=1565002100.0386810302734375000000 HTTP/1.1" 200 20 "https://cary.mommybites.com/boston/wp-cron.php?doing_wp_cron=1565002100.0386810302734375000000" "WordPress/4.9.6; https://cary.mommybites.com/boston"
37.187.162.191 - - [05/Aug/2019:06:48:19 -0400] "GET /boston/feed/ HTTP/1.1" 304 - "-" "Mozilla/5.0 (compatible; PaperLiBot/2.1; https://support.paper.li/entries/20023257-what-is-paper-li)"
172.68.255.106 - - [05/Aug/2019:08:28:44 -0400] "GET /wp-content/plugins/contact-form-7/includes/js/scripts.js HTTP/1.1" 304 - "-" "Mozilla/5.0 (compatible; Baiduspider/2.0; +http://www.baidu.com/search/spider.html)"
172.68.142.37 - - [05/Aug/2019:08:46:20 -0400] "POST /wp-cron.php?doing_wp_cron=1565009180.8778500556945800781250 HTTP/1.1" 200 20 "https://cary.mommybites.com/wp-cron.php?doing_wp_cron=1565009180.8778500556945800781250" "WordPress/4.9.6; https://cary.mommybites.com"
159.69.242.206 - - [05/Aug/2019:08:46:20 -0400] "GET /feed HTTP/1.1" 301 20 "-" "FeedBurner/1.0 (http://www.FeedBurner.com) Mozilla/5.0 (Macintosh; Intel Mac OS X 10_11_6) AppleWebKit/537.36 (KHTML, like Gecko) Chrome/63.0.3239.132 Safari/537.36 Specificfeeds- http://www.specificfeeds.com"
159.69.242.206 - - [05/Aug/2019:08:46:23 -0400] "GET /feed/ HTTP/1.1" 200 23048 "-" "FeedBurner/1.0 (http://www.FeedBurner.com) Mozilla/5.0 (Macintosh; Intel Mac OS X 10_11_6) AppleWebKit/537.36 (KHTML, like Gecko) Chrome/63.0.3239.132 Safari/537.36 Specificfeeds- http://www.specificfeeds.com"
172.69.70.151 - - [05/Aug/2019:11:21:31 -0400] "GET /robots.txt HTTP/1.1" 304 - "-" "Mozilla/5.0 (compatible; Googlebot/2.1; +http://www.google.com/bot.html)"
