159.69.242.206 - - [12/Jul/2019:03:21:27 -0400] "GET /feed/ HTTP/1.1" 200 23048 "-" "FeedBurner/1.0 (http://www.FeedBurner.com) Mozilla/5.0 (Macintosh; Intel Mac OS X 10_11_6) AppleWebKit/537.36 (KHTML, like Gecko) Chrome/63.0.3239.132 Safari/537.36 Specificfeeds- http://www.specificfeeds.com"
159.69.189.72 - - [12/Jul/2019:06:36:23 -0400] "GET /feed HTTP/1.1" 301 20 "-" "FeedBurner/1.0 (http://www.FeedBurner.com) Mozilla/5.0 (Macintosh; Intel Mac OS X 10_11_6) AppleWebKit/537.36 (KHTML, like Gecko) Chrome/63.0.3239.132 Safari/537.36 Specificfeeds- http://www.specificfeeds.com"
172.68.211.48 - - [12/Jul/2019:06:36:24 -0400] "POST /wp-cron.php?doing_wp_cron=1562927783.9450359344482421875000 HTTP/1.1" 200 20 "https://cary.mommybites.com/wp-cron.php?doing_wp_cron=1562927783.9450359344482421875000" "WordPress/4.9.6; https://cary.mommybites.com"
159.69.189.72 - - [12/Jul/2019:06:36:25 -0400] "GET /feed/ HTTP/1.1" 200 23048 "-" "FeedBurner/1.0 (http://www.FeedBurner.com) Mozilla/5.0 (Macintosh; Intel Mac OS X 10_11_6) AppleWebKit/537.36 (KHTML, like Gecko) Chrome/63.0.3239.132 Safari/537.36 Specificfeeds- http://www.specificfeeds.com"
205.164.44.178 - - [12/Jul/2019:06:48:17 -0400] "POST /boston/wp-cron.php?doing_wp_cron=1562928497.4489700794219970703125 HTTP/1.1" 200 20 "https://cary.mommybites.com/boston/wp-cron.php?doing_wp_cron=1562928497.4489700794219970703125" "WordPress/4.9.6; https://cary.mommybites.com/boston"
37.187.162.191 - - [12/Jul/2019:06:48:17 -0400] "GET /boston/feed/ HTTP/1.1" 304 - "-" "Mozilla/5.0 (compatible; PaperLiBot/2.1; https://support.paper.li/entries/20023257-what-is-paper-li)"
159.69.189.72 - - [12/Jul/2019:10:26:23 -0400] "GET /feed HTTP/1.1" 301 20 "-" "FeedBurner/1.0 (http://www.FeedBurner.com) Mozilla/5.0 (Macintosh; Intel Mac OS X 10_11_6) AppleWebKit/537.36 (KHTML, like Gecko) Chrome/63.0.3239.132 Safari/537.36 Specificfeeds- http://www.specificfeeds.com"
172.68.143.224 - - [12/Jul/2019:10:26:23 -0400] "POST /wp-cron.php?doing_wp_cron=1562941583.6941339969635009765625 HTTP/1.1" 200 20 "https://cary.mommybites.com/wp-cron.php?doing_wp_cron=1562941583.6941339969635009765625" "WordPress/4.9.6; https://cary.mommybites.com"
159.69.189.72 - - [12/Jul/2019:10:26:26 -0400] "GET /feed/ HTTP/1.1" 200 23048 "-" "FeedBurner/1.0 (http://www.FeedBurner.com) Mozilla/5.0 (Macintosh; Intel Mac OS X 10_11_6) AppleWebKit/537.36 (KHTML, like Gecko) Chrome/63.0.3239.132 Safari/537.36 Specificfeeds- http://www.specificfeeds.com"
37.187.162.191 - - [12/Jul/2019:12:48:21 -0400] "GET /boston/feed/ HTTP/1.1" 304 - "-" "Mozilla/5.0 (compatible; PaperLiBot/2.1; https://support.paper.li/entries/20023257-what-is-paper-li)"
172.69.70.151 - - [12/Jul/2019:13:08:00 -0400] "GET /robots.txt HTTP/1.1" 304 - "-" "Mozilla/5.0 (compatible; Googlebot/2.1; +http://www.google.com/bot.html)"
172.68.189.225 - - [12/Jul/2019:13:13:01 -0400] "POST /wp-cron.php?doing_wp_cron=1562951581.3442749977111816406250 HTTP/1.1" 200 20 "https://cary.mommybites.com/wp-cron.php?doing_wp_cron=1562951581.3442749977111816406250" "WordPress/4.9.6; https://cary.mommybites.com"
172.69.90.30 - - [12/Jul/2019:13:13:01 -0400] "GET / HTTP/1.1" 200 19157 "-" "Mozilla/5.0 (compatible; Nimbostratus-Bot/v1.3.2; http://cloudsystemnetworks.com)"
172.68.189.123 - - [12/Jul/2019:14:25:42 -0400] "POST /wp-cron.php?doing_wp_cron=1562955942.8605120182037353515625 HTTP/1.1" 200 20 "https://cary.mommybites.com/wp-cron.php?doing_wp_cron=1562955942.8605120182037353515625" "WordPress/4.9.6; https://cary.mommybites.com"
159.69.242.206 - - [12/Jul/2019:14:25:42 -0400] "GET /feed HTTP/1.1" 301 20 "-" "FeedBurner/1.0 (http://www.FeedBurner.com) Mozilla/5.0 (Macintosh; Intel Mac OS X 10_11_6) AppleWebKit/537.36 (KHTML, like Gecko) Chrome/63.0.3239.132 Safari/537.36 Specificfeeds- http://www.specificfeeds.com"
159.69.242.206 - - [12/Jul/2019:14:25:44 -0400] "GET /feed/ HTTP/1.1" 200 23048 "-" "FeedBurner/1.0 (http://www.FeedBurner.com) Mozilla/5.0 (Macintosh; Intel Mac OS X 10_11_6) AppleWebKit/537.36 (KHTML, like Gecko) Chrome/63.0.3239.132 Safari/537.36 Specificfeeds- http://www.specificfeeds.com"
70.51.220.130 - - [12/Jul/2019:15:18:30 -0400] "GET /newyork/files/2018/11/Flexible-jobs-for-parents-in-NYC-1-1024x683.jpg HTTP/1.1" 200 88290 "-" "Mozilla/5.0 (Macintosh; Intel Mac OS X 10_14_5) AppleWebKit/537.36 (KHTML, like Gecko) Chrome/74.0.3729.169 Safari/537.36"
2600:1017:b41a:5b6e:2d0a:e25a:cef7:5536 - - [12/Jul/2019:16:07:30 -0400] "GET /newyork/files/2018/11/Flexible-jobs-for-parents-in-NYC-1-1024x683.jpg HTTP/1.1" 200 88290 "-" "Mozilla/5.0 (iPhone; CPU iPhone OS 12_3_2 like Mac OS X) AppleWebKit/605.1.15 (KHTML, like Gecko) Version/12.1.1 Mobile/15E148 Safari/604.1"
216.244.66.227 - - [12/Jul/2019:17:42:53 -0400] "GET /robots.txt HTTP/1.1" 304 - "-" "Mozilla/5.0 (compatible; DotBot/1.1; http://www.opensiteexplorer.org/dotbot, [email protected])"
172.68.10.210 - - [12/Jul/2019:18:12:23 -0400] "GET /robots.txt HTTP/1.1" 200 486 "-" "Mozilla/5.0 (compatible; YandexBot/3.0; +http://yandex.com/bots)"
159.69.189.72 - - [12/Jul/2019:18:13:27 -0400] "GET /feed HTTP/1.1" 301 20 "-" "FeedBurner/1.0 (http://www.FeedBurner.com) Mozilla/5.0 (Macintosh; Intel Mac OS X 10_11_6) AppleWebKit/537.36 (KHTML, like Gecko) Chrome/63.0.3239.132 Safari/537.36 Specificfeeds- http://www.specificfeeds.com"
205.164.44.178 - - [12/Jul/2019:18:13:27 -0400] "POST /wp-cron.php?doing_wp_cron=1562969607.7970271110534667968750 HTTP/1.1" 200 20 "https://cary.mommybites.com/wp-cron.php?doing_wp_cron=1562969607.7970271110534667968750" "WordPress/4.9.6; https://cary.mommybites.com"
159.69.189.72 - - [12/Jul/2019:18:13:29 -0400] "GET /feed/ HTTP/1.1" 200 23048 "-" "FeedBurner/1.0 (http://www.FeedBurner.com) Mozilla/5.0 (Macintosh; Intel Mac OS X 10_11_6) AppleWebKit/537.36 (KHTML, like Gecko) Chrome/63.0.3239.132 Safari/537.36 Specificfeeds- http://www.specificfeeds.com"
172.68.133.122 - - [12/Jul/2019:18:46:44 -0400] "POST /newyork/wp-cron.php?doing_wp_cron=1562971604.0792310237884521484375 HTTP/1.1" 200 20 "https://cary.mommybites.com/newyork/wp-cron.php?doing_wp_cron=1562971604.0792310237884521484375" "WordPress/4.9.6; https://cary.mommybites.com/newyork"
180.76.15.135 - - [12/Jul/2019:18:46:43 -0400] "GET /newyork/category/col2/moms/ HTTP/1.1" 200 14126 "-" "Mozilla/5.0 (compatible; Baiduspider/2.0; +http://www.baidu.com/search/spider.html)"
205.164.44.178 - - [12/Jul/2019:18:48:20 -0400] "POST /boston/wp-cron.php?doing_wp_cron=1562971700.6061079502105712890625 HTTP/1.1" 200 20 "https://cary.mommybites.com/boston/wp-cron.php?doing_wp_cron=1562971700.6061079502105712890625" "WordPress/4.9.6; https://cary.mommybites.com/boston"
37.187.162.191 - - [12/Jul/2019:18:48:20 -0400] "GET /boston/feed/ HTTP/1.1" 304 - "-" "Mozilla/5.0 (compatible; PaperLiBot/2.1; https://support.paper.li/entries/20023257-what-is-paper-li)"
172.68.143.56 - - [12/Jul/2019:19:20:04 -0400] "POST /wp-cron.php?doing_wp_cron=1562973604.0842919349670410156250 HTTP/1.1" 200 20 "https://cary.mommybites.com/wp-cron.php?doing_wp_cron=1562973604.0842919349670410156250" "WordPress/4.9.6; https://cary.mommybites.com"
180.76.15.12 - - [12/Jul/2019:19:20:03 -0400] "GET /col1/baby/keeping-baby-crib/ HTTP/1.1" 200 17572 "-" "Mozilla/5.0 (compatible; Baiduspider/2.0; +http://www.baidu.com/search/spider.html)"
172.68.143.224 - - [12/Jul/2019:20:54:26 -0400] "POST /wp-cron.php?doing_wp_cron=1562979266.6967470645904541015625 HTTP/1.1" 200 20 "https://cary.mommybites.com/wp-cron.php?doing_wp_cron=1562979266.6967470645904541015625" "WordPress/4.9.6; https://cary.mommybites.com"
159.69.189.72 - - [12/Jul/2019:20:54:26 -0400] "GET /feed HTTP/1.1" 301 20 "-" "FeedBurner/1.0 (http://www.FeedBurner.com) Mozilla/5.0 (Macintosh; Intel Mac OS X 10_11_6) AppleWebKit/537.36 (KHTML, like Gecko) Chrome/63.0.3239.132 Safari/537.36 Specificfeeds- http://www.specificfeeds.com"
159.69.189.72 - - [12/Jul/2019:20:54:27 -0400] "GET /feed/ HTTP/1.1" 200 23048 "-" "FeedBurner/1.0 (http://www.FeedBurner.com) Mozilla/5.0 (Macintosh; Intel Mac OS X 10_11_6) AppleWebKit/537.36 (KHTML, like Gecko) Chrome/63.0.3239.132 Safari/537.36 Specificfeeds- http://www.specificfeeds.com"
172.68.143.56 - - [12/Jul/2019:22:26:51 -0400] "POST /wp-cron.php?doing_wp_cron=1562984811.3116459846496582031250 HTTP/1.1" 200 20 "https://cary.mommybites.com/wp-cron.php?doing_wp_cron=1562984811.3116459846496582031250" "WordPress/4.9.6; https://cary.mommybites.com"
159.69.189.72 - - [12/Jul/2019:22:26:51 -0400] "GET /feed HTTP/1.1" 301 20 "-" "FeedBurner/1.0 (http://www.FeedBurner.com) Mozilla/5.0 (Macintosh; Intel Mac OS X 10_11_6) AppleWebKit/537.36 (KHTML, like Gecko) Chrome/63.0.3239.132 Safari/537.36 Specificfeeds- http://www.specificfeeds.com"
159.69.189.72 - - [12/Jul/2019:22:26:52 -0400] "GET /feed/ HTTP/1.1" 200 23048 "-" "FeedBurner/1.0 (http://www.FeedBurner.com) Mozilla/5.0 (Macintosh; Intel Mac OS X 10_11_6) AppleWebKit/537.36 (KHTML, like Gecko) Chrome/63.0.3239.132 Safari/537.36 Specificfeeds- http://www.specificfeeds.com"
172.69.160.134 - - [12/Jul/2019:23:04:28 -0400] "GET /newyork/files/2018/11/Flexible-jobs-for-parents-in-NYC-1-1024x683.jpg HTTP/1.1" 200 88290 "-" "Mozilla/5.0 (Windows NT 10.0; Win64; x64) AppleWebKit/537.36 (KHTML, like Gecko) Chrome/75.0.3770.100 Safari/537.36 OPR/62.0.3331.43"
205.164.44.178 - - [13/Jul/2019:00:48:19 -0400] "POST /boston/wp-cron.php?doing_wp_cron=1562993299.5736720561981201171875 HTTP/1.1" 200 20 "https://cary.mommybites.com/boston/wp-cron.php?doing_wp_cron=1562993299.5736720561981201171875" "WordPress/4.9.6; https://cary.mommybites.com/boston"
172.69.226.201 - - [13/Jul/2019:00:48:19 -0400] "GET /boston/feed/ HTTP/1.1" 304 - "-" "Mozilla/5.0 (compatible; PaperLiBot/2.1; https://support.paper.li/entries/20023257-what-is-paper-li)"
172.69.22.172 - - [13/Jul/2019:01:45:04 -0400] "POST /wp-cron.php?doing_wp_cron=1562996704.2109749317169189453125 HTTP/1.1" 200 20 "https://cary.mommybites.com/wp-cron.php?doing_wp_cron=1562996704.2109749317169189453125" "WordPress/4.9.6; https://cary.mommybites.com"
159.69.242.206 - - [13/Jul/2019:01:45:03 -0400] "GET /feed HTTP/1.1" 301 20 "-" "FeedBurner/1.0 (http://www.FeedBurner.com) Mozilla/5.0 (Macintosh; Intel Mac OS X 10_11_6) AppleWebKit/537.36 (KHTML, like Gecko) Chrome/63.0.3239.132 Safari/537.36 Specificfeeds- http://www.specificfeeds.com"
159.69.242.206 - - [13/Jul/2019:01:45:05 -0400] "GET /feed/ HTTP/1.1" 200 23048 "-" "FeedBurner/1.0 (http://www.FeedBurner.com) Mozilla/5.0 (Macintosh; Intel Mac OS X 10_11_6) AppleWebKit/537.36 (KHTML, like Gecko) Chrome/63.0.3239.132 Safari/537.36 Specificfeeds- http://www.specificfeeds.com"
172.69.54.191 - - [13/Jul/2019:02:03:02 -0400] "GET /newyork/files/2018/11/Flexible-jobs-for-parents-in-NYC-1-1024x683.jpg HTTP/1.1" 200 88290 "-" "facebookexternalhit/1.1 (+http://www.facebook.com/externalhit_uatext.php)"
159.69.242.206 - - [13/Jul/2019:04:50:02 -0400] "GET /feed HTTP/1.1" 301 20 "-" "FeedBurner/1.0 (http://www.FeedBurner.com) Mozilla/5.0 (Macintosh; Intel Mac OS X 10_11_6) AppleWebKit/537.36 (KHTML, like Gecko) Chrome/63.0.3239.132 Safari/537.36 Specificfeeds- http://www.specificfeeds.com"
205.164.44.178 - - [13/Jul/2019:04:50:02 -0400] "POST /wp-cron.php?doing_wp_cron=1563007802.6942970752716064453125 HTTP/1.1" 200 20 "https://cary.mommybites.com/wp-cron.php?doing_wp_cron=1563007802.6942970752716064453125" "WordPress/4.9.6; https://cary.mommybites.com"
159.69.242.206 - - [13/Jul/2019:04:50:04 -0400] "GET /feed/ HTTP/1.1" 200 23048 "-" "FeedBurner/1.0 (http://www.FeedBurner.com) Mozilla/5.0 (Macintosh; Intel Mac OS X 10_11_6) AppleWebKit/537.36 (KHTML, like Gecko) Chrome/63.0.3239.132 Safari/537.36 Specificfeeds- http://www.specificfeeds.com"
172.69.23.17 - - [13/Jul/2019:06:48:20 -0400] "POST /boston/wp-cron.php?doing_wp_cron=1563014900.6442580223083496093750 HTTP/1.1" 200 20 "https://cary.mommybites.com/boston/wp-cron.php?doing_wp_cron=1563014900.6442580223083496093750" "WordPress/4.9.6; https://cary.mommybites.com/boston"
37.187.162.191 - - [13/Jul/2019:06:48:20 -0400] "GET /boston/feed/ HTTP/1.1" 304 - "-" "Mozilla/5.0 (compatible; PaperLiBot/2.1; https://support.paper.li/entries/20023257-what-is-paper-li)"
180.76.15.19 - - [13/Jul/2019:06:48:46 -0400] "GET /wp-content/plugins/contact-form-7/includes/js/scripts.js HTTP/1.1" 200 3667 "-" "Mozilla/5.0 (compatible; Baiduspider/2.0; +http://www.baidu.com/search/spider.html)"
180.76.15.23 - - [13/Jul/2019:07:22:07 -0400] "GET / HTTP/1.1" 200 19157 "-" "Mozilla/5.0 (compatible; Baiduspider/2.0; +http://www.baidu.com/search/spider.html)"
172.68.189.225 - - [13/Jul/2019:07:22:08 -0400] "POST /wp-cron.php?doing_wp_cron=1563016928.1651780605316162109375 HTTP/1.1" 200 20 "https://cary.mommybites.com/wp-cron.php?doing_wp_cron=1563016928.1651780605316162109375" "WordPress/4.9.6; https://cary.mommybites.com"
172.68.189.15 - - [13/Jul/2019:07:44:12 -0400] "POST /wp-cron.php?doing_wp_cron=1563018252.7246720790863037109375 HTTP/1.1" 200 20 "https://cary.mommybites.com/wp-cron.php?doing_wp_cron=1563018252.7246720790863037109375" "WordPress/4.9.6; https://cary.mommybites.com"
159.69.242.206 - - [13/Jul/2019:07:44:12 -0400] "GET /feed HTTP/1.1" 301 20 "-" "FeedBurner/1.0 (http://www.FeedBurner.com) Mozilla/5.0 (Macintosh; Intel Mac OS X 10_11_6) AppleWebKit/537.36 (KHTML, like Gecko) Chrome/63.0.3239.132 Safari/537.36 Specificfeeds- http://www.specificfeeds.com"
159.69.242.206 - - [13/Jul/2019:07:44:13 -0400] "GET /feed/ HTTP/1.1" 200 23048 "-" "FeedBurner/1.0 (http://www.FeedBurner.com) Mozilla/5.0 (Macintosh; Intel Mac OS X 10_11_6) AppleWebKit/537.36 (KHTML, like Gecko) Chrome/63.0.3239.132 Safari/537.36 Specificfeeds- http://www.specificfeeds.com"
172.68.132.7 - - [13/Jul/2019:07:55:26 -0400] "POST /newyork/wp-cron.php?doing_wp_cron=1563018926.4163310527801513671875 HTTP/1.1" 200 20 "https://cary.mommybites.com/newyork/wp-cron.php?doing_wp_cron=1563018926.4163310527801513671875" "WordPress/4.9.6; https://cary.mommybites.com/newyork"
180.76.15.34 - - [13/Jul/2019:07:55:26 -0400] "GET /newyork/category/col2/dads/ HTTP/1.1" 200 14142 "-" "Mozilla/5.0 (compatible; Baiduspider/2.0; +http://www.baidu.com/search/spider.html)"
172.68.141.234 - - [13/Jul/2019:10:36:29 -0400] "POST /wp-cron.php?doing_wp_cron=1563028589.8506119251251220703125 HTTP/1.1" 200 20 "https://cary.mommybites.com/wp-cron.php?doing_wp_cron=1563028589.8506119251251220703125" "WordPress/4.9.6; https://cary.mommybites.com"
159.69.242.206 - - [13/Jul/2019:10:36:29 -0400] "GET /feed HTTP/1.1" 301 20 "-" "FeedBurner/1.0 (http://www.FeedBurner.com) Mozilla/5.0 (Macintosh; Intel Mac OS X 10_11_6) AppleWebKit/537.36 (KHTML, like Gecko) Chrome/63.0.3239.132 Safari/537.36 Specificfeeds- http://www.specificfeeds.com"
159.69.242.206 - - [13/Jul/2019:10:36:32 -0400] "GET /feed/ HTTP/1.1" 200 23048 "-" "FeedBurner/1.0 (http://www.FeedBurner.com) Mozilla/5.0 (Macintosh; Intel Mac OS X 10_11_6) AppleWebKit/537.36 (KHTML, like Gecko) Chrome/63.0.3239.132 Safari/537.36 Specificfeeds- http://www.specificfeeds.com"
172.68.132.7 - - [13/Jul/2019:12:48:21 -0400] "POST /boston/wp-cron.php?doing_wp_cron=1563036501.0684831142425537109375 HTTP/1.1" 200 20 "https://cary.mommybites.com/boston/wp-cron.php?doing_wp_cron=1563036501.0684831142425537109375" "WordPress/4.9.6; https://cary.mommybites.com/boston"
172.69.226.109 - - [13/Jul/2019:12:48:20 -0400] "GET /boston/feed/ HTTP/1.1" 304 - "-" "Mozilla/5.0 (compatible; PaperLiBot/2.1; https://support.paper.li/entries/20023257-what-is-paper-li)"
205.164.44.178 - - [13/Jul/2019:12:49:44 -0400] "POST /wp-cron.php?doing_wp_cron=1563036584.5078248977661132812500 HTTP/1.1" 200 20 "https://cary.mommybites.com/wp-cron.php?doing_wp_cron=1563036584.5078248977661132812500" "WordPress/4.9.6; https://cary.mommybites.com"
2600:387:5:807::36 - - [13/Jul/2019:12:49:44 -0400] "GET / HTTP/1.1" 200 19160 "-" "Mozilla/5.0 (iPhone; CPU iPhone OS 12_3_1 like Mac OS X) AppleWebKit/605.1.15 (KHTML, like Gecko) Version/12.1.1 Mobile/15E148 Safari/604.1"
205.164.44.178 - - [13/Jul/2019:13:31:07 -0400] "POST /wp-cron.php?doing_wp_cron=1563039066.5196928977966308593750 HTTP/1.1" 200 20 "https://cary.mommybites.com/wp-cron.php?doing_wp_cron=1563039066.5196928977966308593750" "WordPress/4.9.6; https://cary.mommybites.com"
159.69.242.206 - - [13/Jul/2019:13:31:06 -0400] "GET /feed HTTP/1.1" 301 20 "-" "FeedBurner/1.0 (http://www.FeedBurner.com) Mozilla/5.0 (Macintosh; Intel Mac OS X 10_11_6) AppleWebKit/537.36 (KHTML, like Gecko) Chrome/63.0.3239.132 Safari/537.36 Specificfeeds- http://www.specificfeeds.com"
159.69.242.206 - - [13/Jul/2019:13:31:08 -0400] "GET /feed/ HTTP/1.1" 200 23048 "-" "FeedBurner/1.0 (http://www.FeedBurner.com) Mozilla/5.0 (Macintosh; Intel Mac OS X 10_11_6) AppleWebKit/537.36 (KHTML, like Gecko) Chrome/63.0.3239.132 Safari/537.36 Specificfeeds- http://www.specificfeeds.com"
216.244.66.227 - - [13/Jul/2019:14:58:44 -0400] "GET /robots.txt HTTP/1.1" 304 - "-" "Mozilla/5.0 (compatible; DotBot/1.1; http://www.opensiteexplorer.org/dotbot, [email protected])"
172.68.143.224 - - [13/Jul/2019:15:31:41 -0400] "POST /wp-cron.php?doing_wp_cron=1563046301.4364790916442871093750 HTTP/1.1" 200 20 "https://cary.mommybites.com/wp-cron.php?doing_wp_cron=1563046301.4364790916442871093750" "WordPress/4.9.6; https://cary.mommybites.com"
209.17.96.226 - - [13/Jul/2019:15:31:41 -0400] "GET / HTTP/1.1" 200 19157 "-" "Mozilla/5.0 (compatible; Nimbostratus-Bot/v1.3.2; http://cloudsystemnetworks.com)"
159.69.189.72 - - [13/Jul/2019:17:20:38 -0400] "GET /feed HTTP/1.1" 301 20 "-" "FeedBurner/1.0 (http://www.FeedBurner.com) Mozilla/5.0 (Macintosh; Intel Mac OS X 10_11_6) AppleWebKit/537.36 (KHTML, like Gecko) Chrome/63.0.3239.132 Safari/537.36 Specificfeeds- http://www.specificfeeds.com"
172.68.132.7 - - [13/Jul/2019:17:20:38 -0400] "POST /wp-cron.php?doing_wp_cron=1563052838.4930839538574218750000 HTTP/1.1" 200 20 "https://cary.mommybites.com/wp-cron.php?doing_wp_cron=1563052838.4930839538574218750000" "WordPress/4.9.6; https://cary.mommybites.com"
159.69.189.72 - - [13/Jul/2019:17:20:40 -0400] "GET /feed/ HTTP/1.1" 200 23048 "-" "FeedBurner/1.0 (http://www.FeedBurner.com) Mozilla/5.0 (Macintosh; Intel Mac OS X 10_11_6) AppleWebKit/537.36 (KHTML, like Gecko) Chrome/63.0.3239.132 Safari/537.36 Specificfeeds- http://www.specificfeeds.com"
172.68.133.122 - - [13/Jul/2019:18:48:18 -0400] "POST /boston/wp-cron.php?doing_wp_cron=1563058098.1553459167480468750000 HTTP/1.1" 200 20 "https://cary.mommybites.com/boston/wp-cron.php?doing_wp_cron=1563058098.1553459167480468750000" "WordPress/4.9.6; https://cary.mommybites.com/boston"
172.69.226.157 - - [13/Jul/2019:18:48:17 -0400] "GET /boston/feed/ HTTP/1.1" 304 - "-" "Mozilla/5.0 (compatible; PaperLiBot/2.1; https://support.paper.li/entries/20023257-what-is-paper-li)"
159.69.189.72 - - [13/Jul/2019:20:13:02 -0400] "GET /feed HTTP/1.1" 301 20 "-" "FeedBurner/1.0 (http://www.FeedBurner.com) Mozilla/5.0 (Macintosh; Intel Mac OS X 10_11_6) AppleWebKit/537.36 (KHTML, like Gecko) Chrome/63.0.3239.132 Safari/537.36 Specificfeeds- http://www.specificfeeds.com"
205.164.44.178 - - [13/Jul/2019:20:13:02 -0400] "POST /wp-cron.php?doing_wp_cron=1563063182.7197809219360351562500 HTTP/1.1" 200 20 "https://cary.mommybites.com/wp-cron.php?doing_wp_cron=1563063182.7197809219360351562500" "WordPress/4.9.6; https://cary.mommybites.com"
159.69.189.72 - - [13/Jul/2019:20:13:04 -0400] "GET /feed/ HTTP/1.1" 200 23048 "-" "FeedBurner/1.0 (http://www.FeedBurner.com) Mozilla/5.0 (Macintosh; Intel Mac OS X 10_11_6) AppleWebKit/537.36 (KHTML, like Gecko) Chrome/63.0.3239.132 Safari/537.36 Specificfeeds- http://www.specificfeeds.com"
216.244.66.227 - - [13/Jul/2019:23:44:43 -0400] "GET /robots.txt HTTP/1.1" 304 - "-" "Mozilla/5.0 (compatible; DotBot/1.1; http://www.opensiteexplorer.org/dotbot, [email protected])"
172.69.22.172 - - [13/Jul/2019:23:54:48 -0400] "POST /wp-cron.php?doing_wp_cron=1563076488.7210719585418701171875 HTTP/1.1" 200 20 "https://cary.mommybites.com/wp-cron.php?doing_wp_cron=1563076488.7210719585418701171875" "WordPress/4.9.6; https://cary.mommybites.com"
159.69.189.72 - - [13/Jul/2019:23:54:48 -0400] "GET /feed HTTP/1.1" 301 20 "-" "FeedBurner/1.0 (http://www.FeedBurner.com) Mozilla/5.0 (Macintosh; Intel Mac OS X 10_11_6) AppleWebKit/537.36 (KHTML, like Gecko) Chrome/63.0.3239.132 Safari/537.36 Specificfeeds- http://www.specificfeeds.com"
159.69.189.72 - - [13/Jul/2019:23:54:50 -0400] "GET /feed/ HTTP/1.1" 200 23048 "-" "FeedBurner/1.0 (http://www.FeedBurner.com) Mozilla/5.0 (Macintosh; Intel Mac OS X 10_11_6) AppleWebKit/537.36 (KHTML, like Gecko) Chrome/63.0.3239.132 Safari/537.36 Specificfeeds- http://www.specificfeeds.com"
172.68.143.56 - - [14/Jul/2019:00:48:20 -0400] "POST /boston/wp-cron.php?doing_wp_cron=1563079700.1125431060791015625000 HTTP/1.1" 200 20 "https://cary.mommybites.com/boston/wp-cron.php?doing_wp_cron=1563079700.1125431060791015625000" "WordPress/4.9.6; https://cary.mommybites.com/boston"
37.187.162.191 - - [14/Jul/2019:00:48:19 -0400] "GET /boston/feed/ HTTP/1.1" 304 - "-" "Mozilla/5.0 (compatible; PaperLiBot/2.1; https://support.paper.li/entries/20023257-what-is-paper-li)"
172.69.70.151 - - [14/Jul/2019:02:56:39 -0400] "GET /robots.txt HTTP/1.1" 304 - "-" "Mozilla/5.0 (compatible; Googlebot/2.1; +http://www.google.com/bot.html)"
172.68.142.247 - - [14/Jul/2019:03:12:30 -0400] "POST /wp-cron.php?doing_wp_cron=1563088350.1826179027557373046875 HTTP/1.1" 200 20 "https://cary.mommybites.com/wp-cron.php?doing_wp_cron=1563088350.1826179027557373046875" "WordPress/4.9.6; https://cary.mommybites.com"
159.69.242.206 - - [14/Jul/2019:03:12:29 -0400] "GET /feed HTTP/1.1" 301 20 "-" "FeedBurner/1.0 (http://www.FeedBurner.com) Mozilla/5.0 (Macintosh; Intel Mac OS X 10_11_6) AppleWebKit/537.36 (KHTML, like Gecko) Chrome/63.0.3239.132 Safari/537.36 Specificfeeds- http://www.specificfeeds.com"
159.69.242.206 - - [14/Jul/2019:03:12:31 -0400] "GET /feed/ HTTP/1.1" 200 23048 "-" "FeedBurner/1.0 (http://www.FeedBurner.com) Mozilla/5.0 (Macintosh; Intel Mac OS X 10_11_6) AppleWebKit/537.36 (KHTML, like Gecko) Chrome/63.0.3239.132 Safari/537.36 Specificfeeds- http://www.specificfeeds.com"
159.69.242.206 - - [14/Jul/2019:06:08:18 -0400] "GET /feed HTTP/1.1" 301 20 "-" "FeedBurner/1.0 (http://www.FeedBurner.com) Mozilla/5.0 (Macintosh; Intel Mac OS X 10_11_6) AppleWebKit/537.36 (KHTML, like Gecko) Chrome/63.0.3239.132 Safari/537.36 Specificfeeds- http://www.specificfeeds.com"
172.69.23.17 - - [14/Jul/2019:06:08:19 -0400] "POST /wp-cron.php?doing_wp_cron=1563098899.1229510307312011718750 HTTP/1.1" 200 20 "https://cary.mommybites.com/wp-cron.php?doing_wp_cron=1563098899.1229510307312011718750" "WordPress/4.9.6; https://cary.mommybites.com"
159.69.242.206 - - [14/Jul/2019:06:08:20 -0400] "GET /feed/ HTTP/1.1" 200 23048 "-" "FeedBurner/1.0 (http://www.FeedBurner.com) Mozilla/5.0 (Macintosh; Intel Mac OS X 10_11_6) AppleWebKit/537.36 (KHTML, like Gecko) Chrome/63.0.3239.132 Safari/537.36 Specificfeeds- http://www.specificfeeds.com"
172.68.189.225 - - [14/Jul/2019:06:48:20 -0400] "POST /boston/wp-cron.php?doing_wp_cron=1563101300.1678969860076904296875 HTTP/1.1" 200 20 "https://cary.mommybites.com/boston/wp-cron.php?doing_wp_cron=1563101300.1678969860076904296875" "WordPress/4.9.6; https://cary.mommybites.com/boston"
37.187.162.191 - - [14/Jul/2019:06:48:19 -0400] "GET /boston/feed/ HTTP/1.1" 304 - "-" "Mozilla/5.0 (compatible; PaperLiBot/2.1; https://support.paper.li/entries/20023257-what-is-paper-li)"
172.68.189.225 - - [14/Jul/2019:09:45:00 -0400] "POST /wp-cron.php?doing_wp_cron=1563111900.6166999340057373046875 HTTP/1.1" 200 20 "https://cary.mommybites.com/wp-cron.php?doing_wp_cron=1563111900.6166999340057373046875" "WordPress/4.9.6; https://cary.mommybites.com"
159.69.242.206 - - [14/Jul/2019:09:45:00 -0400] "GET /feed HTTP/1.1" 301 20 "-" "FeedBurner/1.0 (http://www.FeedBurner.com) Mozilla/5.0 (Macintosh; Intel Mac OS X 10_11_6) AppleWebKit/537.36 (KHTML, like Gecko) Chrome/63.0.3239.132 Safari/537.36 Specificfeeds- http://www.specificfeeds.com"
159.69.242.206 - - [14/Jul/2019:09:45:03 -0400] "GET /feed/ HTTP/1.1" 200 23048 "-" "FeedBurner/1.0 (http://www.FeedBurner.com) Mozilla/5.0 (Macintosh; Intel Mac OS X 10_11_6) AppleWebKit/537.36 (KHTML, like Gecko) Chrome/63.0.3239.132 Safari/537.36 Specificfeeds- http://www.specificfeeds.com"
172.69.234.132 - - [14/Jul/2019:11:17:45 -0400] "GET /newyork/files/2018/11/Flexible-jobs-for-parents-in-NYC-1-1024x683.jpg HTTP/1.1" 200 88290 "-" "Mozilla/5.0 (Linux; Android 9; SM-G960U) AppleWebKit/537.36 (KHTML, like Gecko) Chrome/75.0.3770.101 Mobile Safari/537.36"
172.69.22.172 - - [14/Jul/2019:12:48:19 -0400] "POST /boston/wp-cron.php?doing_wp_cron=1563122899.4155011177062988281250 HTTP/1.1" 200 20 "https://cary.mommybites.com/boston/wp-cron.php?doing_wp_cron=1563122899.4155011177062988281250" "WordPress/4.9.6; https://cary.mommybites.com/boston"
37.187.162.191 - - [14/Jul/2019:12:48:19 -0400] "GET /boston/feed/ HTTP/1.1" 304 - "-" "Mozilla/5.0 (compatible; PaperLiBot/2.1; https://support.paper.li/entries/20023257-what-is-paper-li)"
159.69.242.206 - - [14/Jul/2019:13:31:23 -0400] "GET /feed HTTP/1.1" 301 20 "-" "FeedBurner/1.0 (http://www.FeedBurner.com) Mozilla/5.0 (Macintosh; Intel Mac OS X 10_11_6) AppleWebKit/537.36 (KHTML, like Gecko) Chrome/63.0.3239.132 Safari/537.36 Specificfeeds- http://www.specificfeeds.com"
205.164.44.178 - - [14/Jul/2019:13:31:23 -0400] "POST /wp-cron.php?doing_wp_cron=1563125483.7827699184417724609375 HTTP/1.1" 200 20 "https://cary.mommybites.com/wp-cron.php?doing_wp_cron=1563125483.7827699184417724609375" "WordPress/4.9.6; https://cary.mommybites.com"
159.69.242.206 - - [14/Jul/2019:13:31:25 -0400] "GET /feed/ HTTP/1.1" 200 23048 "-" "FeedBurner/1.0 (http://www.FeedBurner.com) Mozilla/5.0 (Macintosh; Intel Mac OS X 10_11_6) AppleWebKit/537.36 (KHTML, like Gecko) Chrome/63.0.3239.132 Safari/537.36 Specificfeeds- http://www.specificfeeds.com"
69.12.72.186 - - [14/Jul/2019:16:14:54 -0400] "GET /wp-content/plugins/ubh/up.php HTTP/1.1" 500 620 "http://cary.mommybites.com/wp-content/plugins/ubh/up.php" "Mozilla/5.0 (Windows NT 6.1; WOW64) AppleWebKit/537.36 (KHTML, like Gecko) Chrome/42.0.2311.152 Safari/537.36"
159.69.189.72 - - [14/Jul/2019:17:10:24 -0400] "GET /feed HTTP/1.1" 301 20 "-" "FeedBurner/1.0 (http://www.FeedBurner.com) Mozilla/5.0 (Macintosh; Intel Mac OS X 10_11_6) AppleWebKit/537.36 (KHTML, like Gecko) Chrome/63.0.3239.132 Safari/537.36 Specificfeeds- http://www.specificfeeds.com"
172.68.189.225 - - [14/Jul/2019:17:10:25 -0400] "POST /wp-cron.php?doing_wp_cron=1563138625.1996219158172607421875 HTTP/1.1" 200 20 "https://cary.mommybites.com/wp-cron.php?doing_wp_cron=1563138625.1996219158172607421875" "WordPress/4.9.6; https://cary.mommybites.com"
159.69.189.72 - - [14/Jul/2019:17:10:26 -0400] "GET /feed/ HTTP/1.1" 200 23048 "-" "FeedBurner/1.0 (http://www.FeedBurner.com) Mozilla/5.0 (Macintosh; Intel Mac OS X 10_11_6) AppleWebKit/537.36 (KHTML, like Gecko) Chrome/63.0.3239.132 Safari/537.36 Specificfeeds- http://www.specificfeeds.com"
172.68.143.224 - - [14/Jul/2019:18:48:19 -0400] "POST /boston/wp-cron.php?doing_wp_cron=1563144499.4637849330902099609375 HTTP/1.1" 200 20 "https://cary.mommybites.com/boston/wp-cron.php?doing_wp_cron=1563144499.4637849330902099609375" "WordPress/4.9.6; https://cary.mommybites.com/boston"
37.187.162.191 - - [14/Jul/2019:18:48:19 -0400] "GET /boston/feed/ HTTP/1.1" 304 - "-" "Mozilla/5.0 (compatible; PaperLiBot/2.1; https://support.paper.li/entries/20023257-what-is-paper-li)"
180.76.15.33 - - [14/Jul/2019:19:25:34 -0400] "GET /wp-content/plugins/mb-boards/css/board.css?ver=0.1.6 HTTP/1.1" 200 1445 "-" "Mozilla/5.0 (compatible; Baiduspider/2.0; +http://www.baidu.com/search/spider.html)"
172.69.70.151 - - [14/Jul/2019:19:40:17 -0400] "GET /robots.txt HTTP/1.1" 304 - "-" "Mozilla/5.0 (compatible; Googlebot/2.1; +http://www.google.com/bot.html)"
180.76.15.22 - - [14/Jul/2019:20:32:14 -0400] "GET /wp-content/plugins/contact-form-7/includes/js/scripts.js HTTP/1.1" 304 - "-" "Mozilla/5.0 (compatible; Baiduspider/2.0; +http://www.baidu.com/search/spider.html)"
159.69.189.72 - - [14/Jul/2019:20:46:38 -0400] "GET /feed HTTP/1.1" 301 20 "-" "FeedBurner/1.0 (http://www.FeedBurner.com) Mozilla/5.0 (Macintosh; Intel Mac OS X 10_11_6) AppleWebKit/537.36 (KHTML, like Gecko) Chrome/63.0.3239.132 Safari/537.36 Specificfeeds- http://www.specificfeeds.com"
172.68.132.7 - - [14/Jul/2019:20:46:39 -0400] "POST /wp-cron.php?doing_wp_cron=1563151599.0712349414825439453125 HTTP/1.1" 200 20 "https://cary.mommybites.com/wp-cron.php?doing_wp_cron=1563151599.0712349414825439453125" "WordPress/4.9.6; https://cary.mommybites.com"
159.69.189.72 - - [14/Jul/2019:20:46:40 -0400] "GET /feed/ HTTP/1.1" 200 23048 "-" "FeedBurner/1.0 (http://www.FeedBurner.com) Mozilla/5.0 (Macintosh; Intel Mac OS X 10_11_6) AppleWebKit/537.36 (KHTML, like Gecko) Chrome/63.0.3239.132 Safari/537.36 Specificfeeds- http://www.specificfeeds.com"
108.29.173.151 - - [15/Jul/2019:00:09:09 -0400] "GET /newyork/files/2018/11/Flexible-jobs-for-parents-in-NYC-1-1024x683.jpg HTTP/1.1" 200 88290 "-" "Mozilla/5.0 (iPhone; CPU iPhone OS 12_3_1 like Mac OS X) AppleWebKit/605.1.15 (KHTML, like Gecko) Version/12.1.1 Mobile/15E148 Safari/604.1"
172.68.132.7 - - [15/Jul/2019:00:34:15 -0400] "POST /wp-cron.php?doing_wp_cron=1563165255.0806849002838134765625 HTTP/1.1" 200 20 "https://cary.mommybites.com/wp-cron.php?doing_wp_cron=1563165255.0806849002838134765625" "WordPress/4.9.6; https://cary.mommybites.com"
159.69.189.72 - - [15/Jul/2019:00:34:14 -0400] "GET /feed HTTP/1.1" 301 20 "-" "FeedBurner/1.0 (http://www.FeedBurner.com) Mozilla/5.0 (Macintosh; Intel Mac OS X 10_11_6) AppleWebKit/537.36 (KHTML, like Gecko) Chrome/63.0.3239.132 Safari/537.36 Specificfeeds- http://www.specificfeeds.com"
159.69.189.72 - - [15/Jul/2019:00:34:17 -0400] "GET /feed/ HTTP/1.1" 200 23048 "-" "FeedBurner/1.0 (http://www.FeedBurner.com) Mozilla/5.0 (Macintosh; Intel Mac OS X 10_11_6) AppleWebKit/537.36 (KHTML, like Gecko) Chrome/63.0.3239.132 Safari/537.36 Specificfeeds- http://www.specificfeeds.com"
172.69.22.244 - - [15/Jul/2019:00:48:19 -0400] "POST /boston/wp-cron.php?doing_wp_cron=1563166099.6456530094146728515625 HTTP/1.1" 200 20 "https://cary.mommybites.com/boston/wp-cron.php?doing_wp_cron=1563166099.6456530094146728515625" "WordPress/4.9.6; https://cary.mommybites.com/boston"
172.69.226.109 - - [15/Jul/2019:00:48:19 -0400] "GET /boston/feed/ HTTP/1.1" 304 - "-" "Mozilla/5.0 (compatible; PaperLiBot/2.1; https://support.paper.li/entries/20023257-what-is-paper-li)"
216.244.66.227 - - [15/Jul/2019:01:31:47 -0400] "GET /robots.txt HTTP/1.1" 304 - "-" "Mozilla/5.0 (compatible; DotBot/1.1; http://www.opensiteexplorer.org/dotbot, [email protected])"
159.69.242.206 - - [15/Jul/2019:03:48:03 -0400] "GET /feed HTTP/1.1" 301 20 "-" "FeedBurner/1.0 (http://www.FeedBurner.com) Mozilla/5.0 (Macintosh; Intel Mac OS X 10_11_6) AppleWebKit/537.36 (KHTML, like Gecko) Chrome/63.0.3239.132 Safari/537.36 Specificfeeds- http://www.specificfeeds.com"
172.68.143.56 - - [15/Jul/2019:03:48:04 -0400] "POST /wp-cron.php?doing_wp_cron=1563176884.2690920829772949218750 HTTP/1.1" 200 20 "https://cary.mommybites.com/wp-cron.php?doing_wp_cron=1563176884.2690920829772949218750" "WordPress/4.9.6; https://cary.mommybites.com"
159.69.242.206 - - [15/Jul/2019:03:48:05 -0400] "GET /feed/ HTTP/1.1" 200 23048 "-" "FeedBurner/1.0 (http://www.FeedBurner.com) Mozilla/5.0 (Macintosh; Intel Mac OS X 10_11_6) AppleWebKit/537.36 (KHTML, like Gecko) Chrome/63.0.3239.132 Safari/537.36 Specificfeeds- http://www.specificfeeds.com"
157.55.39.0 - - [15/Jul/2019:03:56:31 -0400] "GET /robots.txt HTTP/1.1" 304 - "-" "Mozilla/5.0 (compatible; bingbot/2.0; +http://www.bing.com/bingbot.htm)"
172.68.174.72 - - [15/Jul/2019:06:48:18 -0400] "POST /boston/wp-cron.php?doing_wp_cron=1563187698.6612598896026611328125 HTTP/1.1" 200 20 "https://cary.mommybites.com/boston/wp-cron.php?doing_wp_cron=1563187698.6612598896026611328125" "WordPress/4.9.6; https://cary.mommybites.com/boston"
37.187.162.191 - - [15/Jul/2019:06:48:18 -0400] "GET /boston/feed/ HTTP/1.1" 304 - "-" "Mozilla/5.0 (compatible; PaperLiBot/2.1; https://support.paper.li/entries/20023257-what-is-paper-li)"
159.69.189.72 - - [15/Jul/2019:07:13:39 -0400] "GET /feed HTTP/1.1" 301 20 "-" "FeedBurner/1.0 (http://www.FeedBurner.com) Mozilla/5.0 (Macintosh; Intel Mac OS X 10_11_6) AppleWebKit/537.36 (KHTML, like Gecko) Chrome/63.0.3239.132 Safari/537.36 Specificfeeds- http://www.specificfeeds.com"
172.68.174.72 - - [15/Jul/2019:07:13:40 -0400] "POST /wp-cron.php?doing_wp_cron=1563189219.7603900432586669921875 HTTP/1.1" 200 20 "https://cary.mommybites.com/wp-cron.php?doing_wp_cron=1563189219.7603900432586669921875" "WordPress/4.9.6; https://cary.mommybites.com"
159.69.189.72 - - [15/Jul/2019:07:13:41 -0400] "GET /feed/ HTTP/1.1" 200 23048 "-" "FeedBurner/1.0 (http://www.FeedBurner.com) Mozilla/5.0 (Macintosh; Intel Mac OS X 10_11_6) AppleWebKit/537.36 (KHTML, like Gecko) Chrome/63.0.3239.132 Safari/537.36 Specificfeeds- http://www.specificfeeds.com"
205.164.44.178 - - [15/Jul/2019:10:28:41 -0400] "POST /wp-cron.php?doing_wp_cron=1563200920.9658510684967041015625 HTTP/1.1" 200 20 "https://cary.mommybites.com/wp-cron.php?doing_wp_cron=1563200920.9658510684967041015625" "WordPress/4.9.6; https://cary.mommybites.com"
159.69.189.72 - - [15/Jul/2019:10:28:40 -0400] "GET /feed HTTP/1.1" 301 20 "-" "FeedBurner/1.0 (http://www.FeedBurner.com) Mozilla/5.0 (Macintosh; Intel Mac OS X 10_11_6) AppleWebKit/537.36 (KHTML, like Gecko) Chrome/63.0.3239.132 Safari/537.36 Specificfeeds- http://www.specificfeeds.com"
159.69.189.72 - - [15/Jul/2019:10:28:43 -0400] "GET /feed/ HTTP/1.1" 200 23048 "-" "FeedBurner/1.0 (http://www.FeedBurner.com) Mozilla/5.0 (Macintosh; Intel Mac OS X 10_11_6) AppleWebKit/537.36 (KHTML, like Gecko) Chrome/63.0.3239.132 Safari/537.36 Specificfeeds- http://www.specificfeeds.com"
205.164.44.178 - - [15/Jul/2019:10:32:15 -0400] "POST /newyork/wp-cron.php?doing_wp_cron=1563201134.9877240657806396484375 HTTP/1.1" 200 20 "https://cary.mommybites.com/newyork/wp-cron.php?doing_wp_cron=1563201134.9877240657806396484375" "WordPress/4.9.6; https://cary.mommybites.com/newyork"
180.76.15.151 - - [15/Jul/2019:10:32:14 -0400] "GET /newyork/blog/ HTTP/1.1" 200 12977 "-" "Mozilla/5.0 (compatible; Baiduspider/2.0; +http://www.baidu.com/search/spider.html)"
172.68.132.7 - - [15/Jul/2019:12:48:19 -0400] "POST /boston/wp-cron.php?doing_wp_cron=1563209299.0486600399017333984375 HTTP/1.1" 200 20 "https://cary.mommybites.com/boston/wp-cron.php?doing_wp_cron=1563209299.0486600399017333984375" "WordPress/4.9.6; https://cary.mommybites.com/boston"
37.187.162.191 - - [15/Jul/2019:12:48:18 -0400] "GET /boston/feed/ HTTP/1.1" 304 - "-" "Mozilla/5.0 (compatible; PaperLiBot/2.1; https://support.paper.li/entries/20023257-what-is-paper-li)"
205.164.44.178 - - [15/Jul/2019:13:46:55 -0400] "POST /wp-cron.php?doing_wp_cron=1563212814.6984159946441650390625 HTTP/1.1" 200 20 "https://cary.mommybites.com/wp-cron.php?doing_wp_cron=1563212814.6984159946441650390625" "WordPress/4.9.6; https://cary.mommybites.com"
159.69.242.206 - - [15/Jul/2019:13:46:54 -0400] "GET /feed HTTP/1.1" 301 20 "-" "FeedBurner/1.0 (http://www.FeedBurner.com) Mozilla/5.0 (Macintosh; Intel Mac OS X 10_11_6) AppleWebKit/537.36 (KHTML, like Gecko) Chrome/63.0.3239.132 Safari/537.36 Specificfeeds- http://www.specificfeeds.com"
159.69.242.206 - - [15/Jul/2019:13:46:56 -0400] "GET /feed/ HTTP/1.1" 200 23048 "-" "FeedBurner/1.0 (http://www.FeedBurner.com) Mozilla/5.0 (Macintosh; Intel Mac OS X 10_11_6) AppleWebKit/537.36 (KHTML, like Gecko) Chrome/63.0.3239.132 Safari/537.36 Specificfeeds- http://www.specificfeeds.com"
172.68.142.247 - - [15/Jul/2019:15:33:54 -0400] "POST /wp-cron.php?doing_wp_cron=1563219234.2327170372009277343750 HTTP/1.1" 200 20 "https://cary.mommybites.com/wp-cron.php?doing_wp_cron=1563219234.2327170372009277343750" "WordPress/4.9.6; https://cary.mommybites.com"
209.17.97.34 - - [15/Jul/2019:15:33:54 -0400] "GET / HTTP/1.1" 200 19157 "-" "Mozilla/5.0 (compatible; Nimbostratus-Bot/v1.3.2; http://cloudsystemnetworks.com)"
2a03:2880:ff:b::face:b00c - - [15/Jul/2019:15:40:33 -0400] "GET /newyork/files/2018/11/Flexible-jobs-for-parents-in-NYC-1-1024x683.jpg HTTP/1.1" 200 88290 "-" "facebookexternalhit/1.1 (+http://www.facebook.com/externalhit_uatext.php)"
2604:2000:7102:e200:8874:e656:124e:dce9 - - [15/Jul/2019:16:03:03 -0400] "GET /newyork/files/2018/11/Flexible-jobs-for-parents-in-NYC-1-1024x683.jpg HTTP/1.1" 200 88290 "-" "Mozilla/5.0 (Windows NT 10.0; Win64; x64) AppleWebKit/537.36 (KHTML, like Gecko) Chrome/75.0.3770.100 Safari/537.36"
159.69.189.72 - - [15/Jul/2019:17:54:10 -0400] "GET /feed HTTP/1.1" 301 20 "-" "FeedBurner/1.0 (http://www.FeedBurner.com) Mozilla/5.0 (Macintosh; Intel Mac OS X 10_11_6) AppleWebKit/537.36 (KHTML, like Gecko) Chrome/63.0.3239.132 Safari/537.36 Specificfeeds- http://www.specificfeeds.com"
172.68.141.234 - - [15/Jul/2019:17:54:10 -0400] "POST /wp-cron.php?doing_wp_cron=1563227650.4248259067535400390625 HTTP/1.1" 200 20 "https://cary.mommybites.com/wp-cron.php?doing_wp_cron=1563227650.4248259067535400390625" "WordPress/4.9.6; https://cary.mommybites.com"
159.69.189.72 - - [15/Jul/2019:17:54:12 -0400] "GET /feed/ HTTP/1.1" 200 23048 "-" "FeedBurner/1.0 (http://www.FeedBurner.com) Mozilla/5.0 (Macintosh; Intel Mac OS X 10_11_6) AppleWebKit/537.36 (KHTML, like Gecko) Chrome/63.0.3239.132 Safari/537.36 Specificfeeds- http://www.specificfeeds.com"
116.203.176.98 - - [15/Jul/2019:18:32:52 -0400] "GET /robots.txt HTTP/1.1" 200 486 "-" "Mozilla/5.0 (Windows; U; Windows NT 5.1; en-US; rv:1.8.1.6) Gecko/20070725 Firefox/2.0.0.6"
172.68.189.123 - - [15/Jul/2019:18:48:17 -0400] "POST /boston/wp-cron.php?doing_wp_cron=1563230897.8257520198822021484375 HTTP/1.1" 200 20 "https://cary.mommybites.com/boston/wp-cron.php?doing_wp_cron=1563230897.8257520198822021484375" "WordPress/4.9.6; https://cary.mommybites.com/boston"
37.187.162.191 - - [15/Jul/2019:18:48:17 -0400] "GET /boston/feed/ HTTP/1.1" 304 - "-" "Mozilla/5.0 (compatible; PaperLiBot/2.1; https://support.paper.li/entries/20023257-what-is-paper-li)"
180.76.15.6 - - [15/Jul/2019:20:14:38 -0400] "GET /wp-json/oembed/1.0/embed?url=https%3A%2F%2Fcary.mommybites.com%2F&format=xml HTTP/1.1" 200 1143 "-" "Mozilla/5.0 (compatible; Baiduspider/2.0; +http://www.baidu.com/search/spider.html)"
172.68.143.56 - - [15/Jul/2019:20:14:39 -0400] "POST /wp-cron.php?doing_wp_cron=1563236079.1252689361572265625000 HTTP/1.1" 200 20 "https://cary.mommybites.com/wp-cron.php?doing_wp_cron=1563236079.1252689361572265625000" "WordPress/4.9.6; https://cary.mommybites.com"
180.76.15.8 - - [15/Jul/2019:20:48:00 -0400] "GET /wp-content/plugins/mb-boards/css/board.css?ver=0.1.6 HTTP/1.1" 200 1445 "-" "Mozilla/5.0 (compatible; Baiduspider/2.0; +http://www.baidu.com/search/spider.html)"
172.68.143.224 - - [15/Jul/2019:21:17:37 -0400] "POST /wp-cron.php?doing_wp_cron=1563239857.5709629058837890625000 HTTP/1.1" 200 20 "https://cary.mommybites.com/wp-cron.php?doing_wp_cron=1563239857.5709629058837890625000" "WordPress/4.9.6; https://cary.mommybites.com"
159.69.242.206 - - [15/Jul/2019:21:17:37 -0400] "GET /feed HTTP/1.1" 301 20 "-" "FeedBurner/1.0 (http://www.FeedBurner.com) Mozilla/5.0 (Macintosh; Intel Mac OS X 10_11_6) AppleWebKit/537.36 (KHTML, like Gecko) Chrome/63.0.3239.132 Safari/537.36 Specificfeeds- http://www.specificfeeds.com"
159.69.242.206 - - [15/Jul/2019:21:17:38 -0400] "GET /feed/ HTTP/1.1" 200 23048 "-" "FeedBurner/1.0 (http://www.FeedBurner.com) Mozilla/5.0 (Macintosh; Intel Mac OS X 10_11_6) AppleWebKit/537.36 (KHTML, like Gecko) Chrome/63.0.3239.132 Safari/537.36 Specificfeeds- http://www.specificfeeds.com"
205.164.44.178 - - [16/Jul/2019:00:48:19 -0400] "POST /boston/wp-cron.php?doing_wp_cron=1563252499.7319760322570800781250 HTTP/1.1" 200 20 "https://cary.mommybites.com/boston/wp-cron.php?doing_wp_cron=1563252499.7319760322570800781250" "WordPress/4.9.6; https://cary.mommybites.com/boston"
37.187.162.191 - - [16/Jul/2019:00:48:19 -0400] "GET /boston/feed/ HTTP/1.1" 304 - "-" "Mozilla/5.0 (compatible; PaperLiBot/2.1; https://support.paper.li/entries/20023257-what-is-paper-li)"
159.69.242.206 - - [16/Jul/2019:01:23:30 -0400] "GET /feed HTTP/1.1" 301 20 "-" "FeedBurner/1.0 (http://www.FeedBurner.com) Mozilla/5.0 (Macintosh; Intel Mac OS X 10_11_6) AppleWebKit/537.36 (KHTML, like Gecko) Chrome/63.0.3239.132 Safari/537.36 Specificfeeds- http://www.specificfeeds.com"
172.68.143.56 - - [16/Jul/2019:01:23:30 -0400] "POST /wp-cron.php?doing_wp_cron=1563254610.6630148887634277343750 HTTP/1.1" 200 20 "https://cary.mommybites.com/wp-cron.php?doing_wp_cron=1563254610.6630148887634277343750" "WordPress/4.9.6; https://cary.mommybites.com"
159.69.242.206 - - [16/Jul/2019:01:23:32 -0400] "GET /feed/ HTTP/1.1" 200 23048 "-" "FeedBurner/1.0 (http://www.FeedBurner.com) Mozilla/5.0 (Macintosh; Intel Mac OS X 10_11_6) AppleWebKit/537.36 (KHTML, like Gecko) Chrome/63.0.3239.132 Safari/537.36 Specificfeeds- http://www.specificfeeds.com"
172.69.22.244 - - [16/Jul/2019:01:45:19 -0400] "POST /wp-cron.php?doing_wp_cron=1563255919.0904800891876220703125 HTTP/1.1" 200 20 "https://cary.mommybites.com/wp-cron.php?doing_wp_cron=1563255919.0904800891876220703125" "WordPress/4.9.6; https://cary.mommybites.com"
180.76.15.162 - - [16/Jul/2019:01:45:18 -0400] "GET /wp-json/tribe/events/v1/ HTTP/1.1" 404 116 "-" "Mozilla/5.0 (compatible; Baiduspider/2.0; +http://www.baidu.com/search/spider.html)"
205.164.44.178 - - [16/Jul/2019:02:18:39 -0400] "POST /newyork/wp-cron.php?doing_wp_cron=1563257919.0999200344085693359375 HTTP/1.1" 200 20 "https://cary.mommybites.com/newyork/wp-cron.php?doing_wp_cron=1563257919.0999200344085693359375" "WordPress/4.9.6; https://cary.mommybites.com/newyork"
180.76.15.8 - - [16/Jul/2019:02:18:38 -0400] "GET /newyork/category/col2/moms/ HTTP/1.1" 200 14130 "-" "Mozilla/5.0 (compatible; Baiduspider/2.0; +http://www.baidu.com/search/spider.html)"
205.164.44.178 - - [16/Jul/2019:02:51:59 -0400] "POST /wp-cron.php?doing_wp_cron=1563259919.3386659622192382812500 HTTP/1.1" 200 20 "https://cary.mommybites.com/wp-cron.php?doing_wp_cron=1563259919.3386659622192382812500" "WordPress/4.9.6; https://cary.mommybites.com"
180.76.15.153 - - [16/Jul/2019:02:51:59 -0400] "GET / HTTP/1.1" 200 19157 "-" "Mozilla/5.0 (compatible; Baiduspider/2.0; +http://www.baidu.com/search/spider.html)"
216.244.66.227 - - [16/Jul/2019:04:33:12 -0400] "GET /robots.txt HTTP/1.1" 304 - "-" "Mozilla/5.0 (compatible; DotBot/1.1; http://www.opensiteexplorer.org/dotbot, [email protected])"
159.69.242.206 - - [16/Jul/2019:04:36:43 -0400] "GET /feed HTTP/1.1" 301 20 "-" "FeedBurner/1.0 (http://www.FeedBurner.com) Mozilla/5.0 (Macintosh; Intel Mac OS X 10_11_6) AppleWebKit/537.36 (KHTML, like Gecko) Chrome/63.0.3239.132 Safari/537.36 Specificfeeds- http://www.specificfeeds.com"
172.68.189.225 - - [16/Jul/2019:04:36:43 -0400] "POST /wp-cron.php?doing_wp_cron=1563266203.7639050483703613281250 HTTP/1.1" 200 20 "https://cary.mommybites.com/wp-cron.php?doing_wp_cron=1563266203.7639050483703613281250" "WordPress/4.9.6; https://cary.mommybites.com"
159.69.242.206 - - [16/Jul/2019:04:36:45 -0400] "GET /feed/ HTTP/1.1" 200 23048 "-" "FeedBurner/1.0 (http://www.FeedBurner.com) Mozilla/5.0 (Macintosh; Intel Mac OS X 10_11_6) AppleWebKit/537.36 (KHTML, like Gecko) Chrome/63.0.3239.132 Safari/537.36 Specificfeeds- http://www.specificfeeds.com"
172.68.174.30 - - [16/Jul/2019:06:48:18 -0400] "POST /boston/wp-cron.php?doing_wp_cron=1563274098.6933279037475585937500 HTTP/1.1" 200 20 "https://cary.mommybites.com/boston/wp-cron.php?doing_wp_cron=1563274098.6933279037475585937500" "WordPress/4.9.6; https://cary.mommybites.com/boston"
172.69.226.201 - - [16/Jul/2019:06:48:18 -0400] "GET /boston/feed/ HTTP/1.1" 304 - "-" "Mozilla/5.0 (compatible; PaperLiBot/2.1; https://support.paper.li/entries/20023257-what-is-paper-li)"
159.69.189.72 - - [16/Jul/2019:07:49:49 -0400] "GET /feed HTTP/1.1" 301 20 "-" "FeedBurner/1.0 (http://www.FeedBurner.com) Mozilla/5.0 (Macintosh; Intel Mac OS X 10_11_6) AppleWebKit/537.36 (KHTML, like Gecko) Chrome/63.0.3239.132 Safari/537.36 Specificfeeds- http://www.specificfeeds.com"
205.164.44.178 - - [16/Jul/2019:07:49:49 -0400] "POST /wp-cron.php?doing_wp_cron=1563277789.4125409126281738281250 HTTP/1.1" 200 20 "https://cary.mommybites.com/wp-cron.php?doing_wp_cron=1563277789.4125409126281738281250" "WordPress/4.9.6; https://cary.mommybites.com"
159.69.189.72 - - [16/Jul/2019:07:49:51 -0400] "GET /feed/ HTTP/1.1" 200 23048 "-" "FeedBurner/1.0 (http://www.FeedBurner.com) Mozilla/5.0 (Macintosh; Intel Mac OS X 10_11_6) AppleWebKit/537.36 (KHTML, like Gecko) Chrome/63.0.3239.132 Safari/537.36 Specificfeeds- http://www.specificfeeds.com"
66.249.65.72 - - [16/Jul/2019:08:28:01 -0400] "GET /robots.txt HTTP/1.1" 304 - "-" "Mozilla/5.0 (compatible; Googlebot/2.1; +http://www.google.com/bot.html)"
205.164.44.178 - - [16/Jul/2019:11:23:55 -0400] "POST /wp-cron.php?doing_wp_cron=1563290634.9497590065002441406250 HTTP/1.1" 200 20 "https://cary.mommybites.com/wp-cron.php?doing_wp_cron=1563290634.9497590065002441406250" "WordPress/4.9.6; https://cary.mommybites.com"
159.69.242.206 - - [16/Jul/2019:11:23:54 -0400] "GET /feed HTTP/1.1" 301 20 "-" "FeedBurner/1.0 (http://www.FeedBurner.com) Mozilla/5.0 (Macintosh; Intel Mac OS X 10_11_6) AppleWebKit/537.36 (KHTML, like Gecko) Chrome/63.0.3239.132 Safari/537.36 Specificfeeds- http://www.specificfeeds.com"
159.69.242.206 - - [16/Jul/2019:11:23:57 -0400] "GET /feed/ HTTP/1.1" 200 23048 "-" "FeedBurner/1.0 (http://www.FeedBurner.com) Mozilla/5.0 (Macintosh; Intel Mac OS X 10_11_6) AppleWebKit/537.36 (KHTML, like Gecko) Chrome/63.0.3239.132 Safari/537.36 Specificfeeds- http://www.specificfeeds.com"
172.68.174.30 - - [16/Jul/2019:12:48:20 -0400] "POST /boston/wp-cron.php?doing_wp_cron=1563295700.1638939380645751953125 HTTP/1.1" 200 20 "https://cary.mommybites.com/boston/wp-cron.php?doing_wp_cron=1563295700.1638939380645751953125" "WordPress/4.9.6; https://cary.mommybites.com/boston"
37.187.162.191 - - [16/Jul/2019:12:48:19 -0400] "GET /boston/feed/ HTTP/1.1" 304 - "-" "Mozilla/5.0 (compatible; PaperLiBot/2.1; https://support.paper.li/entries/20023257-what-is-paper-li)"
72.89.176.122 - - [16/Jul/2019:14:29:56 -0400] "GET /newyork/files/2018/11/Flexible-jobs-for-parents-in-NYC-1-1024x683.jpg HTTP/1.1" 200 88290 "-" "Mozilla/5.0 (iPhone; CPU iPhone OS 12_3_2 like Mac OS X) AppleWebKit/605.1.15 (KHTML, like Gecko) Version/12.1.1 Mobile/15E148 Safari/604.1"
172.69.170.60 - - [16/Jul/2019:15:44:34 -0400] "GET /newyork/files/2018/11/Flexible-jobs-for-parents-in-NYC-1-1024x683.jpg HTTP/1.1" 200 88290 "-" "Mozilla/5.0 (iPhone; CPU iPhone OS 12_3_1 like Mac OS X) AppleWebKit/605.1.15 (KHTML, like Gecko) Version/12.1.1 Mobile/15E148 Safari/604.1"
159.69.242.206 - - [16/Jul/2019:15:58:48 -0400] "GET /feed HTTP/1.1" 301 20 "-" "FeedBurner/1.0 (http://www.FeedBurner.com) Mozilla/5.0 (Macintosh; Intel Mac OS X 10_11_6) AppleWebKit/537.36 (KHTML, like Gecko) Chrome/63.0.3239.132 Safari/537.36 Specificfeeds- http://www.specificfeeds.com"
172.68.174.30 - - [16/Jul/2019:15:58:49 -0400] "POST /wp-cron.php?doing_wp_cron=1563307128.9477369785308837890625 HTTP/1.1" 200 20 "https://cary.mommybites.com/wp-cron.php?doing_wp_cron=1563307128.9477369785308837890625" "WordPress/4.9.6; https://cary.mommybites.com"
159.69.242.206 - - [16/Jul/2019:15:58:50 -0400] "GET /feed/ HTTP/1.1" 200 23048 "-" "FeedBurner/1.0 (http://www.FeedBurner.com) Mozilla/5.0 (Macintosh; Intel Mac OS X 10_11_6) AppleWebKit/537.36 (KHTML, like Gecko) Chrome/63.0.3239.132 Safari/537.36 Specificfeeds- http://www.specificfeeds.com"
172.68.174.72 - - [16/Jul/2019:18:48:19 -0400] "POST /boston/wp-cron.php?doing_wp_cron=1563317299.2737629413604736328125 HTTP/1.1" 200 20 "https://cary.mommybites.com/boston/wp-cron.php?doing_wp_cron=1563317299.2737629413604736328125" "WordPress/4.9.6; https://cary.mommybites.com/boston"
37.187.162.191 - - [16/Jul/2019:18:48:19 -0400] "GET /boston/feed/ HTTP/1.1" 304 - "-" "Mozilla/5.0 (compatible; PaperLiBot/2.1; https://support.paper.li/entries/20023257-what-is-paper-li)"
159.69.242.206 - - [16/Jul/2019:19:45:27 -0400] "GET /feed HTTP/1.1" 301 20 "-" "FeedBurner/1.0 (http://www.FeedBurner.com) Mozilla/5.0 (Macintosh; Intel Mac OS X 10_11_6) AppleWebKit/537.36 (KHTML, like Gecko) Chrome/63.0.3239.132 Safari/537.36 Specificfeeds- http://www.specificfeeds.com"
172.68.174.72 - - [16/Jul/2019:19:45:27 -0400] "POST /wp-cron.php?doing_wp_cron=1563320727.4331839084625244140625 HTTP/1.1" 200 20 "https://cary.mommybites.com/wp-cron.php?doing_wp_cron=1563320727.4331839084625244140625" "WordPress/4.9.6; https://cary.mommybites.com"
159.69.242.206 - - [16/Jul/2019:19:45:29 -0400] "GET /feed/ HTTP/1.1" 200 23048 "-" "FeedBurner/1.0 (http://www.FeedBurner.com) Mozilla/5.0 (Macintosh; Intel Mac OS X 10_11_6) AppleWebKit/537.36 (KHTML, like Gecko) Chrome/63.0.3239.132 Safari/537.36 Specificfeeds- http://www.specificfeeds.com"
205.164.44.178 - - [16/Jul/2019:21:20:56 -0400] "POST /wp-cron.php?doing_wp_cron=1563326456.0972690582275390625000 HTTP/1.1" 200 20 "https://cary.mommybites.com/wp-cron.php?doing_wp_cron=1563326456.0972690582275390625000" "WordPress/4.9.6; https://cary.mommybites.com"
159.69.242.206 - - [16/Jul/2019:21:20:55 -0400] "GET /feed HTTP/1.1" 301 20 "-" "FeedBurner/1.0 (http://www.FeedBurner.com) Mozilla/5.0 (Macintosh; Intel Mac OS X 10_11_6) AppleWebKit/537.36 (KHTML, like Gecko) Chrome/63.0.3239.132 Safari/537.36 Specificfeeds- http://www.specificfeeds.com"
