403Webshell
Server IP : 172.67.201.108  /  Your IP : 216.73.216.11
Web Server : Apache/2.4.68 (Amazon Linux) OpenSSL/3.5.5
System : Linux ip-172-31-69-123.ec2.internal 6.1.176-223.369.amzn2023.x86_64 #1 SMP PREEMPT_DYNAMIC Fri Jul 24 13:34:27 UTC 2026 x86_64
User : ec2-user ( 1000)
PHP Version : 8.4.23
Disable Function : NONE
MySQL : OFF  |  cURL : ON  |  WGET : ON  |  Perl : ON  |  Python : OFF  |  Sudo : ON  |  Pkexec : ON
Directory :  /home/home2/mommydevcary/

Upload File :
current_dir [ Writeable ] document_root [ Writeable ]

 

Command :


[ Back ]     

Current File : /home/home2/mommydevcary//access_log
172.68.189.99 - - [29/Jun/2019:12:48:20 -0400] "POST /boston/wp-cron.php?doing_wp_cron=1561826900.3269960880279541015625 HTTP/1.1" 200 20 "https://cary.mommybites.com/boston/wp-cron.php?doing_wp_cron=1561826900.3269960880279541015625" "WordPress/4.9.6; https://cary.mommybites.com/boston"
172.69.226.121 - - [29/Jun/2019:12:48:20 -0400] "GET /boston/feed/ HTTP/1.1" 304 - "-" "Mozilla/5.0 (compatible; PaperLiBot/2.1; https://support.paper.li/entries/20023257-what-is-paper-li)"
172.68.47.212 - - [29/Jun/2019:13:19:01 -0400] "GET /robots.txt HTTP/1.1" 200 486 "-" "Mozilla/5.0 (compatible; Googlebot/2.1; +http://www.google.com/bot.html)"
172.68.133.182 - - [29/Jun/2019:13:20:42 -0400] "POST /wp-cron.php?doing_wp_cron=1561828842.5400660037994384765625 HTTP/1.1" 200 20 "https://cary.mommybites.com/wp-cron.php?doing_wp_cron=1561828842.5400660037994384765625" "WordPress/4.9.6; https://cary.mommybites.com"
159.69.189.72 - - [29/Jun/2019:13:20:41 -0400] "GET /feed HTTP/1.1" 301 20 "-" "FeedBurner/1.0 (http://www.FeedBurner.com) Mozilla/5.0 (Macintosh; Intel Mac OS X 10_11_6) AppleWebKit/537.36 (KHTML, like Gecko) Chrome/63.0.3239.132 Safari/537.36 Specificfeeds- http://www.specificfeeds.com"
159.69.189.72 - - [29/Jun/2019:13:20:43 -0400] "GET /feed/ HTTP/1.1" 200 23048 "-" "FeedBurner/1.0 (http://www.FeedBurner.com) Mozilla/5.0 (Macintosh; Intel Mac OS X 10_11_6) AppleWebKit/537.36 (KHTML, like Gecko) Chrome/63.0.3239.132 Safari/537.36 Specificfeeds- http://www.specificfeeds.com"
172.69.54.191 - - [29/Jun/2019:15:06:04 -0400] "GET /newyork/files/2018/11/Flexible-jobs-for-parents-in-NYC-1-1024x683.jpg HTTP/1.1" 200 88290 "-" "facebookexternalhit/1.1 (+http://www.facebook.com/externalhit_uatext.php)"
159.69.242.206 - - [29/Jun/2019:16:27:10 -0400] "GET /feed HTTP/1.1" 301 20 "-" "FeedBurner/1.0 (http://www.FeedBurner.com) Mozilla/5.0 (Macintosh; Intel Mac OS X 10_11_6) AppleWebKit/537.36 (KHTML, like Gecko) Chrome/63.0.3239.132 Safari/537.36 Specificfeeds- http://www.specificfeeds.com"
172.68.142.163 - - [29/Jun/2019:16:27:11 -0400] "POST /wp-cron.php?doing_wp_cron=1561840031.1560189723968505859375 HTTP/1.1" 200 20 "https://cary.mommybites.com/wp-cron.php?doing_wp_cron=1561840031.1560189723968505859375" "WordPress/4.9.6; https://cary.mommybites.com"
159.69.242.206 - - [29/Jun/2019:16:27:12 -0400] "GET /feed/ HTTP/1.1" 200 23048 "-" "FeedBurner/1.0 (http://www.FeedBurner.com) Mozilla/5.0 (Macintosh; Intel Mac OS X 10_11_6) AppleWebKit/537.36 (KHTML, like Gecko) Chrome/63.0.3239.132 Safari/537.36 Specificfeeds- http://www.specificfeeds.com"
37.187.162.191 - - [29/Jun/2019:18:48:21 -0400] "GET /boston/feed/ HTTP/1.1" 304 - "-" "Mozilla/5.0 (compatible; PaperLiBot/2.1; https://support.paper.li/entries/20023257-what-is-paper-li)"
172.68.143.236 - - [29/Jun/2019:18:48:22 -0400] "POST /boston/wp-cron.php?doing_wp_cron=1561848501.9527940750122070312500 HTTP/1.1" 200 20 "https://cary.mommybites.com/boston/wp-cron.php?doing_wp_cron=1561848501.9527940750122070312500" "WordPress/4.9.6; https://cary.mommybites.com/boston"
159.69.242.206 - - [29/Jun/2019:19:11:59 -0400] "GET /feed HTTP/1.1" 301 20 "-" "FeedBurner/1.0 (http://www.FeedBurner.com) Mozilla/5.0 (Macintosh; Intel Mac OS X 10_11_6) AppleWebKit/537.36 (KHTML, like Gecko) Chrome/63.0.3239.132 Safari/537.36 Specificfeeds- http://www.specificfeeds.com"
172.69.23.29 - - [29/Jun/2019:19:11:59 -0400] "POST /wp-cron.php?doing_wp_cron=1561849919.5532269477844238281250 HTTP/1.1" 200 20 "https://cary.mommybites.com/wp-cron.php?doing_wp_cron=1561849919.5532269477844238281250" "WordPress/4.9.6; https://cary.mommybites.com"
159.69.242.206 - - [29/Jun/2019:19:12:01 -0400] "GET /feed/ HTTP/1.1" 200 23048 "-" "FeedBurner/1.0 (http://www.FeedBurner.com) Mozilla/5.0 (Macintosh; Intel Mac OS X 10_11_6) AppleWebKit/537.36 (KHTML, like Gecko) Chrome/63.0.3239.132 Safari/537.36 Specificfeeds- http://www.specificfeeds.com"
172.68.47.212 - - [29/Jun/2019:19:18:55 -0400] "GET /robots.txt HTTP/1.1" 304 - "-" "Mozilla/5.0 (compatible; Googlebot/2.1; +http://www.google.com/bot.html)"
159.69.242.206 - - [29/Jun/2019:21:52:23 -0400] "GET /feed HTTP/1.1" 301 20 "-" "FeedBurner/1.0 (http://www.FeedBurner.com) Mozilla/5.0 (Macintosh; Intel Mac OS X 10_11_6) AppleWebKit/537.36 (KHTML, like Gecko) Chrome/63.0.3239.132 Safari/537.36 Specificfeeds- http://www.specificfeeds.com"
172.69.22.52 - - [29/Jun/2019:21:52:24 -0400] "POST /wp-cron.php?doing_wp_cron=1561859543.9822061061859130859375 HTTP/1.1" 200 20 "https://cary.mommybites.com/wp-cron.php?doing_wp_cron=1561859543.9822061061859130859375" "WordPress/4.9.6; https://cary.mommybites.com"
159.69.242.206 - - [29/Jun/2019:21:52:25 -0400] "GET /feed/ HTTP/1.1" 200 23048 "-" "FeedBurner/1.0 (http://www.FeedBurner.com) Mozilla/5.0 (Macintosh; Intel Mac OS X 10_11_6) AppleWebKit/537.36 (KHTML, like Gecko) Chrome/63.0.3239.132 Safari/537.36 Specificfeeds- http://www.specificfeeds.com"
205.164.44.178 - - [29/Jun/2019:22:13:10 -0400] "POST /wp-cron.php?doing_wp_cron=1561860790.6003050804138183593750 HTTP/1.1" 200 20 "https://cary.mommybites.com/wp-cron.php?doing_wp_cron=1561860790.6003050804138183593750" "WordPress/4.9.6; https://cary.mommybites.com"
159.69.242.206 - - [29/Jun/2019:22:13:10 -0400] "GET /feed HTTP/1.1" 301 20 "-" "FeedBurner/1.0 (http://www.FeedBurner.com) Mozilla/5.0 (Macintosh; Intel Mac OS X 10_11_6) AppleWebKit/537.36 (KHTML, like Gecko) Chrome/63.0.3239.132 Safari/537.36 Specificfeeds- http://www.specificfeeds.com"
159.69.242.206 - - [29/Jun/2019:22:13:11 -0400] "GET /feed/ HTTP/1.1" 200 23048 "-" "FeedBurner/1.0 (http://www.FeedBurner.com) Mozilla/5.0 (Macintosh; Intel Mac OS X 10_11_6) AppleWebKit/537.36 (KHTML, like Gecko) Chrome/63.0.3239.132 Safari/537.36 Specificfeeds- http://www.specificfeeds.com"
172.68.211.84 - - [29/Jun/2019:22:20:00 -0400] "GET /newyork/files/2012/04/Karen-Rancourt1-240x375.jpg HTTP/1.1" 200 15098 "-" "Googlebot-Image/1.0"
172.68.189.135 - - [30/Jun/2019:00:48:19 -0400] "POST /boston/wp-cron.php?doing_wp_cron=1561870099.3897700309753417968750 HTTP/1.1" 200 20 "https://cary.mommybites.com/boston/wp-cron.php?doing_wp_cron=1561870099.3897700309753417968750" "WordPress/4.9.6; https://cary.mommybites.com/boston"
37.187.162.191 - - [30/Jun/2019:00:48:19 -0400] "GET /boston/feed/ HTTP/1.1" 304 - "-" "Mozilla/5.0 (compatible; PaperLiBot/2.1; https://support.paper.li/entries/20023257-what-is-paper-li)"
205.164.44.178 - - [30/Jun/2019:01:36:36 -0400] "POST /wp-cron.php?doing_wp_cron=1561872996.2266449928283691406250 HTTP/1.1" 200 20 "https://cary.mommybites.com/wp-cron.php?doing_wp_cron=1561872996.2266449928283691406250" "WordPress/4.9.6; https://cary.mommybites.com"
159.69.242.206 - - [30/Jun/2019:01:36:35 -0400] "GET /feed HTTP/1.1" 301 20 "-" "FeedBurner/1.0 (http://www.FeedBurner.com) Mozilla/5.0 (Macintosh; Intel Mac OS X 10_11_6) AppleWebKit/537.36 (KHTML, like Gecko) Chrome/63.0.3239.132 Safari/537.36 Specificfeeds- http://www.specificfeeds.com"
159.69.242.206 - - [30/Jun/2019:01:36:37 -0400] "GET /feed/ HTTP/1.1" 200 23048 "-" "FeedBurner/1.0 (http://www.FeedBurner.com) Mozilla/5.0 (Macintosh; Intel Mac OS X 10_11_6) AppleWebKit/537.36 (KHTML, like Gecko) Chrome/63.0.3239.132 Safari/537.36 Specificfeeds- http://www.specificfeeds.com"
159.69.242.206 - - [30/Jun/2019:04:22:45 -0400] "GET /feed HTTP/1.1" 301 20 "-" "FeedBurner/1.0 (http://www.FeedBurner.com) Mozilla/5.0 (Macintosh; Intel Mac OS X 10_11_6) AppleWebKit/537.36 (KHTML, like Gecko) Chrome/63.0.3239.132 Safari/537.36 Specificfeeds- http://www.specificfeeds.com"
172.69.23.101 - - [30/Jun/2019:04:22:45 -0400] "POST /wp-cron.php?doing_wp_cron=1561882965.5343439579010009765625 HTTP/1.1" 200 20 "https://cary.mommybites.com/wp-cron.php?doing_wp_cron=1561882965.5343439579010009765625" "WordPress/4.9.6; https://cary.mommybites.com"
159.69.242.206 - - [30/Jun/2019:04:22:47 -0400] "GET /feed/ HTTP/1.1" 200 23048 "-" "FeedBurner/1.0 (http://www.FeedBurner.com) Mozilla/5.0 (Macintosh; Intel Mac OS X 10_11_6) AppleWebKit/537.36 (KHTML, like Gecko) Chrome/63.0.3239.132 Safari/537.36 Specificfeeds- http://www.specificfeeds.com"
172.68.174.96 - - [30/Jun/2019:04:37:26 -0400] "GET /robots.txt HTTP/1.1" 200 486 "-" "Mozilla/5.0 (compatible; DotBot/1.1; http://www.opensiteexplorer.org/dotbot, [email protected])"
216.244.66.227 - - [30/Jun/2019:05:27:14 -0400] "GET /robots.txt HTTP/1.1" 200 486 "-" "Mozilla/5.0 (compatible; DotBot/1.1; http://www.opensiteexplorer.org/dotbot, [email protected])"
172.68.189.99 - - [30/Jun/2019:06:48:21 -0400] "POST /boston/wp-cron.php?doing_wp_cron=1561891701.1694250106811523437500 HTTP/1.1" 200 20 "https://cary.mommybites.com/boston/wp-cron.php?doing_wp_cron=1561891701.1694250106811523437500" "WordPress/4.9.6; https://cary.mommybites.com/boston"
37.187.162.191 - - [30/Jun/2019:06:48:20 -0400] "GET /boston/feed/ HTTP/1.1" 304 - "-" "Mozilla/5.0 (compatible; PaperLiBot/2.1; https://support.paper.li/entries/20023257-what-is-paper-li)"
159.69.189.72 - - [30/Jun/2019:07:19:04 -0400] "GET /feed HTTP/1.1" 301 20 "-" "FeedBurner/1.0 (http://www.FeedBurner.com) Mozilla/5.0 (Macintosh; Intel Mac OS X 10_11_6) AppleWebKit/537.36 (KHTML, like Gecko) Chrome/63.0.3239.132 Safari/537.36 Specificfeeds- http://www.specificfeeds.com"
172.69.23.83 - - [30/Jun/2019:07:19:05 -0400] "POST /wp-cron.php?doing_wp_cron=1561893545.1328721046447753906250 HTTP/1.1" 200 20 "https://cary.mommybites.com/wp-cron.php?doing_wp_cron=1561893545.1328721046447753906250" "WordPress/4.9.6; https://cary.mommybites.com"
159.69.189.72 - - [30/Jun/2019:07:19:06 -0400] "GET /feed/ HTTP/1.1" 200 23048 "-" "FeedBurner/1.0 (http://www.FeedBurner.com) Mozilla/5.0 (Macintosh; Intel Mac OS X 10_11_6) AppleWebKit/537.36 (KHTML, like Gecko) Chrome/63.0.3239.132 Safari/537.36 Specificfeeds- http://www.specificfeeds.com"
172.68.189.141 - - [30/Jun/2019:10:42:50 -0400] "POST /wp-cron.php?doing_wp_cron=1561905770.7206950187683105468750 HTTP/1.1" 200 20 "https://cary.mommybites.com/wp-cron.php?doing_wp_cron=1561905770.7206950187683105468750" "WordPress/4.9.6; https://cary.mommybites.com"
159.69.242.206 - - [30/Jun/2019:10:42:50 -0400] "GET /feed HTTP/1.1" 301 20 "-" "FeedBurner/1.0 (http://www.FeedBurner.com) Mozilla/5.0 (Macintosh; Intel Mac OS X 10_11_6) AppleWebKit/537.36 (KHTML, like Gecko) Chrome/63.0.3239.132 Safari/537.36 Specificfeeds- http://www.specificfeeds.com"
159.69.242.206 - - [30/Jun/2019:10:42:53 -0400] "GET /feed/ HTTP/1.1" 200 23048 "-" "FeedBurner/1.0 (http://www.FeedBurner.com) Mozilla/5.0 (Macintosh; Intel Mac OS X 10_11_6) AppleWebKit/537.36 (KHTML, like Gecko) Chrome/63.0.3239.132 Safari/537.36 Specificfeeds- http://www.specificfeeds.com"
157.55.39.47 - - [30/Jun/2019:11:29:47 -0400] "GET /robots.txt HTTP/1.1" 304 - "-" "Mozilla/5.0 (compatible; bingbot/2.0; +http://www.bing.com/bingbot.htm)"
108.27.50.13 - - [30/Jun/2019:11:40:31 -0400] "GET /newyork/files/2018/11/Flexible-jobs-for-parents-in-NYC-1-1024x683.jpg HTTP/1.1" 200 88290 "-" "Mozilla/5.0 (iPhone; CPU iPhone OS 12_3_1 like Mac OS X) AppleWebKit/605.1.15 (KHTML, like Gecko) Version/12.1.1 Mobile/15E148 Safari/604.1"
205.164.44.178 - - [30/Jun/2019:12:48:19 -0400] "POST /boston/wp-cron.php?doing_wp_cron=1561913299.2135779857635498046875 HTTP/1.1" 200 20 "https://cary.mommybites.com/boston/wp-cron.php?doing_wp_cron=1561913299.2135779857635498046875" "WordPress/4.9.6; https://cary.mommybites.com/boston"
37.187.162.191 - - [30/Jun/2019:12:48:19 -0400] "GET /boston/feed/ HTTP/1.1" 304 - "-" "Mozilla/5.0 (compatible; PaperLiBot/2.1; https://support.paper.li/entries/20023257-what-is-paper-li)"
172.68.142.163 - - [30/Jun/2019:13:54:58 -0400] "POST /wp-cron.php?doing_wp_cron=1561917298.7881209850311279296875 HTTP/1.1" 200 20 "https://cary.mommybites.com/wp-cron.php?doing_wp_cron=1561917298.7881209850311279296875" "WordPress/4.9.6; https://cary.mommybites.com"
159.69.189.72 - - [30/Jun/2019:13:54:58 -0400] "GET /feed HTTP/1.1" 301 20 "-" "FeedBurner/1.0 (http://www.FeedBurner.com) Mozilla/5.0 (Macintosh; Intel Mac OS X 10_11_6) AppleWebKit/537.36 (KHTML, like Gecko) Chrome/63.0.3239.132 Safari/537.36 Specificfeeds- http://www.specificfeeds.com"
159.69.189.72 - - [30/Jun/2019:13:54:59 -0400] "GET /feed/ HTTP/1.1" 200 23048 "-" "FeedBurner/1.0 (http://www.FeedBurner.com) Mozilla/5.0 (Macintosh; Intel Mac OS X 10_11_6) AppleWebKit/537.36 (KHTML, like Gecko) Chrome/63.0.3239.132 Safari/537.36 Specificfeeds- http://www.specificfeeds.com"
68.132.199.66 - - [30/Jun/2019:15:50:22 -0400] "GET /newyork/files/2018/11/Flexible-jobs-for-parents-in-NYC-1-1024x683.jpg HTTP/1.1" 200 88290 "-" "Mozilla/5.0 (iPhone; CPU iPhone OS 12_3_1 like Mac OS X) AppleWebKit/605.1.15 (KHTML, like Gecko) Version/12.1.1 Mobile/15E148 Safari/604.1"
159.69.242.206 - - [30/Jun/2019:16:52:43 -0400] "GET /feed HTTP/1.1" 301 20 "-" "FeedBurner/1.0 (http://www.FeedBurner.com) Mozilla/5.0 (Macintosh; Intel Mac OS X 10_11_6) AppleWebKit/537.36 (KHTML, like Gecko) Chrome/63.0.3239.132 Safari/537.36 Specificfeeds- http://www.specificfeeds.com"
205.164.44.178 - - [30/Jun/2019:16:52:43 -0400] "POST /wp-cron.php?doing_wp_cron=1561927963.7907910346984863281250 HTTP/1.1" 200 20 "https://cary.mommybites.com/wp-cron.php?doing_wp_cron=1561927963.7907910346984863281250" "WordPress/4.9.6; https://cary.mommybites.com"
159.69.242.206 - - [30/Jun/2019:16:52:45 -0400] "GET /feed/ HTTP/1.1" 200 23048 "-" "FeedBurner/1.0 (http://www.FeedBurner.com) Mozilla/5.0 (Macintosh; Intel Mac OS X 10_11_6) AppleWebKit/537.36 (KHTML, like Gecko) Chrome/63.0.3239.132 Safari/537.36 Specificfeeds- http://www.specificfeeds.com"
172.69.22.52 - - [30/Jun/2019:18:48:18 -0400] "POST /boston/wp-cron.php?doing_wp_cron=1561934898.4449129104614257812500 HTTP/1.1" 200 20 "https://cary.mommybites.com/boston/wp-cron.php?doing_wp_cron=1561934898.4449129104614257812500" "WordPress/4.9.6; https://cary.mommybites.com/boston"
37.187.162.191 - - [30/Jun/2019:18:48:18 -0400] "GET /boston/feed/ HTTP/1.1" 304 - "-" "Mozilla/5.0 (compatible; PaperLiBot/2.1; https://support.paper.li/entries/20023257-what-is-paper-li)"
159.69.242.206 - - [30/Jun/2019:19:38:58 -0400] "GET /feed HTTP/1.1" 301 20 "-" "FeedBurner/1.0 (http://www.FeedBurner.com) Mozilla/5.0 (Macintosh; Intel Mac OS X 10_11_6) AppleWebKit/537.36 (KHTML, like Gecko) Chrome/63.0.3239.132 Safari/537.36 Specificfeeds- http://www.specificfeeds.com"
205.164.44.178 - - [30/Jun/2019:19:38:58 -0400] "POST /wp-cron.php?doing_wp_cron=1561937938.8555901050567626953125 HTTP/1.1" 200 20 "https://cary.mommybites.com/wp-cron.php?doing_wp_cron=1561937938.8555901050567626953125" "WordPress/4.9.6; https://cary.mommybites.com"
159.69.242.206 - - [30/Jun/2019:19:39:00 -0400] "GET /feed/ HTTP/1.1" 200 23048 "-" "FeedBurner/1.0 (http://www.FeedBurner.com) Mozilla/5.0 (Macintosh; Intel Mac OS X 10_11_6) AppleWebKit/537.36 (KHTML, like Gecko) Chrome/63.0.3239.132 Safari/537.36 Specificfeeds- http://www.specificfeeds.com"
172.69.250.12 - - [30/Jun/2019:20:18:51 -0400] "GET /newyork/files/2018/11/Flexible-jobs-for-parents-in-NYC-1-1024x683.jpg HTTP/1.1" 200 88290 "-" "Mozilla/5.0 (iPhone; CPU iPhone OS 12_3_1 like Mac OS X) AppleWebKit/605.1.15 (KHTML, like Gecko) Version/12.1.1 Mobile/15E148 Safari/604.1"
172.68.132.85 - - [30/Jun/2019:21:57:06 -0400] "POST /wp-cron.php?doing_wp_cron=1561946226.5456869602203369140625 HTTP/1.1" 200 20 "https://cary.mommybites.com/wp-cron.php?doing_wp_cron=1561946226.5456869602203369140625" "WordPress/4.9.6; https://cary.mommybites.com"
159.69.242.206 - - [30/Jun/2019:21:57:06 -0400] "GET /feed HTTP/1.1" 301 20 "-" "FeedBurner/1.0 (http://www.FeedBurner.com) Mozilla/5.0 (Macintosh; Intel Mac OS X 10_11_6) AppleWebKit/537.36 (KHTML, like Gecko) Chrome/63.0.3239.132 Safari/537.36 Specificfeeds- http://www.specificfeeds.com"
159.69.242.206 - - [30/Jun/2019:21:57:08 -0400] "GET /feed/ HTTP/1.1" 200 23048 "-" "FeedBurner/1.0 (http://www.FeedBurner.com) Mozilla/5.0 (Macintosh; Intel Mac OS X 10_11_6) AppleWebKit/537.36 (KHTML, like Gecko) Chrome/63.0.3239.132 Safari/537.36 Specificfeeds- http://www.specificfeeds.com"
172.69.23.83 - - [30/Jun/2019:23:17:10 -0400] "POST /wp-cron.php?doing_wp_cron=1561951030.5196158885955810546875 HTTP/1.1" 200 20 "https://cary.mommybites.com/wp-cron.php?doing_wp_cron=1561951030.5196158885955810546875" "WordPress/4.9.6; https://cary.mommybites.com"
159.69.242.206 - - [30/Jun/2019:23:17:10 -0400] "GET /feed HTTP/1.1" 301 20 "-" "FeedBurner/1.0 (http://www.FeedBurner.com) Mozilla/5.0 (Macintosh; Intel Mac OS X 10_11_6) AppleWebKit/537.36 (KHTML, like Gecko) Chrome/63.0.3239.132 Safari/537.36 Specificfeeds- http://www.specificfeeds.com"
159.69.242.206 - - [30/Jun/2019:23:17:11 -0400] "GET /feed/ HTTP/1.1" 200 23048 "-" "FeedBurner/1.0 (http://www.FeedBurner.com) Mozilla/5.0 (Macintosh; Intel Mac OS X 10_11_6) AppleWebKit/537.36 (KHTML, like Gecko) Chrome/63.0.3239.132 Safari/537.36 Specificfeeds- http://www.specificfeeds.com"
172.69.23.29 - - [01/Jul/2019:00:48:18 -0400] "POST /boston/wp-cron.php?doing_wp_cron=1561956498.3235630989074707031250 HTTP/1.1" 200 20 "https://cary.mommybites.com/boston/wp-cron.php?doing_wp_cron=1561956498.3235630989074707031250" "WordPress/4.9.6; https://cary.mommybites.com/boston"
37.187.162.191 - - [01/Jul/2019:00:48:18 -0400] "GET /boston/feed/ HTTP/1.1" 304 - "-" "Mozilla/5.0 (compatible; PaperLiBot/2.1; https://support.paper.li/entries/20023257-what-is-paper-li)"
172.68.143.68 - - [01/Jul/2019:02:13:05 -0400] "POST /wp-cron.php?doing_wp_cron=1561961585.8077130317687988281250 HTTP/1.1" 200 20 "https://cary.mommybites.com/wp-cron.php?doing_wp_cron=1561961585.8077130317687988281250" "WordPress/4.9.6; https://cary.mommybites.com"
159.69.189.72 - - [01/Jul/2019:02:13:05 -0400] "GET /feed HTTP/1.1" 301 20 "-" "FeedBurner/1.0 (http://www.FeedBurner.com) Mozilla/5.0 (Macintosh; Intel Mac OS X 10_11_6) AppleWebKit/537.36 (KHTML, like Gecko) Chrome/63.0.3239.132 Safari/537.36 Specificfeeds- http://www.specificfeeds.com"
159.69.189.72 - - [01/Jul/2019:02:13:06 -0400] "GET /feed/ HTTP/1.1" 200 23048 "-" "FeedBurner/1.0 (http://www.FeedBurner.com) Mozilla/5.0 (Macintosh; Intel Mac OS X 10_11_6) AppleWebKit/537.36 (KHTML, like Gecko) Chrome/63.0.3239.132 Safari/537.36 Specificfeeds- http://www.specificfeeds.com"
159.69.189.72 - - [01/Jul/2019:05:11:49 -0400] "GET /feed HTTP/1.1" 301 20 "-" "FeedBurner/1.0 (http://www.FeedBurner.com) Mozilla/5.0 (Macintosh; Intel Mac OS X 10_11_6) AppleWebKit/537.36 (KHTML, like Gecko) Chrome/63.0.3239.132 Safari/537.36 Specificfeeds- http://www.specificfeeds.com"
172.69.23.95 - - [01/Jul/2019:05:11:49 -0400] "POST /wp-cron.php?doing_wp_cron=1561972309.7767579555511474609375 HTTP/1.1" 200 20 "https://cary.mommybites.com/wp-cron.php?doing_wp_cron=1561972309.7767579555511474609375" "WordPress/4.9.6; https://cary.mommybites.com"
159.69.189.72 - - [01/Jul/2019:05:11:52 -0400] "GET /feed/ HTTP/1.1" 200 23048 "-" "FeedBurner/1.0 (http://www.FeedBurner.com) Mozilla/5.0 (Macintosh; Intel Mac OS X 10_11_6) AppleWebKit/537.36 (KHTML, like Gecko) Chrome/63.0.3239.132 Safari/537.36 Specificfeeds- http://www.specificfeeds.com"
172.68.143.68 - - [01/Jul/2019:06:48:19 -0400] "POST /boston/wp-cron.php?doing_wp_cron=1561978099.2292079925537109375000 HTTP/1.1" 200 20 "https://cary.mommybites.com/boston/wp-cron.php?doing_wp_cron=1561978099.2292079925537109375000" "WordPress/4.9.6; https://cary.mommybites.com/boston"
172.69.226.203 - - [01/Jul/2019:06:48:19 -0400] "GET /boston/feed/ HTTP/1.1" 304 - "-" "Mozilla/5.0 (compatible; PaperLiBot/2.1; https://support.paper.li/entries/20023257-what-is-paper-li)"
159.69.189.72 - - [01/Jul/2019:08:08:45 -0400] "GET /feed HTTP/1.1" 301 20 "-" "FeedBurner/1.0 (http://www.FeedBurner.com) Mozilla/5.0 (Macintosh; Intel Mac OS X 10_11_6) AppleWebKit/537.36 (KHTML, like Gecko) Chrome/63.0.3239.132 Safari/537.36 Specificfeeds- http://www.specificfeeds.com"
172.68.189.93 - - [01/Jul/2019:08:08:46 -0400] "POST /wp-cron.php?doing_wp_cron=1561982926.0902240276336669921875 HTTP/1.1" 200 20 "https://cary.mommybites.com/wp-cron.php?doing_wp_cron=1561982926.0902240276336669921875" "WordPress/4.9.6; https://cary.mommybites.com"
159.69.189.72 - - [01/Jul/2019:08:08:47 -0400] "GET /feed/ HTTP/1.1" 200 23048 "-" "FeedBurner/1.0 (http://www.FeedBurner.com) Mozilla/5.0 (Macintosh; Intel Mac OS X 10_11_6) AppleWebKit/537.36 (KHTML, like Gecko) Chrome/63.0.3239.132 Safari/537.36 Specificfeeds- http://www.specificfeeds.com"
216.244.66.227 - - [01/Jul/2019:08:40:07 -0400] "GET /robots.txt HTTP/1.1" 304 - "-" "Mozilla/5.0 (compatible; DotBot/1.1; http://www.opensiteexplorer.org/dotbot, [email protected])"
172.69.68.30 - - [01/Jul/2019:10:36:17 -0400] "GET /wp-content/uploads/2010/02/Using-Village-Helpers-to-Teach-Discipline.pdf HTTP/1.1" 200 134055 "-" "Mozilla/5.0 (Linux; Android 6.0.1; Nexus 5X Build/MMB29P) AppleWebKit/537.36 (KHTML, like Gecko) Chrome/41.0.2272.96 Mobile Safari/537.36 (compatible; Googlebot/2.1; +http://www.google.com/bot.html)"
172.68.143.236 - - [01/Jul/2019:11:49:13 -0400] "POST /wp-cron.php?doing_wp_cron=1561996153.6829431056976318359375 HTTP/1.1" 200 20 "https://cary.mommybites.com/wp-cron.php?doing_wp_cron=1561996153.6829431056976318359375" "WordPress/4.9.6; https://cary.mommybites.com"
159.69.242.206 - - [01/Jul/2019:11:49:13 -0400] "GET /feed HTTP/1.1" 301 20 "-" "FeedBurner/1.0 (http://www.FeedBurner.com) Mozilla/5.0 (Macintosh; Intel Mac OS X 10_11_6) AppleWebKit/537.36 (KHTML, like Gecko) Chrome/63.0.3239.132 Safari/537.36 Specificfeeds- http://www.specificfeeds.com"
159.69.242.206 - - [01/Jul/2019:11:49:16 -0400] "GET /feed/ HTTP/1.1" 200 23048 "-" "FeedBurner/1.0 (http://www.FeedBurner.com) Mozilla/5.0 (Macintosh; Intel Mac OS X 10_11_6) AppleWebKit/537.36 (KHTML, like Gecko) Chrome/63.0.3239.132 Safari/537.36 Specificfeeds- http://www.specificfeeds.com"
172.68.132.85 - - [01/Jul/2019:12:48:17 -0400] "POST /boston/wp-cron.php?doing_wp_cron=1561999697.6143360137939453125000 HTTP/1.1" 200 20 "https://cary.mommybites.com/boston/wp-cron.php?doing_wp_cron=1561999697.6143360137939453125000" "WordPress/4.9.6; https://cary.mommybites.com/boston"
37.187.162.191 - - [01/Jul/2019:12:48:17 -0400] "GET /boston/feed/ HTTP/1.1" 304 - "-" "Mozilla/5.0 (compatible; PaperLiBot/2.1; https://support.paper.li/entries/20023257-what-is-paper-li)"
108.29.173.151 - - [01/Jul/2019:14:14:53 -0400] "GET /newyork/files/2018/11/Flexible-jobs-for-parents-in-NYC-1-1024x683.jpg HTTP/1.1" 200 88290 "-" "Mozilla/5.0 (iPhone; CPU iPhone OS 12_3_1 like Mac OS X) AppleWebKit/605.1.15 (KHTML, like Gecko) Version/12.1.1 Mobile/15E148 Safari/604.1"
172.69.22.154 - - [01/Jul/2019:15:11:38 -0400] "POST /wp-cron.php?doing_wp_cron=1562008298.2395219802856445312500 HTTP/1.1" 200 20 "https://cary.mommybites.com/wp-cron.php?doing_wp_cron=1562008298.2395219802856445312500" "WordPress/4.9.6; https://cary.mommybites.com"
159.69.242.206 - - [01/Jul/2019:15:11:38 -0400] "GET /feed HTTP/1.1" 301 20 "-" "FeedBurner/1.0 (http://www.FeedBurner.com) Mozilla/5.0 (Macintosh; Intel Mac OS X 10_11_6) AppleWebKit/537.36 (KHTML, like Gecko) Chrome/63.0.3239.132 Safari/537.36 Specificfeeds- http://www.specificfeeds.com"
159.69.242.206 - - [01/Jul/2019:15:11:39 -0400] "GET /feed/ HTTP/1.1" 200 23048 "-" "FeedBurner/1.0 (http://www.FeedBurner.com) Mozilla/5.0 (Macintosh; Intel Mac OS X 10_11_6) AppleWebKit/537.36 (KHTML, like Gecko) Chrome/63.0.3239.132 Safari/537.36 Specificfeeds- http://www.specificfeeds.com"
96.224.32.98 - - [01/Jul/2019:18:12:41 -0400] "GET / HTTP/1.1" 200 19155 "-" "Mozilla/5.0 (Macintosh; Intel Mac OS X 10_11_6) AppleWebKit/537.36 (KHTML, like Gecko) Chrome/75.0.3770.90 Safari/537.36"
96.224.32.98 - - [01/Jul/2019:18:12:42 -0400] "GET /wp-content/plugins/mb-boards/css/board.css?ver=0.1.6 HTTP/1.1" 200 1445 "https://cary.mommybites.com/" "Mozilla/5.0 (Macintosh; Intel Mac OS X 10_11_6) AppleWebKit/537.36 (KHTML, like Gecko) Chrome/75.0.3770.90 Safari/537.36"
96.224.32.98 - - [01/Jul/2019:18:12:42 -0400] "GET /wp-content/plugins/contact-form-7/includes/css/styles.css?ver=4.7 HTTP/1.1" 200 634 "https://cary.mommybites.com/" "Mozilla/5.0 (Macintosh; Intel Mac OS X 10_11_6) AppleWebKit/537.36 (KHTML, like Gecko) Chrome/75.0.3770.90 Safari/537.36"
96.224.32.98 - - [01/Jul/2019:18:12:42 -0400] "GET /wp-content/themes/mb-std-17/style.css?ver=4.9.6 HTTP/1.1" 200 13593 "https://cary.mommybites.com/" "Mozilla/5.0 (Macintosh; Intel Mac OS X 10_11_6) AppleWebKit/537.36 (KHTML, like Gecko) Chrome/75.0.3770.90 Safari/537.36"
96.224.32.98 - - [01/Jul/2019:18:12:42 -0400] "GET /wp-content/themes/mb-std-17/genericons/genericons.css?ver=3.4.1 HTTP/1.1" 200 16441 "https://cary.mommybites.com/" "Mozilla/5.0 (Macintosh; Intel Mac OS X 10_11_6) AppleWebKit/537.36 (KHTML, like Gecko) Chrome/75.0.3770.90 Safari/537.36"
96.224.32.98 - - [01/Jul/2019:18:12:42 -0400] "GET /wp-content/plugins/super-socializer/css/front.css?ver=7.12.21 HTTP/1.1" 200 14322 "https://cary.mommybites.com/" "Mozilla/5.0 (Macintosh; Intel Mac OS X 10_11_6) AppleWebKit/537.36 (KHTML, like Gecko) Chrome/75.0.3770.90 Safari/537.36"
96.224.32.98 - - [01/Jul/2019:18:12:42 -0400] "GET /wp-includes/js/jquery/jquery-migrate.min.js?ver=1.4.1 HTTP/1.1" 200 4014 "https://cary.mommybites.com/" "Mozilla/5.0 (Macintosh; Intel Mac OS X 10_11_6) AppleWebKit/537.36 (KHTML, like Gecko) Chrome/75.0.3770.90 Safari/537.36"
96.224.32.98 - - [01/Jul/2019:18:12:42 -0400] "GET /wp-content/plugins/wordpress-23-related-posts-plugin/static/themes/vertical-m.css?version=3.6.4 HTTP/1.1" 200 592 "https://cary.mommybites.com/" "Mozilla/5.0 (Macintosh; Intel Mac OS X 10_11_6) AppleWebKit/537.36 (KHTML, like Gecko) Chrome/75.0.3770.90 Safari/537.36"
96.224.32.98 - - [01/Jul/2019:18:12:42 -0400] "GET /wp-content/themes/mb-std-17/css/template.css?ver=4.9.6 HTTP/1.1" 200 14121 "https://cary.mommybites.com/" "Mozilla/5.0 (Macintosh; Intel Mac OS X 10_11_6) AppleWebKit/537.36 (KHTML, like Gecko) Chrome/75.0.3770.90 Safari/537.36"
96.224.32.98 - - [01/Jul/2019:18:12:42 -0400] "GET /wp-includes/js/jquery/jquery.js?ver=1.12.4 HTTP/1.1" 200 33766 "https://cary.mommybites.com/" "Mozilla/5.0 (Macintosh; Intel Mac OS X 10_11_6) AppleWebKit/537.36 (KHTML, like Gecko) Chrome/75.0.3770.90 Safari/537.36"
96.224.32.98 - - [01/Jul/2019:18:12:42 -0400] "GET /wp-content/plugins/super-socializer/css/share-svg.css?ver=7.12.21 HTTP/1.1" 200 31598 "https://cary.mommybites.com/" "Mozilla/5.0 (Macintosh; Intel Mac OS X 10_11_6) AppleWebKit/537.36 (KHTML, like Gecko) Chrome/75.0.3770.90 Safari/537.36"
96.224.32.98 - - [01/Jul/2019:18:12:43 -0400] "GET /wp-content/themes/mb-std-17/images/logo.png HTTP/1.1" 200 2837 "https://cary.mommybites.com/" "Mozilla/5.0 (Macintosh; Intel Mac OS X 10_11_6) AppleWebKit/537.36 (KHTML, like Gecko) Chrome/75.0.3770.90 Safari/537.36"
96.224.32.98 - - [01/Jul/2019:18:12:43 -0400] "GET /wp-content/uploads/2013/11/Ask_toddler-thumbnail-50x50.jpg HTTP/1.1" 200 2407 "https://cary.mommybites.com/" "Mozilla/5.0 (Macintosh; Intel Mac OS X 10_11_6) AppleWebKit/537.36 (KHTML, like Gecko) Chrome/75.0.3770.90 Safari/537.36"
96.224.32.98 - - [01/Jul/2019:18:12:43 -0400] "GET /wp-content/uploads/2017/03/iStock_kidstakingtest-50x50.jpg HTTP/1.1" 200 1589 "https://cary.mommybites.com/" "Mozilla/5.0 (Macintosh; Intel Mac OS X 10_11_6) AppleWebKit/537.36 (KHTML, like Gecko) Chrome/75.0.3770.90 Safari/537.36"
96.224.32.98 - - [01/Jul/2019:18:12:43 -0400] "GET /wp-content/uploads/2017/03/toddlerxylophone-50x50.jpg HTTP/1.1" 200 1774 "https://cary.mommybites.com/" "Mozilla/5.0 (Macintosh; Intel Mac OS X 10_11_6) AppleWebKit/537.36 (KHTML, like Gecko) Chrome/75.0.3770.90 Safari/537.36"
96.224.32.98 - - [01/Jul/2019:18:12:43 -0400] "GET /wp-content/plugins/adrotate/library/jquery.adrotate.clicktracker.js HTTP/1.1" 200 537 "https://cary.mommybites.com/" "Mozilla/5.0 (Macintosh; Intel Mac OS X 10_11_6) AppleWebKit/537.36 (KHTML, like Gecko) Chrome/75.0.3770.90 Safari/537.36"
96.224.32.98 - - [01/Jul/2019:18:12:43 -0400] "GET /wp-content/plugins/contact-form-7/includes/js/jquery.form.min.js?ver=3.51.0-2014.06.20 HTTP/1.1" 200 5860 "https://cary.mommybites.com/" "Mozilla/5.0 (Macintosh; Intel Mac OS X 10_11_6) AppleWebKit/537.36 (KHTML, like Gecko) Chrome/75.0.3770.90 Safari/537.36"
96.224.32.98 - - [01/Jul/2019:18:12:43 -0400] "GET /wp-content/uploads/2013/11/Ask_toddler-thumbnail.jpg HTTP/1.1" 200 61233 "https://cary.mommybites.com/" "Mozilla/5.0 (Macintosh; Intel Mac OS X 10_11_6) AppleWebKit/537.36 (KHTML, like Gecko) Chrome/75.0.3770.90 Safari/537.36"
96.224.32.98 - - [01/Jul/2019:18:12:43 -0400] "GET /wp-content/plugins/contact-form-7/includes/js/scripts.js?ver=4.7 HTTP/1.1" 200 3667 "https://cary.mommybites.com/" "Mozilla/5.0 (Macintosh; Intel Mac OS X 10_11_6) AppleWebKit/537.36 (KHTML, like Gecko) Chrome/75.0.3770.90 Safari/537.36"
96.224.32.98 - - [01/Jul/2019:18:12:43 -0400] "GET /wp-content/uploads/2017/03/toddlerxylophone.jpg HTTP/1.1" 200 56397 "https://cary.mommybites.com/" "Mozilla/5.0 (Macintosh; Intel Mac OS X 10_11_6) AppleWebKit/537.36 (KHTML, like Gecko) Chrome/75.0.3770.90 Safari/537.36"
96.224.32.98 - - [01/Jul/2019:18:12:43 -0400] "GET /wp-content/uploads/2017/03/MommyConOC2016-291-50x50.jpg HTTP/1.1" 200 1981 "https://cary.mommybites.com/" "Mozilla/5.0 (Macintosh; Intel Mac OS X 10_11_6) AppleWebKit/537.36 (KHTML, like Gecko) Chrome/75.0.3770.90 Safari/537.36"
96.224.32.98 - - [01/Jul/2019:18:12:43 -0400] "GET /wp-content/uploads/2017/03/playground1-50x50.jpg HTTP/1.1" 200 2168 "https://cary.mommybites.com/" "Mozilla/5.0 (Macintosh; Intel Mac OS X 10_11_6) AppleWebKit/537.36 (KHTML, like Gecko) Chrome/75.0.3770.90 Safari/537.36"
96.224.32.98 - - [01/Jul/2019:18:12:43 -0400] "GET /wp-content/themes/mb-std-17/js/ie-emulation-modes-warning.js?ver=20151215 HTTP/1.1" 200 1039 "https://cary.mommybites.com/" "Mozilla/5.0 (Macintosh; Intel Mac OS X 10_11_6) AppleWebKit/537.36 (KHTML, like Gecko) Chrome/75.0.3770.90 Safari/537.36"
96.224.32.98 - - [01/Jul/2019:18:12:43 -0400] "GET /wp-content/plugins/mystickymenu/js/mystickymenu.min.js?ver=2.0.6 HTTP/1.1" 200 1228 "https://cary.mommybites.com/" "Mozilla/5.0 (Macintosh; Intel Mac OS X 10_11_6) AppleWebKit/537.36 (KHTML, like Gecko) Chrome/75.0.3770.90 Safari/537.36"
96.224.32.98 - - [01/Jul/2019:18:12:43 -0400] "GET /wp-content/uploads/2012/10/nurserycolors2.jpg HTTP/1.1" 200 112693 "https://cary.mommybites.com/" "Mozilla/5.0 (Macintosh; Intel Mac OS X 10_11_6) AppleWebKit/537.36 (KHTML, like Gecko) Chrome/75.0.3770.90 Safari/537.36"
96.224.32.98 - - [01/Jul/2019:18:12:43 -0400] "GET /wp-content/plugins/mb-boards/js/board.js?ver=0.1.6 HTTP/1.1" 200 1452 "https://cary.mommybites.com/" "Mozilla/5.0 (Macintosh; Intel Mac OS X 10_11_6) AppleWebKit/537.36 (KHTML, like Gecko) Chrome/75.0.3770.90 Safari/537.36"
172.69.23.29 - - [01/Jul/2019:18:12:41 -0400] "POST /wp-cron.php?doing_wp_cron=1562019161.3103199005126953125000 HTTP/1.1" 200 20 "https://cary.mommybites.com/wp-cron.php?doing_wp_cron=1562019161.3103199005126953125000" "WordPress/4.9.6; https://cary.mommybites.com"
96.224.32.98 - - [01/Jul/2019:18:12:43 -0400] "GET /wp-content/themes/mb-std-17/js/html5shiv/html5shiv.min.js?ver=20151215 HTTP/1.1" 200 1309 "https://cary.mommybites.com/" "Mozilla/5.0 (Macintosh; Intel Mac OS X 10_11_6) AppleWebKit/537.36 (KHTML, like Gecko) Chrome/75.0.3770.90 Safari/537.36"
96.224.32.98 - - [01/Jul/2019:18:12:43 -0400] "GET /wp-content/themes/mb-std-17/js/html5shiv/respond.min.js?ver=20151215 HTTP/1.1" 200 2151 "https://cary.mommybites.com/" "Mozilla/5.0 (Macintosh; Intel Mac OS X 10_11_6) AppleWebKit/537.36 (KHTML, like Gecko) Chrome/75.0.3770.90 Safari/537.36"
96.224.32.98 - - [01/Jul/2019:18:12:43 -0400] "GET /wp-content/plugins/super-socializer/js/front/sharing/sharing.js?ver=7.12.21 HTTP/1.1" 200 11309 "https://cary.mommybites.com/" "Mozilla/5.0 (Macintosh; Intel Mac OS X 10_11_6) AppleWebKit/537.36 (KHTML, like Gecko) Chrome/75.0.3770.90 Safari/537.36"
96.224.32.98 - - [01/Jul/2019:18:12:43 -0400] "GET /wp-content/plugins/super-socializer/js/front/facebook/commenting.js?ver=7.12.21 HTTP/1.1" 200 1613 "https://cary.mommybites.com/" "Mozilla/5.0 (Macintosh; Intel Mac OS X 10_11_6) AppleWebKit/537.36 (KHTML, like Gecko) Chrome/75.0.3770.90 Safari/537.36"
96.224.32.98 - - [01/Jul/2019:18:12:43 -0400] "GET /wp-content/uploads/2016/10/iStock_breastfeeding.jpg HTTP/1.1" 200 431106 "https://cary.mommybites.com/" "Mozilla/5.0 (Macintosh; Intel Mac OS X 10_11_6) AppleWebKit/537.36 (KHTML, like Gecko) Chrome/75.0.3770.90 Safari/537.36"
96.224.32.98 - - [01/Jul/2019:18:12:43 -0400] "GET /wp-content/themes/mb-std-17/js/functions.js?ver=1533317725 HTTP/1.1" 200 2995 "https://cary.mommybites.com/" "Mozilla/5.0 (Macintosh; Intel Mac OS X 10_11_6) AppleWebKit/537.36 (KHTML, like Gecko) Chrome/75.0.3770.90 Safari/537.36"
96.224.32.98 - - [01/Jul/2019:18:12:43 -0400] "GET /wp-content/plugins/super-socializer/js/front/facebook/sdk.js?ver=7.12.21 HTTP/1.1" 200 729 "https://cary.mommybites.com/" "Mozilla/5.0 (Macintosh; Intel Mac OS X 10_11_6) AppleWebKit/537.36 (KHTML, like Gecko) Chrome/75.0.3770.90 Safari/537.36"
96.224.32.98 - - [01/Jul/2019:18:12:43 -0400] "GET /wp-includes/js/wp-embed.min.js?ver=4.9.6 HTTP/1.1" 200 751 "https://cary.mommybites.com/" "Mozilla/5.0 (Macintosh; Intel Mac OS X 10_11_6) AppleWebKit/537.36 (KHTML, like Gecko) Chrome/75.0.3770.90 Safari/537.36"
96.224.32.98 - - [01/Jul/2019:18:12:43 -0400] "GET /wp-content/uploads/2019/06/Newsletter-sticky-footer-320x50.jpg HTTP/1.1" 200 4940 "https://cary.mommybites.com/" "Mozilla/5.0 (Macintosh; Intel Mac OS X 10_11_6) AppleWebKit/537.36 (KHTML, like Gecko) Chrome/75.0.3770.90 Safari/537.36"
96.224.32.98 - - [01/Jul/2019:18:12:43 -0400] "GET /wp-content/plugins/super-socializer/js/front/social_login/general.js?ver=7.12.21 HTTP/1.1" 200 1454 "https://cary.mommybites.com/" "Mozilla/5.0 (Macintosh; Intel Mac OS X 10_11_6) AppleWebKit/537.36 (KHTML, like Gecko) Chrome/75.0.3770.90 Safari/537.36"
96.224.32.98 - - [01/Jul/2019:18:12:43 -0400] "GET /wp-content/themes/mb-std-17/js/skip-link-focus-fix.js?ver=20151215 HTTP/1.1" 200 472 "https://cary.mommybites.com/" "Mozilla/5.0 (Macintosh; Intel Mac OS X 10_11_6) AppleWebKit/537.36 (KHTML, like Gecko) Chrome/75.0.3770.90 Safari/537.36"
96.224.32.98 - - [01/Jul/2019:18:12:43 -0400] "GET /wp-content/uploads/2015/10/Screen-time-50x50.jpg HTTP/1.1" 200 2066 "https://cary.mommybites.com/" "Mozilla/5.0 (Macintosh; Intel Mac OS X 10_11_6) AppleWebKit/537.36 (KHTML, like Gecko) Chrome/75.0.3770.90 Safari/537.36"
96.224.32.98 - - [01/Jul/2019:18:12:43 -0400] "GET /wp-content/themes/mb-std-17/css/ie10-viewport-bug-workaround.css?ver=4.9.6 HTTP/1.1" 200 292 "https://cary.mommybites.com/" "Mozilla/5.0 (Macintosh; Intel Mac OS X 10_11_6) AppleWebKit/537.36 (KHTML, like Gecko) Chrome/75.0.3770.90 Safari/537.36"
96.224.32.98 - - [01/Jul/2019:18:12:43 -0400] "GET /wp-content/uploads/2017/03/iStock_kidstakingtest.jpg HTTP/1.1" 200 138044 "https://cary.mommybites.com/" "Mozilla/5.0 (Macintosh; Intel Mac OS X 10_11_6) AppleWebKit/537.36 (KHTML, like Gecko) Chrome/75.0.3770.90 Safari/537.36"
96.224.32.98 - - [01/Jul/2019:18:12:43 -0400] "GET /wp-content/uploads/2016/09/MB-Chit-Chat_150x150-50x50.jpg HTTP/1.1" 200 2437 "https://cary.mommybites.com/" "Mozilla/5.0 (Macintosh; Intel Mac OS X 10_11_6) AppleWebKit/537.36 (KHTML, like Gecko) Chrome/75.0.3770.90 Safari/537.36"
96.224.32.98 - - [01/Jul/2019:18:12:43 -0400] "GET /wp-content/uploads/2017/03/BabyKtanIMAGE.jpg HTTP/1.1" 200 60736 "https://cary.mommybites.com/" "Mozilla/5.0 (Macintosh; Intel Mac OS X 10_11_6) AppleWebKit/537.36 (KHTML, like Gecko) Chrome/75.0.3770.90 Safari/537.36"
96.224.32.98 - - [01/Jul/2019:18:12:43 -0400] "GET /wp-includes/js/wp-emoji-release.min.js?ver=4.9.6 HTTP/1.1" 200 4211 "https://cary.mommybites.com/" "Mozilla/5.0 (Macintosh; Intel Mac OS X 10_11_6) AppleWebKit/537.36 (KHTML, like Gecko) Chrome/75.0.3770.90 Safari/537.36"
96.224.32.98 - - [01/Jul/2019:18:12:43 -0400] "GET /wp-content/themes/mb-std-17/images/icon-classes-img4.png HTTP/1.1" 200 36239 "https://cary.mommybites.com/wp-content/themes/mb-std-17/css/template.css?ver=4.9.6" "Mozilla/5.0 (Macintosh; Intel Mac OS X 10_11_6) AppleWebKit/537.36 (KHTML, like Gecko) Chrome/75.0.3770.90 Safari/537.36"
96.224.32.98 - - [01/Jul/2019:18:12:43 -0400] "GET /wp-content/themes/mb-std-17/images/icon-jobs-img5.png HTTP/1.1" 200 31598 "https://cary.mommybites.com/wp-content/themes/mb-std-17/css/template.css?ver=4.9.6" "Mozilla/5.0 (Macintosh; Intel Mac OS X 10_11_6) AppleWebKit/537.36 (KHTML, like Gecko) Chrome/75.0.3770.90 Safari/537.36"
96.224.32.98 - - [01/Jul/2019:18:12:43 -0400] "GET /wp-content/themes/mb-std-17/images/icon-nannies-img4.png HTTP/1.1" 200 32293 "https://cary.mommybites.com/wp-content/themes/mb-std-17/css/template.css?ver=4.9.6" "Mozilla/5.0 (Macintosh; Intel Mac OS X 10_11_6) AppleWebKit/537.36 (KHTML, like Gecko) Chrome/75.0.3770.90 Safari/537.36"
96.224.32.98 - - [01/Jul/2019:18:12:43 -0400] "GET /wp-content/uploads/2018/12/Family2.jpg HTTP/1.1" 200 31707 "https://cary.mommybites.com/wp-content/themes/mb-std-17/css/template.css?ver=4.9.6" "Mozilla/5.0 (Macintosh; Intel Mac OS X 10_11_6) AppleWebKit/537.36 (KHTML, like Gecko) Chrome/75.0.3770.90 Safari/537.36"
96.224.32.98 - - [01/Jul/2019:18:12:43 -0400] "GET /wp-content/uploads/2018/12/scoop1.jpg HTTP/1.1" 200 35765 "https://cary.mommybites.com/wp-content/themes/mb-std-17/css/template.css?ver=4.9.6" "Mozilla/5.0 (Macintosh; Intel Mac OS X 10_11_6) AppleWebKit/537.36 (KHTML, like Gecko) Chrome/75.0.3770.90 Safari/537.36"
96.224.32.98 - - [01/Jul/2019:18:12:43 -0400] "GET /wp-content/themes/mb-std-17/images/icon-casting2-img.png HTTP/1.1" 200 40619 "https://cary.mommybites.com/wp-content/themes/mb-std-17/css/template.css?ver=4.9.6" "Mozilla/5.0 (Macintosh; Intel Mac OS X 10_11_6) AppleWebKit/537.36 (KHTML, like Gecko) Chrome/75.0.3770.90 Safari/537.36"
96.224.32.98 - - [01/Jul/2019:18:12:44 -0400] "GET /wp-content/uploads/2019/06/Mommybites-newsletter-pop-up2.jpg HTTP/1.1" 200 27549 "https://cary.mommybites.com/wp-content/themes/mb-std-17/css/template.css?ver=4.9.6" "Mozilla/5.0 (Macintosh; Intel Mac OS X 10_11_6) AppleWebKit/537.36 (KHTML, like Gecko) Chrome/75.0.3770.90 Safari/537.36"
96.224.32.98 - - [01/Jul/2019:18:12:44 -0400] "GET /wp-content/themes/mb-std-17/images/favicon-32x32.png HTTP/1.1" 200 1367 "https://cary.mommybites.com/" "Mozilla/5.0 (Macintosh; Intel Mac OS X 10_11_6) AppleWebKit/537.36 (KHTML, like Gecko) Chrome/75.0.3770.90 Safari/537.36"
96.224.32.98 - - [01/Jul/2019:18:12:44 -0400] "GET /wp-content/themes/mb-std-17/images/site.webmanifest HTTP/1.1" 200 190 "https://cary.mommybites.com/" "Mozilla/5.0 (Macintosh; Intel Mac OS X 10_11_6) AppleWebKit/537.36 (KHTML, like Gecko) Chrome/75.0.3770.90 Safari/537.36"
96.224.32.98 - - [01/Jul/2019:18:12:47 -0400] "GET /wp-content/uploads/2019/06/mobile-pop-up-1.jpg HTTP/1.1" 200 48453 "https://cary.mommybites.com/wp-content/themes/mb-std-17/css/template.css?ver=4.9.6" "Mozilla/5.0 (Macintosh; Intel Mac OS X 10_11_6) AppleWebKit/537.36 (KHTML, like Gecko) Chrome/75.0.3770.90 Safari/537.36"
159.69.242.206 - - [01/Jul/2019:18:13:16 -0400] "GET /feed HTTP/1.1" 301 20 "-" "FeedBurner/1.0 (http://www.FeedBurner.com) Mozilla/5.0 (Macintosh; Intel Mac OS X 10_11_6) AppleWebKit/537.36 (KHTML, like Gecko) Chrome/63.0.3239.132 Safari/537.36 Specificfeeds- http://www.specificfeeds.com"
159.69.242.206 - - [01/Jul/2019:18:13:16 -0400] "GET /feed/ HTTP/1.1" 200 23048 "-" "FeedBurner/1.0 (http://www.FeedBurner.com) Mozilla/5.0 (Macintosh; Intel Mac OS X 10_11_6) AppleWebKit/537.36 (KHTML, like Gecko) Chrome/63.0.3239.132 Safari/537.36 Specificfeeds- http://www.specificfeeds.com"
172.68.133.14 - - [01/Jul/2019:18:48:18 -0400] "POST /boston/wp-cron.php?doing_wp_cron=1562021298.8637130260467529296875 HTTP/1.1" 200 20 "https://cary.mommybites.com/boston/wp-cron.php?doing_wp_cron=1562021298.8637130260467529296875" "WordPress/4.9.6; https://cary.mommybites.com/boston"
37.187.162.191 - - [01/Jul/2019:18:48:18 -0400] "GET /boston/feed/ HTTP/1.1" 304 - "-" "Mozilla/5.0 (compatible; PaperLiBot/2.1; https://support.paper.li/entries/20023257-what-is-paper-li)"
172.68.182.168 - - [01/Jul/2019:19:07:22 -0400] "GET /robots.txt HTTP/1.1" 200 486 "-" "Mozilla/5.0 (Windows; U; Windows NT 5.1; en-US; rv:1.8.1.6) Gecko/20070725 Firefox/2.0.0.6"
172.69.70.151 - - [01/Jul/2019:19:24:45 -0400] "GET /robots.txt HTTP/1.1" 200 486 "-" "Mozilla/5.0 (compatible; Googlebot/2.1; +http://www.google.com/bot.html)"
172.69.68.22 - - [01/Jul/2019:21:12:21 -0400] "GET /wp-content/uploads/2010/03/How-to-Keep-Your-Marriage-Strong-Post-Baby-Highlights1.pdf HTTP/1.1" 200 85731 "-" "Mozilla/5.0 (Linux; Android 6.0.1; Nexus 5X Build/MMB29P) AppleWebKit/537.36 (KHTML, like Gecko) Chrome/41.0.2272.96 Mobile Safari/537.36 (compatible; Googlebot/2.1; +http://www.google.com/bot.html)"
172.69.70.163 - - [01/Jul/2019:21:12:42 -0400] "GET /wp-content/uploads/2010/03/How-To-Keep-Your-Post-Baby-Marriage-Strong-Worksheet.pdf HTTP/1.1" 200 91483 "-" "Mozilla/5.0 (Linux; Android 6.0.1; Nexus 5X Build/MMB29P) AppleWebKit/537.36 (KHTML, like Gecko) Chrome/41.0.2272.96 Mobile Safari/537.36 (compatible; Googlebot/2.1; +http://www.google.com/bot.html)"
172.69.68.8 - - [01/Jul/2019:21:21:16 -0400] "GET /wp-content/uploads/2010/03/How-To-Keep-Your-Post-Baby-Marriage-Strong-Worksheet1.pdf HTTP/1.1" 200 91483 "-" "Mozilla/5.0 (Linux; Android 6.0.1; Nexus 5X Build/MMB29P) AppleWebKit/537.36 (KHTML, like Gecko) Chrome/41.0.2272.96 Mobile Safari/537.36 (compatible; Googlebot/2.1; +http://www.google.com/bot.html)"
159.69.189.72 - - [01/Jul/2019:21:37:17 -0400] "GET /feed HTTP/1.1" 301 20 "-" "FeedBurner/1.0 (http://www.FeedBurner.com) Mozilla/5.0 (Macintosh; Intel Mac OS X 10_11_6) AppleWebKit/537.36 (KHTML, like Gecko) Chrome/63.0.3239.132 Safari/537.36 Specificfeeds- http://www.specificfeeds.com"
205.164.44.178 - - [01/Jul/2019:21:37:17 -0400] "POST /wp-cron.php?doing_wp_cron=1562031437.8867390155792236328125 HTTP/1.1" 200 20 "https://cary.mommybites.com/wp-cron.php?doing_wp_cron=1562031437.8867390155792236328125" "WordPress/4.9.6; https://cary.mommybites.com"
159.69.189.72 - - [01/Jul/2019:21:37:19 -0400] "GET /feed/ HTTP/1.1" 200 23048 "-" "FeedBurner/1.0 (http://www.FeedBurner.com) Mozilla/5.0 (Macintosh; Intel Mac OS X 10_11_6) AppleWebKit/537.36 (KHTML, like Gecko) Chrome/63.0.3239.132 Safari/537.36 Specificfeeds- http://www.specificfeeds.com"
172.69.23.83 - - [01/Jul/2019:22:01:26 -0400] "POST /wp-cron.php?doing_wp_cron=1562032886.6424019336700439453125 HTTP/1.1" 200 20 "https://cary.mommybites.com/wp-cron.php?doing_wp_cron=1562032886.6424019336700439453125" "WordPress/4.9.6; https://cary.mommybites.com"
96.224.32.98 - - [01/Jul/2019:22:01:26 -0400] "GET / HTTP/1.1" 200 19155 "-" "Mozilla/5.0 (Windows NT 6.3; Win64; x64) AppleWebKit/537.36 (KHTML, like Gecko) Chrome/75.0.3770.100 Safari/537.36"
96.224.32.98 - - [01/Jul/2019:22:01:27 -0400] "GET /wp-content/plugins/mb-boards/css/board.css?ver=0.1.6 HTTP/1.1" 200 1445 "https://cary.mommybites.com/" "Mozilla/5.0 (Windows NT 6.3; Win64; x64) AppleWebKit/537.36 (KHTML, like Gecko) Chrome/75.0.3770.100 Safari/537.36"
96.224.32.98 - - [01/Jul/2019:22:01:27 -0400] "GET /wp-content/plugins/contact-form-7/includes/css/styles.css?ver=4.7 HTTP/1.1" 200 634 "https://cary.mommybites.com/" "Mozilla/5.0 (Windows NT 6.3; Win64; x64) AppleWebKit/537.36 (KHTML, like Gecko) Chrome/75.0.3770.100 Safari/537.36"
96.224.32.98 - - [01/Jul/2019:22:01:27 -0400] "GET /wp-content/themes/mb-std-17/style.css?ver=4.9.6 HTTP/1.1" 200 13593 "https://cary.mommybites.com/" "Mozilla/5.0 (Windows NT 6.3; Win64; x64) AppleWebKit/537.36 (KHTML, like Gecko) Chrome/75.0.3770.100 Safari/537.36"
96.224.32.98 - - [01/Jul/2019:22:01:27 -0400] "GET /wp-content/themes/mb-std-17/genericons/genericons.css?ver=3.4.1 HTTP/1.1" 200 16441 "https://cary.mommybites.com/" "Mozilla/5.0 (Windows NT 6.3; Win64; x64) AppleWebKit/537.36 (KHTML, like Gecko) Chrome/75.0.3770.100 Safari/537.36"
96.224.32.98 - - [01/Jul/2019:22:01:27 -0400] "GET /wp-content/themes/mb-std-17/css/ie10-viewport-bug-workaround.css?ver=4.9.6 HTTP/1.1" 200 292 "https://cary.mommybites.com/" "Mozilla/5.0 (Windows NT 6.3; Win64; x64) AppleWebKit/537.36 (KHTML, like Gecko) Chrome/75.0.3770.100 Safari/537.36"
96.224.32.98 - - [01/Jul/2019:22:01:27 -0400] "GET /wp-content/themes/mb-std-17/css/template.css?ver=4.9.6 HTTP/1.1" 200 14121 "https://cary.mommybites.com/" "Mozilla/5.0 (Windows NT 6.3; Win64; x64) AppleWebKit/537.36 (KHTML, like Gecko) Chrome/75.0.3770.100 Safari/537.36"
96.224.32.98 - - [01/Jul/2019:22:01:27 -0400] "GET /wp-content/plugins/wordpress-23-related-posts-plugin/static/themes/vertical-m.css?version=3.6.4 HTTP/1.1" 200 592 "https://cary.mommybites.com/" "Mozilla/5.0 (Windows NT 6.3; Win64; x64) AppleWebKit/537.36 (KHTML, like Gecko) Chrome/75.0.3770.100 Safari/537.36"
96.224.32.98 - - [01/Jul/2019:22:01:28 -0400] "GET /wp-content/themes/mb-std-17/images/logo.png HTTP/1.1" 304 - "https://cary.mommybites.com/" "Mozilla/5.0 (Windows NT 6.3; Win64; x64) AppleWebKit/537.36 (KHTML, like Gecko) Chrome/75.0.3770.100 Safari/537.36"
96.224.32.98 - - [01/Jul/2019:22:01:28 -0400] "GET /wp-content/plugins/super-socializer/css/front.css?ver=7.12.21 HTTP/1.1" 200 14322 "https://cary.mommybites.com/" "Mozilla/5.0 (Windows NT 6.3; Win64; x64) AppleWebKit/537.36 (KHTML, like Gecko) Chrome/75.0.3770.100 Safari/537.36"
96.224.32.98 - - [01/Jul/2019:22:01:28 -0400] "GET /wp-includes/js/jquery/jquery-migrate.min.js?ver=1.4.1 HTTP/1.1" 200 4014 "https://cary.mommybites.com/" "Mozilla/5.0 (Windows NT 6.3; Win64; x64) AppleWebKit/537.36 (KHTML, like Gecko) Chrome/75.0.3770.100 Safari/537.36"
96.224.32.98 - - [01/Jul/2019:22:01:28 -0400] "GET /wp-content/plugins/super-socializer/css/share-svg.css?ver=7.12.21 HTTP/1.1" 200 31598 "https://cary.mommybites.com/" "Mozilla/5.0 (Windows NT 6.3; Win64; x64) AppleWebKit/537.36 (KHTML, like Gecko) Chrome/75.0.3770.100 Safari/537.36"
96.224.32.98 - - [01/Jul/2019:22:01:28 -0400] "GET /wp-includes/js/jquery/jquery.js?ver=1.12.4 HTTP/1.1" 200 33766 "https://cary.mommybites.com/" "Mozilla/5.0 (Windows NT 6.3; Win64; x64) AppleWebKit/537.36 (KHTML, like Gecko) Chrome/75.0.3770.100 Safari/537.36"
96.224.32.98 - - [01/Jul/2019:22:01:28 -0400] "GET /wp-content/plugins/contact-form-7/includes/js/jquery.form.min.js?ver=3.51.0-2014.06.20 HTTP/1.1" 200 5860 "https://cary.mommybites.com/" "Mozilla/5.0 (Windows NT 6.3; Win64; x64) AppleWebKit/537.36 (KHTML, like Gecko) Chrome/75.0.3770.100 Safari/537.36"
96.224.32.98 - - [01/Jul/2019:22:01:28 -0400] "GET /wp-content/plugins/adrotate/library/jquery.adrotate.clicktracker.js HTTP/1.1" 304 - "https://cary.mommybites.com/" "Mozilla/5.0 (Windows NT 6.3; Win64; x64) AppleWebKit/537.36 (KHTML, like Gecko) Chrome/75.0.3770.100 Safari/537.36"
96.224.32.98 - - [01/Jul/2019:22:01:28 -0400] "GET /wp-content/plugins/mystickymenu/js/mystickymenu.min.js?ver=2.0.6 HTTP/1.1" 200 1228 "https://cary.mommybites.com/" "Mozilla/5.0 (Windows NT 6.3; Win64; x64) AppleWebKit/537.36 (KHTML, like Gecko) Chrome/75.0.3770.100 Safari/537.36"
96.224.32.98 - - [01/Jul/2019:22:01:28 -0400] "GET /wp-content/themes/mb-std-17/js/ie-emulation-modes-warning.js?ver=20151215 HTTP/1.1" 200 1039 "https://cary.mommybites.com/" "Mozilla/5.0 (Windows NT 6.3; Win64; x64) AppleWebKit/537.36 (KHTML, like Gecko) Chrome/75.0.3770.100 Safari/537.36"
96.224.32.98 - - [01/Jul/2019:22:01:28 -0400] "GET /wp-content/plugins/mb-boards/js/board.js?ver=0.1.6 HTTP/1.1" 200 1452 "https://cary.mommybites.com/" "Mozilla/5.0 (Windows NT 6.3; Win64; x64) AppleWebKit/537.36 (KHTML, like Gecko) Chrome/75.0.3770.100 Safari/537.36"
96.224.32.98 - - [01/Jul/2019:22:01:28 -0400] "GET /wp-content/plugins/contact-form-7/includes/js/scripts.js?ver=4.7 HTTP/1.1" 200 3667 "https://cary.mommybites.com/" "Mozilla/5.0 (Windows NT 6.3; Win64; x64) AppleWebKit/537.36 (KHTML, like Gecko) Chrome/75.0.3770.100 Safari/537.36"
96.224.32.98 - - [01/Jul/2019:22:01:28 -0400] "GET /wp-content/themes/mb-std-17/js/html5shiv/respond.min.js?ver=20151215 HTTP/1.1" 200 2151 "https://cary.mommybites.com/" "Mozilla/5.0 (Windows NT 6.3; Win64; x64) AppleWebKit/537.36 (KHTML, like Gecko) Chrome/75.0.3770.100 Safari/537.36"
96.224.32.98 - - [01/Jul/2019:22:01:28 -0400] "GET /wp-content/themes/mb-std-17/js/functions.js?ver=1533317725 HTTP/1.1" 200 2995 "https://cary.mommybites.com/" "Mozilla/5.0 (Windows NT 6.3; Win64; x64) AppleWebKit/537.36 (KHTML, like Gecko) Chrome/75.0.3770.100 Safari/537.36"
96.224.32.98 - - [01/Jul/2019:22:01:28 -0400] "GET /wp-content/themes/mb-std-17/js/html5shiv/html5shiv.min.js?ver=20151215 HTTP/1.1" 200 1309 "https://cary.mommybites.com/" "Mozilla/5.0 (Windows NT 6.3; Win64; x64) AppleWebKit/537.36 (KHTML, like Gecko) Chrome/75.0.3770.100 Safari/537.36"
96.224.32.98 - - [01/Jul/2019:22:01:28 -0400] "GET /wp-content/plugins/super-socializer/js/front/facebook/commenting.js?ver=7.12.21 HTTP/1.1" 200 1613 "https://cary.mommybites.com/" "Mozilla/5.0 (Windows NT 6.3; Win64; x64) AppleWebKit/537.36 (KHTML, like Gecko) Chrome/75.0.3770.100 Safari/537.36"
