159.69.189.72 - - [28/Jul/2019:03:57:49 -0400] "GET /feed HTTP/1.1" 301 20 "-" "FeedBurner/1.0 (http://www.FeedBurner.com) Mozilla/5.0 (Macintosh; Intel Mac OS X 10_11_6) AppleWebKit/537.36 (KHTML, like Gecko) Chrome/63.0.3239.132 Safari/537.36 Specificfeeds- http://www.specificfeeds.com"
172.68.142.37 - - [28/Jul/2019:03:57:50 -0400] "POST /wp-cron.php?doing_wp_cron=1564300670.1040899753570556640625 HTTP/1.1" 200 20 "https://cary.mommybites.com/wp-cron.php?doing_wp_cron=1564300670.1040899753570556640625" "WordPress/4.9.6; https://cary.mommybites.com"
159.69.189.72 - - [28/Jul/2019:03:57:51 -0400] "GET /feed/ HTTP/1.1" 200 23048 "-" "FeedBurner/1.0 (http://www.FeedBurner.com) Mozilla/5.0 (Macintosh; Intel Mac OS X 10_11_6) AppleWebKit/537.36 (KHTML, like Gecko) Chrome/63.0.3239.132 Safari/537.36 Specificfeeds- http://www.specificfeeds.com"
172.69.22.82 - - [28/Jul/2019:06:19:21 -0400] "POST /wp-cron.php?doing_wp_cron=1564309161.5801939964294433593750 HTTP/1.1" 200 20 "https://cary.mommybites.com/wp-cron.php?doing_wp_cron=1564309161.5801939964294433593750" "WordPress/4.9.6; https://cary.mommybites.com"
180.76.15.29 - - [28/Jul/2019:06:19:21 -0400] "GET /col1/baby/keeping-baby-crib/ HTTP/1.1" 200 17572 "-" "Mozilla/5.0 (compatible; Baiduspider/2.0; +http://www.baidu.com/search/spider.html)"
172.68.133.170 - - [28/Jul/2019:06:48:18 -0400] "POST /boston/wp-cron.php?doing_wp_cron=1564310898.1196091175079345703125 HTTP/1.1" 200 20 "https://cary.mommybites.com/boston/wp-cron.php?doing_wp_cron=1564310898.1196091175079345703125" "WordPress/4.9.6; https://cary.mommybites.com/boston"
37.187.162.191 - - [28/Jul/2019:06:48:17 -0400] "GET /boston/feed/ HTTP/1.1" 304 - "-" "Mozilla/5.0 (compatible; PaperLiBot/2.1; https://support.paper.li/entries/20023257-what-is-paper-li)"
172.68.141.156 - - [28/Jul/2019:07:16:22 -0400] "POST /wp-cron.php?doing_wp_cron=1564312582.7410109043121337890625 HTTP/1.1" 200 20 "https://cary.mommybites.com/wp-cron.php?doing_wp_cron=1564312582.7410109043121337890625" "WordPress/4.9.6; https://cary.mommybites.com"
159.69.242.206 - - [28/Jul/2019:07:16:22 -0400] "GET /feed HTTP/1.1" 301 20 "-" "FeedBurner/1.0 (http://www.FeedBurner.com) Mozilla/5.0 (Macintosh; Intel Mac OS X 10_11_6) AppleWebKit/537.36 (KHTML, like Gecko) Chrome/63.0.3239.132 Safari/537.36 Specificfeeds- http://www.specificfeeds.com"
159.69.242.206 - - [28/Jul/2019:07:16:25 -0400] "GET /feed/ HTTP/1.1" 200 23048 "-" "FeedBurner/1.0 (http://www.FeedBurner.com) Mozilla/5.0 (Macintosh; Intel Mac OS X 10_11_6) AppleWebKit/537.36 (KHTML, like Gecko) Chrome/63.0.3239.132 Safari/537.36 Specificfeeds- http://www.specificfeeds.com"
216.244.66.227 - - [28/Jul/2019:07:52:51 -0400] "GET /robots.txt HTTP/1.1" 304 - "-" "Mozilla/5.0 (compatible; DotBot/1.1; http://www.opensiteexplorer.org/dotbot, [email protected])"
2600:1:f42b:93c:54ef:9837:2f48:f9a4 - - [28/Jul/2019:10:40:41 -0400] "GET /newyork/files/2018/11/Flexible-jobs-for-parents-in-NYC-1-1024x683.jpg HTTP/1.1" 200 88290 "-" "Mozilla/5.0 (Linux; Android 6.0.1; SAMSUNG SM-J327P Build/MMB29M) AppleWebKit/537.36 (KHTML, like Gecko) SamsungBrowser/9.2 Chrome/67.0.3396.87 Mobile Safari/537.36"
172.69.54.239 - - [28/Jul/2019:10:47:39 -0400] "GET /feed HTTP/1.1" 301 20 "-" "FeedBurner/1.0 (http://www.FeedBurner.com) Mozilla/5.0 (Macintosh; Intel Mac OS X 10_11_6) AppleWebKit/537.36 (KHTML, like Gecko) Chrome/63.0.3239.132 Safari/537.36 Specificfeeds- http://www.specificfeeds.com"
172.69.54.239 - - [28/Jul/2019:10:47:43 -0400] "GET /feed/ HTTP/1.1" 200 23048 "-" "FeedBurner/1.0 (http://www.FeedBurner.com) Mozilla/5.0 (Macintosh; Intel Mac OS X 10_11_6) AppleWebKit/537.36 (KHTML, like Gecko) Chrome/63.0.3239.132 Safari/537.36 Specificfeeds- http://www.specificfeeds.com"
172.68.141.168 - - [28/Jul/2019:11:38:47 -0400] "POST /newyork/wp-cron.php?doing_wp_cron=1564328327.6883668899536132812500 HTTP/1.1" 200 20 "https://cary.mommybites.com/newyork/wp-cron.php?doing_wp_cron=1564328327.6883668899536132812500" "WordPress/4.9.6; https://cary.mommybites.com/newyork"
180.76.15.138 - - [28/Jul/2019:11:38:47 -0400] "GET /newyork/category/col2/moms/ HTTP/1.1" 200 14126 "-" "Mozilla/5.0 (compatible; Baiduspider/2.0; +http://www.baidu.com/search/spider.html)"
172.68.143.50 - - [28/Jul/2019:12:12:07 -0400] "POST /wp-cron.php?doing_wp_cron=1564330327.8353810310363769531250 HTTP/1.1" 200 20 "https://cary.mommybites.com/wp-cron.php?doing_wp_cron=1564330327.8353810310363769531250" "WordPress/4.9.6; https://cary.mommybites.com"
180.76.15.9 - - [28/Jul/2019:12:12:07 -0400] "GET / HTTP/1.1" 200 19157 "-" "Mozilla/5.0 (compatible; Baiduspider/2.0; +http://www.baidu.com/search/spider.html)"
172.68.143.170 - - [28/Jul/2019:12:48:19 -0400] "POST /boston/wp-cron.php?doing_wp_cron=1564332499.2989950180053710937500 HTTP/1.1" 200 20 "https://cary.mommybites.com/boston/wp-cron.php?doing_wp_cron=1564332499.2989950180053710937500" "WordPress/4.9.6; https://cary.mommybites.com/boston"
37.187.162.191 - - [28/Jul/2019:12:48:19 -0400] "GET /boston/feed/ HTTP/1.1" 304 - "-" "Mozilla/5.0 (compatible; PaperLiBot/2.1; https://support.paper.li/entries/20023257-what-is-paper-li)"
172.69.70.151 - - [28/Jul/2019:14:22:29 -0400] "GET /robots.txt HTTP/1.1" 304 - "-" "Mozilla/5.0 (compatible; Googlebot/2.1; +http://www.google.com/bot.html)"
172.68.142.175 - - [28/Jul/2019:14:49:59 -0400] "POST /wp-cron.php?doing_wp_cron=1564339799.0058989524841308593750 HTTP/1.1" 200 20 "https://cary.mommybites.com/wp-cron.php?doing_wp_cron=1564339799.0058989524841308593750" "WordPress/4.9.6; https://cary.mommybites.com"
172.69.55.114 - - [28/Jul/2019:14:49:58 -0400] "GET /feed HTTP/1.1" 301 20 "-" "FeedBurner/1.0 (http://www.FeedBurner.com) Mozilla/5.0 (Macintosh; Intel Mac OS X 10_11_6) AppleWebKit/537.36 (KHTML, like Gecko) Chrome/63.0.3239.132 Safari/537.36 Specificfeeds- http://www.specificfeeds.com"
172.69.55.114 - - [28/Jul/2019:14:49:59 -0400] "GET /feed/ HTTP/1.1" 200 23048 "-" "FeedBurner/1.0 (http://www.FeedBurner.com) Mozilla/5.0 (Macintosh; Intel Mac OS X 10_11_6) AppleWebKit/537.36 (KHTML, like Gecko) Chrome/63.0.3239.132 Safari/537.36 Specificfeeds- http://www.specificfeeds.com"
172.68.142.37 - - [28/Jul/2019:15:28:07 -0400] "POST /wp-cron.php?doing_wp_cron=1564342087.7632639408111572265625 HTTP/1.1" 200 20 "https://cary.mommybites.com/wp-cron.php?doing_wp_cron=1564342087.7632639408111572265625" "WordPress/4.9.6; https://cary.mommybites.com"
180.76.15.31 - - [28/Jul/2019:15:28:07 -0400] "GET /wp-json/oembed/1.0/embed?url=https%3A%2F%2Fcary.mommybites.com%2Fabout-2%2F&format=xml HTTP/1.1" 200 1151 "-" "Mozilla/5.0 (compatible; Baiduspider/2.0; +http://www.baidu.com/search/spider.html)"
172.68.253.205 - - [28/Jul/2019:16:01:27 -0400] "GET /author/lisafuruland/ HTTP/1.1" 200 11943 "-" "Mozilla/5.0 (compatible; Baiduspider/2.0; +http://www.baidu.com/search/spider.html)"
172.68.133.206 - - [28/Jul/2019:16:01:28 -0400] "POST /wp-cron.php?doing_wp_cron=1564344087.9433588981628417968750 HTTP/1.1" 200 20 "https://cary.mommybites.com/wp-cron.php?doing_wp_cron=1564344087.9433588981628417968750" "WordPress/4.9.6; https://cary.mommybites.com"
172.69.54.239 - - [28/Jul/2019:18:40:44 -0400] "GET /feed HTTP/1.1" 301 20 "-" "FeedBurner/1.0 (http://www.FeedBurner.com) Mozilla/5.0 (Macintosh; Intel Mac OS X 10_11_6) AppleWebKit/537.36 (KHTML, like Gecko) Chrome/63.0.3239.132 Safari/537.36 Specificfeeds- http://www.specificfeeds.com"
172.69.22.82 - - [28/Jul/2019:18:40:44 -0400] "POST /wp-cron.php?doing_wp_cron=1564353644.5591790676116943359375 HTTP/1.1" 200 20 "https://cary.mommybites.com/wp-cron.php?doing_wp_cron=1564353644.5591790676116943359375" "WordPress/4.9.6; https://cary.mommybites.com"
172.69.54.239 - - [28/Jul/2019:18:40:46 -0400] "GET /feed/ HTTP/1.1" 200 23048 "-" "FeedBurner/1.0 (http://www.FeedBurner.com) Mozilla/5.0 (Macintosh; Intel Mac OS X 10_11_6) AppleWebKit/537.36 (KHTML, like Gecko) Chrome/63.0.3239.132 Safari/537.36 Specificfeeds- http://www.specificfeeds.com"
172.68.142.37 - - [28/Jul/2019:18:48:18 -0400] "POST /boston/wp-cron.php?doing_wp_cron=1564354098.7490479946136474609375 HTTP/1.1" 200 20 "https://cary.mommybites.com/boston/wp-cron.php?doing_wp_cron=1564354098.7490479946136474609375" "WordPress/4.9.6; https://cary.mommybites.com/boston"
37.187.162.191 - - [28/Jul/2019:18:48:18 -0400] "GET /boston/feed/ HTTP/1.1" 304 - "-" "Mozilla/5.0 (compatible; PaperLiBot/2.1; https://support.paper.li/entries/20023257-what-is-paper-li)"
172.68.255.106 - - [28/Jul/2019:19:19:44 -0400] "GET /wp-content/plugins/contact-form-7/includes/js/scripts.js HTTP/1.1" 304 - "-" "Mozilla/5.0 (compatible; Baiduspider/2.0; +http://www.baidu.com/search/spider.html)"
172.68.143.170 - - [28/Jul/2019:19:53:05 -0400] "POST /wp-cron.php?doing_wp_cron=1564357985.0902380943298339843750 HTTP/1.1" 200 20 "https://cary.mommybites.com/wp-cron.php?doing_wp_cron=1564357985.0902380943298339843750" "WordPress/4.9.6; https://cary.mommybites.com"
180.76.15.13 - - [28/Jul/2019:19:53:04 -0400] "GET /about-2/ HTTP/1.1" 200 11843 "-" "Mozilla/5.0 (compatible; Baiduspider/2.0; +http://www.baidu.com/search/spider.html)"
172.68.133.206 - - [28/Jul/2019:21:19:25 -0400] "POST /wp-cron.php?doing_wp_cron=1564363165.8299870491027832031250 HTTP/1.1" 200 20 "https://cary.mommybites.com/wp-cron.php?doing_wp_cron=1564363165.8299870491027832031250" "WordPress/4.9.6; https://cary.mommybites.com"
159.69.189.72 - - [28/Jul/2019:21:19:25 -0400] "GET /feed HTTP/1.1" 301 20 "-" "FeedBurner/1.0 (http://www.FeedBurner.com) Mozilla/5.0 (Macintosh; Intel Mac OS X 10_11_6) AppleWebKit/537.36 (KHTML, like Gecko) Chrome/63.0.3239.132 Safari/537.36 Specificfeeds- http://www.specificfeeds.com"
159.69.189.72 - - [28/Jul/2019:21:19:26 -0400] "GET /feed/ HTTP/1.1" 200 23048 "-" "FeedBurner/1.0 (http://www.FeedBurner.com) Mozilla/5.0 (Macintosh; Intel Mac OS X 10_11_6) AppleWebKit/537.36 (KHTML, like Gecko) Chrome/63.0.3239.132 Safari/537.36 Specificfeeds- http://www.specificfeeds.com"
172.68.141.168 - - [28/Jul/2019:22:25:19 -0400] "POST /wp-cron.php?doing_wp_cron=1564367119.8762791156768798828125 HTTP/1.1" 200 20 "https://cary.mommybites.com/wp-cron.php?doing_wp_cron=1564367119.8762791156768798828125" "WordPress/4.9.6; https://cary.mommybites.com"
180.76.15.155 - - [28/Jul/2019:22:25:19 -0400] "GET /wp-json/oembed/1.0/embed?url=https%3A%2F%2Fcary.mommybites.com%2F&format=xml HTTP/1.1" 200 1143 "-" "Mozilla/5.0 (compatible; Baiduspider/2.0; +http://www.baidu.com/search/spider.html)"
172.69.54.239 - - [28/Jul/2019:22:48:32 -0400] "GET /feed HTTP/1.1" 301 20 "-" "FeedBurner/1.0 (http://www.FeedBurner.com) Mozilla/5.0 (Macintosh; Intel Mac OS X 10_11_6) AppleWebKit/537.36 (KHTML, like Gecko) Chrome/63.0.3239.132 Safari/537.36 Specificfeeds- http://www.specificfeeds.com"
172.68.132.79 - - [28/Jul/2019:22:48:32 -0400] "POST /wp-cron.php?doing_wp_cron=1564368512.4347829818725585937500 HTTP/1.1" 200 20 "https://cary.mommybites.com/wp-cron.php?doing_wp_cron=1564368512.4347829818725585937500" "WordPress/4.9.6; https://cary.mommybites.com"
172.69.54.239 - - [28/Jul/2019:22:48:34 -0400] "GET /feed/ HTTP/1.1" 200 23048 "-" "FeedBurner/1.0 (http://www.FeedBurner.com) Mozilla/5.0 (Macintosh; Intel Mac OS X 10_11_6) AppleWebKit/537.36 (KHTML, like Gecko) Chrome/63.0.3239.132 Safari/537.36 Specificfeeds- http://www.specificfeeds.com"
172.68.189.75 - - [28/Jul/2019:23:06:56 -0400] "POST /newyork/wp-cron.php?doing_wp_cron=1564369616.6877079010009765625000 HTTP/1.1" 200 20 "https://cary.mommybites.com/newyork/wp-cron.php?doing_wp_cron=1564369616.6877079010009765625000" "WordPress/4.9.6; https://cary.mommybites.com/newyork"
180.76.15.139 - - [28/Jul/2019:23:06:56 -0400] "GET /newyork/category/col2/dads/ HTTP/1.1" 200 14144 "-" "Mozilla/5.0 (compatible; Baiduspider/2.0; +http://www.baidu.com/search/spider.html)"
172.68.132.79 - - [28/Jul/2019:23:40:16 -0400] "POST /newyork/wp-cron.php?doing_wp_cron=1564371616.6370298862457275390625 HTTP/1.1" 200 20 "https://cary.mommybites.com/newyork/wp-cron.php?doing_wp_cron=1564371616.6370298862457275390625" "WordPress/4.9.6; https://cary.mommybites.com/newyork"
180.76.15.34 - - [28/Jul/2019:23:40:16 -0400] "GET /newyork/blog/ HTTP/1.1" 200 12977 "-" "Mozilla/5.0 (compatible; Baiduspider/2.0; +http://www.baidu.com/search/spider.html)"
172.68.143.170 - - [29/Jul/2019:00:48:18 -0400] "POST /boston/wp-cron.php?doing_wp_cron=1564375698.9225780963897705078125 HTTP/1.1" 200 20 "https://cary.mommybites.com/boston/wp-cron.php?doing_wp_cron=1564375698.9225780963897705078125" "WordPress/4.9.6; https://cary.mommybites.com/boston"
37.187.162.191 - - [29/Jul/2019:00:48:18 -0400] "GET /boston/feed/ HTTP/1.1" 304 - "-" "Mozilla/5.0 (compatible; PaperLiBot/2.1; https://support.paper.li/entries/20023257-what-is-paper-li)"
172.69.22.82 - - [29/Jul/2019:01:22:44 -0400] "POST /wp-cron.php?doing_wp_cron=1564377764.4158449172973632812500 HTTP/1.1" 200 20 "https://cary.mommybites.com/wp-cron.php?doing_wp_cron=1564377764.4158449172973632812500" "WordPress/4.9.6; https://cary.mommybites.com"
180.76.15.152 - - [29/Jul/2019:01:22:44 -0400] "GET /free-online-parenting-classes/ HTTP/1.1" 200 12459 "-" "Mozilla/5.0 (compatible; Baiduspider/2.0; +http://www.baidu.com/search/spider.html)"
172.68.141.156 - - [29/Jul/2019:01:46:30 -0400] "POST /wp-cron.php?doing_wp_cron=1564379190.7251150608062744140625 HTTP/1.1" 200 20 "https://cary.mommybites.com/wp-cron.php?doing_wp_cron=1564379190.7251150608062744140625" "WordPress/4.9.6; https://cary.mommybites.com"
159.69.189.72 - - [29/Jul/2019:01:46:30 -0400] "GET /feed HTTP/1.1" 301 20 "-" "FeedBurner/1.0 (http://www.FeedBurner.com) Mozilla/5.0 (Macintosh; Intel Mac OS X 10_11_6) AppleWebKit/537.36 (KHTML, like Gecko) Chrome/63.0.3239.132 Safari/537.36 Specificfeeds- http://www.specificfeeds.com"
159.69.189.72 - - [29/Jul/2019:01:46:32 -0400] "GET /feed/ HTTP/1.1" 200 23048 "-" "FeedBurner/1.0 (http://www.FeedBurner.com) Mozilla/5.0 (Macintosh; Intel Mac OS X 10_11_6) AppleWebKit/537.36 (KHTML, like Gecko) Chrome/63.0.3239.132 Safari/537.36 Specificfeeds- http://www.specificfeeds.com"
180.76.15.137 - - [29/Jul/2019:01:56:04 -0400] "GET /author/thesuburbanjungle/ HTTP/1.1" 200 13145 "-" "Mozilla/5.0 (compatible; Baiduspider/2.0; +http://www.baidu.com/search/spider.html)"
180.76.15.34 - - [29/Jul/2019:03:52:38 -0400] "GET /about-2/feed/ HTTP/1.1" 200 433 "-" "Mozilla/5.0 (compatible; Baiduspider/2.0; +http://www.baidu.com/search/spider.html)"
172.68.133.206 - - [29/Jul/2019:03:52:39 -0400] "POST /wp-cron.php?doing_wp_cron=1564386759.0475349426269531250000 HTTP/1.1" 200 20 "https://cary.mommybites.com/wp-cron.php?doing_wp_cron=1564386759.0475349426269531250000" "WordPress/4.9.6; https://cary.mommybites.com"
172.68.132.79 - - [29/Jul/2019:05:54:54 -0400] "POST /wp-cron.php?doing_wp_cron=1564394094.2600989341735839843750 HTTP/1.1" 200 20 "https://cary.mommybites.com/wp-cron.php?doing_wp_cron=1564394094.2600989341735839843750" "WordPress/4.9.6; https://cary.mommybites.com"
172.69.55.90 - - [29/Jul/2019:05:54:54 -0400] "GET /feed HTTP/1.1" 301 20 "-" "FeedBurner/1.0 (http://www.FeedBurner.com) Mozilla/5.0 (Macintosh; Intel Mac OS X 10_11_6) AppleWebKit/537.36 (KHTML, like Gecko) Chrome/63.0.3239.132 Safari/537.36 Specificfeeds- http://www.specificfeeds.com"
172.69.55.90 - - [29/Jul/2019:05:54:56 -0400] "GET /feed/ HTTP/1.1" 200 23048 "-" "FeedBurner/1.0 (http://www.FeedBurner.com) Mozilla/5.0 (Macintosh; Intel Mac OS X 10_11_6) AppleWebKit/537.36 (KHTML, like Gecko) Chrome/63.0.3239.132 Safari/537.36 Specificfeeds- http://www.specificfeeds.com"
172.68.143.170 - - [29/Jul/2019:06:48:20 -0400] "POST /boston/wp-cron.php?doing_wp_cron=1564397300.2679159641265869140625 HTTP/1.1" 200 20 "https://cary.mommybites.com/boston/wp-cron.php?doing_wp_cron=1564397300.2679159641265869140625" "WordPress/4.9.6; https://cary.mommybites.com/boston"
37.187.162.191 - - [29/Jul/2019:06:48:20 -0400] "GET /boston/feed/ HTTP/1.1" 304 - "-" "Mozilla/5.0 (compatible; PaperLiBot/2.1; https://support.paper.li/entries/20023257-what-is-paper-li)"
216.244.66.227 - - [29/Jul/2019:08:19:42 -0400] "GET /robots.txt HTTP/1.1" 304 - "-" "Mozilla/5.0 (compatible; DotBot/1.1; http://www.opensiteexplorer.org/dotbot, [email protected])"
180.76.15.23 - - [29/Jul/2019:08:37:52 -0400] "GET /faq/ HTTP/1.1" 200 11962 "-" "Mozilla/5.0 (compatible; Baiduspider/2.0; +http://www.baidu.com/search/spider.html)"
172.68.142.175 - - [29/Jul/2019:08:37:52 -0400] "POST /wp-cron.php?doing_wp_cron=1564403872.7478950023651123046875 HTTP/1.1" 200 20 "https://cary.mommybites.com/wp-cron.php?doing_wp_cron=1564403872.7478950023651123046875" "WordPress/4.9.6; https://cary.mommybites.com"
172.68.133.206 - - [29/Jul/2019:10:26:44 -0400] "POST /wp-cron.php?doing_wp_cron=1564410404.9213180541992187500000 HTTP/1.1" 200 20 "https://cary.mommybites.com/wp-cron.php?doing_wp_cron=1564410404.9213180541992187500000" "WordPress/4.9.6; https://cary.mommybites.com"
172.69.54.239 - - [29/Jul/2019:10:26:44 -0400] "GET /feed HTTP/1.1" 301 20 "-" "FeedBurner/1.0 (http://www.FeedBurner.com) Mozilla/5.0 (Macintosh; Intel Mac OS X 10_11_6) AppleWebKit/537.36 (KHTML, like Gecko) Chrome/63.0.3239.132 Safari/537.36 Specificfeeds- http://www.specificfeeds.com"
172.69.54.239 - - [29/Jul/2019:10:26:47 -0400] "GET /feed/ HTTP/1.1" 200 23048 "-" "FeedBurner/1.0 (http://www.FeedBurner.com) Mozilla/5.0 (Macintosh; Intel Mac OS X 10_11_6) AppleWebKit/537.36 (KHTML, like Gecko) Chrome/63.0.3239.132 Safari/537.36 Specificfeeds- http://www.specificfeeds.com"
172.68.141.102 - - [29/Jul/2019:10:38:04 -0400] "POST /wp-cron.php?doing_wp_cron=1564411084.8200359344482421875000 HTTP/1.1" 200 20 "https://cary.mommybites.com/wp-cron.php?doing_wp_cron=1564411084.8200359344482421875000" "WordPress/4.9.6; https://cary.mommybites.com"
180.76.15.145 - - [29/Jul/2019:10:38:04 -0400] "GET /col1/baby/online-class-bonanza/ HTTP/1.1" 200 16128 "-" "Mozilla/5.0 (compatible; Baiduspider/2.0; +http://www.baidu.com/search/spider.html)"
172.68.142.175 - - [29/Jul/2019:12:17:10 -0400] "POST /wp-cron.php?doing_wp_cron=1564417030.9140379428863525390625 HTTP/1.1" 200 20 "https://cary.mommybites.com/wp-cron.php?doing_wp_cron=1564417030.9140379428863525390625" "WordPress/4.9.6; https://cary.mommybites.com"
180.76.15.27 - - [29/Jul/2019:12:17:10 -0400] "GET / HTTP/1.1" 200 19157 "-" "Mozilla/5.0 (compatible; Baiduspider/2.0; +http://www.baidu.com/search/spider.html)"
172.68.141.156 - - [29/Jul/2019:12:48:20 -0400] "POST /boston/wp-cron.php?doing_wp_cron=1564418900.2683100700378417968750 HTTP/1.1" 200 20 "https://cary.mommybites.com/boston/wp-cron.php?doing_wp_cron=1564418900.2683100700378417968750" "WordPress/4.9.6; https://cary.mommybites.com/boston"
37.187.162.191 - - [29/Jul/2019:12:48:19 -0400] "GET /boston/feed/ HTTP/1.1" 304 - "-" "Mozilla/5.0 (compatible; PaperLiBot/2.1; https://support.paper.li/entries/20023257-what-is-paper-li)"
172.69.22.82 - - [29/Jul/2019:13:45:44 -0400] "POST /wp-cron.php?doing_wp_cron=1564422343.9602830410003662109375 HTTP/1.1" 200 20 "https://cary.mommybites.com/wp-cron.php?doing_wp_cron=1564422343.9602830410003662109375" "WordPress/4.9.6; https://cary.mommybites.com"
172.68.254.86 - - [29/Jul/2019:13:45:43 -0400] "GET /col1/toddler/testing-tired-toddlers-making-sleep-priority/ HTTP/1.1" 200 16461 "-" "Mozilla/5.0 (compatible; Baiduspider/2.0; +http://www.baidu.com/search/spider.html)"
205.164.44.178 - - [29/Jul/2019:14:19:04 -0400] "POST /wp-cron.php?doing_wp_cron=1564424343.9552779197692871093750 HTTP/1.1" 200 20 "https://cary.mommybites.com/wp-cron.php?doing_wp_cron=1564424343.9552779197692871093750" "WordPress/4.9.6; https://cary.mommybites.com"
172.68.174.72 - - [29/Jul/2019:14:19:03 -0400] "GET /register/ HTTP/1.1" 200 12864 "-" "Mozilla/5.0 (compatible; Baiduspider/2.0; +http://www.baidu.com/search/spider.html)"
172.69.23.5 - - [29/Jul/2019:14:54:44 -0400] "POST /wp-cron.php?doing_wp_cron=1564426484.1725680828094482421875 HTTP/1.1" 200 20 "https://cary.mommybites.com/wp-cron.php?doing_wp_cron=1564426484.1725680828094482421875" "WordPress/4.9.6; https://cary.mommybites.com"
159.69.242.206 - - [29/Jul/2019:14:54:43 -0400] "GET /feed HTTP/1.1" 301 20 "-" "FeedBurner/1.0 (http://www.FeedBurner.com) Mozilla/5.0 (Macintosh; Intel Mac OS X 10_11_6) AppleWebKit/537.36 (KHTML, like Gecko) Chrome/63.0.3239.132 Safari/537.36 Specificfeeds- http://www.specificfeeds.com"
159.69.242.206 - - [29/Jul/2019:14:54:45 -0400] "GET /feed/ HTTP/1.1" 200 23048 "-" "FeedBurner/1.0 (http://www.FeedBurner.com) Mozilla/5.0 (Macintosh; Intel Mac OS X 10_11_6) AppleWebKit/537.36 (KHTML, like Gecko) Chrome/63.0.3239.132 Safari/537.36 Specificfeeds- http://www.specificfeeds.com"
172.69.142.60 - - [29/Jul/2019:15:31:30 -0400] "GET /newyork/files/2018/11/Flexible-jobs-for-parents-in-NYC-1-1024x683.jpg HTTP/1.1" 200 88290 "-" "Mozilla/5.0 (iPhone; CPU iPhone OS 12_3_1 like Mac OS X) AppleWebKit/605.1.15 (KHTML, like Gecko) Version/12.1.1 Mobile/15E148 Safari/604.1"
209.17.96.18 - - [29/Jul/2019:17:39:29 -0400] "GET / HTTP/1.1" 200 19157 "-" "Mozilla/5.0 (compatible; Nimbostratus-Bot/v1.3.2; http://cloudsystemnetworks.com)"
172.68.141.156 - - [29/Jul/2019:17:39:30 -0400] "POST /wp-cron.php?doing_wp_cron=1564436370.0777781009674072265625 HTTP/1.1" 200 20 "https://cary.mommybites.com/wp-cron.php?doing_wp_cron=1564436370.0777781009674072265625" "WordPress/4.9.6; https://cary.mommybites.com"
172.68.133.200 - - [29/Jul/2019:18:35:52 -0400] "GET /robots.txt HTTP/1.1" 200 486 "-" "Mozilla/5.0 (Windows; U; Windows NT 5.1; en-US; rv:1.8.1.6) Gecko/20070725 Firefox/2.0.0.6"
172.68.141.156 - - [29/Jul/2019:18:48:18 -0400] "POST /boston/wp-cron.php?doing_wp_cron=1564440498.0344970226287841796875 HTTP/1.1" 200 20 "https://cary.mommybites.com/boston/wp-cron.php?doing_wp_cron=1564440498.0344970226287841796875" "WordPress/4.9.6; https://cary.mommybites.com/boston"
172.68.230.30 - - [29/Jul/2019:18:48:17 -0400] "GET /boston/feed/ HTTP/1.1" 304 - "-" "Mozilla/5.0 (compatible; PaperLiBot/2.1; https://support.paper.li/entries/20023257-what-is-paper-li)"
159.69.242.206 - - [29/Jul/2019:19:17:20 -0400] "GET /feed HTTP/1.1" 301 20 "-" "FeedBurner/1.0 (http://www.FeedBurner.com) Mozilla/5.0 (Macintosh; Intel Mac OS X 10_11_6) AppleWebKit/537.36 (KHTML, like Gecko) Chrome/63.0.3239.132 Safari/537.36 Specificfeeds- http://www.specificfeeds.com"
172.68.189.75 - - [29/Jul/2019:19:17:20 -0400] "POST /wp-cron.php?doing_wp_cron=1564442240.9187679290771484375000 HTTP/1.1" 200 20 "https://cary.mommybites.com/wp-cron.php?doing_wp_cron=1564442240.9187679290771484375000" "WordPress/4.9.6; https://cary.mommybites.com"
159.69.242.206 - - [29/Jul/2019:19:17:22 -0400] "GET /feed/ HTTP/1.1" 200 23048 "-" "FeedBurner/1.0 (http://www.FeedBurner.com) Mozilla/5.0 (Macintosh; Intel Mac OS X 10_11_6) AppleWebKit/537.36 (KHTML, like Gecko) Chrome/63.0.3239.132 Safari/537.36 Specificfeeds- http://www.specificfeeds.com"
172.68.142.97 - - [29/Jul/2019:20:13:50 -0400] "POST /wp-cron.php?doing_wp_cron=1564445630.1736829280853271484375 HTTP/1.1" 200 20 "https://cary.mommybites.com/wp-cron.php?doing_wp_cron=1564445630.1736829280853271484375" "WordPress/4.9.6; https://cary.mommybites.com"
207.46.13.83 - - [29/Jul/2019:20:13:49 -0400] "GET /category-sitemap.xml HTTP/1.1" 200 686 "-" "Mozilla/5.0 (compatible; bingbot/2.0; +http://www.bing.com/bingbot.htm)"
159.69.242.206 - - [29/Jul/2019:23:13:53 -0400] "GET /feed HTTP/1.1" 301 20 "-" "FeedBurner/1.0 (http://www.FeedBurner.com) Mozilla/5.0 (Macintosh; Intel Mac OS X 10_11_6) AppleWebKit/537.36 (KHTML, like Gecko) Chrome/63.0.3239.132 Safari/537.36 Specificfeeds- http://www.specificfeeds.com"
172.68.141.168 - - [29/Jul/2019:23:13:53 -0400] "POST /wp-cron.php?doing_wp_cron=1564456433.7359619140625000000000 HTTP/1.1" 200 20 "https://cary.mommybites.com/wp-cron.php?doing_wp_cron=1564456433.7359619140625000000000" "WordPress/4.9.6; https://cary.mommybites.com"
159.69.242.206 - - [29/Jul/2019:23:13:55 -0400] "GET /feed/ HTTP/1.1" 200 23048 "-" "FeedBurner/1.0 (http://www.FeedBurner.com) Mozilla/5.0 (Macintosh; Intel Mac OS X 10_11_6) AppleWebKit/537.36 (KHTML, like Gecko) Chrome/63.0.3239.132 Safari/537.36 Specificfeeds- http://www.specificfeeds.com"
172.68.141.156 - - [30/Jul/2019:00:48:20 -0400] "POST /boston/wp-cron.php?doing_wp_cron=1564462100.0873570442199707031250 HTTP/1.1" 200 20 "https://cary.mommybites.com/boston/wp-cron.php?doing_wp_cron=1564462100.0873570442199707031250" "WordPress/4.9.6; https://cary.mommybites.com/boston"
37.187.162.191 - - [30/Jul/2019:00:48:19 -0400] "GET /boston/feed/ HTTP/1.1" 304 - "-" "Mozilla/5.0 (compatible; PaperLiBot/2.1; https://support.paper.li/entries/20023257-what-is-paper-li)"
172.68.142.97 - - [30/Jul/2019:02:35:48 -0400] "POST /wp-cron.php?doing_wp_cron=1564468548.3945128917694091796875 HTTP/1.1" 200 20 "https://cary.mommybites.com/wp-cron.php?doing_wp_cron=1564468548.3945128917694091796875" "WordPress/4.9.6; https://cary.mommybites.com"
172.69.54.239 - - [30/Jul/2019:02:35:48 -0400] "GET /feed HTTP/1.1" 301 20 "-" "FeedBurner/1.0 (http://www.FeedBurner.com) Mozilla/5.0 (Macintosh; Intel Mac OS X 10_11_6) AppleWebKit/537.36 (KHTML, like Gecko) Chrome/63.0.3239.132 Safari/537.36 Specificfeeds- http://www.specificfeeds.com"
172.69.54.239 - - [30/Jul/2019:02:35:50 -0400] "GET /feed/ HTTP/1.1" 200 23048 "-" "FeedBurner/1.0 (http://www.FeedBurner.com) Mozilla/5.0 (Macintosh; Intel Mac OS X 10_11_6) AppleWebKit/537.36 (KHTML, like Gecko) Chrome/63.0.3239.132 Safari/537.36 Specificfeeds- http://www.specificfeeds.com"
216.244.66.227 - - [30/Jul/2019:05:57:25 -0400] "GET /robots.txt HTTP/1.1" 304 - "-" "Mozilla/5.0 (compatible; DotBot/1.1; http://www.opensiteexplorer.org/dotbot, [email protected])"
159.69.189.72 - - [30/Jul/2019:06:09:37 -0400] "GET /feed HTTP/1.1" 301 20 "-" "FeedBurner/1.0 (http://www.FeedBurner.com) Mozilla/5.0 (Macintosh; Intel Mac OS X 10_11_6) AppleWebKit/537.36 (KHTML, like Gecko) Chrome/63.0.3239.132 Safari/537.36 Specificfeeds- http://www.specificfeeds.com"
172.68.142.37 - - [30/Jul/2019:06:09:37 -0400] "POST /wp-cron.php?doing_wp_cron=1564481377.4714560508728027343750 HTTP/1.1" 200 20 "https://cary.mommybites.com/wp-cron.php?doing_wp_cron=1564481377.4714560508728027343750" "WordPress/4.9.6; https://cary.mommybites.com"
159.69.189.72 - - [30/Jul/2019:06:09:39 -0400] "GET /feed/ HTTP/1.1" 200 23048 "-" "FeedBurner/1.0 (http://www.FeedBurner.com) Mozilla/5.0 (Macintosh; Intel Mac OS X 10_11_6) AppleWebKit/537.36 (KHTML, like Gecko) Chrome/63.0.3239.132 Safari/537.36 Specificfeeds- http://www.specificfeeds.com"
205.164.44.178 - - [30/Jul/2019:06:22:15 -0400] "POST /wp-cron.php?doing_wp_cron=1564482135.3470990657806396484375 HTTP/1.1" 200 20 "https://cary.mommybites.com/wp-cron.php?doing_wp_cron=1564482135.3470990657806396484375" "WordPress/4.9.6; https://cary.mommybites.com"
209.17.96.234 - - [30/Jul/2019:06:22:15 -0400] "GET / HTTP/1.1" 200 19157 "-" "Mozilla/5.0 (compatible; Nimbostratus-Bot/v1.3.2; http://cloudsystemnetworks.com)"
172.68.141.102 - - [30/Jul/2019:06:48:20 -0400] "POST /boston/wp-cron.php?doing_wp_cron=1564483700.2235190868377685546875 HTTP/1.1" 200 20 "https://cary.mommybites.com/boston/wp-cron.php?doing_wp_cron=1564483700.2235190868377685546875" "WordPress/4.9.6; https://cary.mommybites.com/boston"
37.187.162.191 - - [30/Jul/2019:06:48:20 -0400] "GET /boston/feed/ HTTP/1.1" 304 - "-" "Mozilla/5.0 (compatible; PaperLiBot/2.1; https://support.paper.li/entries/20023257-what-is-paper-li)"
2604:2000:4f80:1700:70c7:f5e2:e083:1133 - - [30/Jul/2019:07:52:10 -0400] "GET /newyork/files/2018/11/Flexible-jobs-for-parents-in-NYC-1-1024x683.jpg HTTP/1.1" 200 88290 "-" "Mozilla/5.0 (iPhone; CPU iPhone OS 12_3_1 like Mac OS X) AppleWebKit/605.1.15 (KHTML, like Gecko) Version/12.1.1 Mobile/15E148 Safari/604.1"
172.68.54.72 - - [30/Jul/2019:09:47:53 -0400] "GET /newyork/files/2018/11/Flexible-jobs-for-parents-in-NYC-1-1024x683.jpg HTTP/1.1" 200 88290 "https://mommybites.com/newyork/find-a-job/" "Mozilla/5.0 (Windows NT 10.0; Win64; x64) AppleWebKit/537.36 (KHTML, like Gecko) Chrome/70.0.3538.102 Safari/537.36 Edge/18.18362"
159.69.189.72 - - [30/Jul/2019:10:29:59 -0400] "GET /feed HTTP/1.1" 301 20 "-" "FeedBurner/1.0 (http://www.FeedBurner.com) Mozilla/5.0 (Macintosh; Intel Mac OS X 10_11_6) AppleWebKit/537.36 (KHTML, like Gecko) Chrome/63.0.3239.132 Safari/537.36 Specificfeeds- http://www.specificfeeds.com"
172.68.141.168 - - [30/Jul/2019:10:29:59 -0400] "POST /wp-cron.php?doing_wp_cron=1564496999.3963830471038818359375 HTTP/1.1" 200 20 "https://cary.mommybites.com/wp-cron.php?doing_wp_cron=1564496999.3963830471038818359375" "WordPress/4.9.6; https://cary.mommybites.com"
216.244.66.227 - - [30/Jul/2019:12:09:19 -0400] "GET /robots.txt HTTP/1.1" 304 - "-" "Mozilla/5.0 (compatible; DotBot/1.1; http://www.opensiteexplorer.org/dotbot, [email protected])"
172.68.142.175 - - [30/Jul/2019:12:47:31 -0400] "POST /wp-cron.php?doing_wp_cron=1564505251.0299439430236816406250 HTTP/1.1" 200 20 "https://cary.mommybites.com/wp-cron.php?doing_wp_cron=1564505251.0299439430236816406250" "WordPress/4.9.6; https://cary.mommybites.com"
180.76.15.31 - - [30/Jul/2019:12:47:30 -0400] "GET /wp-json/tribe/events/v1/ HTTP/1.1" 404 116 "-" "Mozilla/5.0 (compatible; Baiduspider/2.0; +http://www.baidu.com/search/spider.html)"
172.68.133.170 - - [30/Jul/2019:12:48:20 -0400] "POST /boston/wp-cron.php?doing_wp_cron=1564505299.9822969436645507812500 HTTP/1.1" 200 20 "https://cary.mommybites.com/boston/wp-cron.php?doing_wp_cron=1564505299.9822969436645507812500" "WordPress/4.9.6; https://cary.mommybites.com/boston"
37.187.162.191 - - [30/Jul/2019:12:48:19 -0400] "GET /boston/feed/ HTTP/1.1" 304 - "-" "Mozilla/5.0 (compatible; PaperLiBot/2.1; https://support.paper.li/entries/20023257-what-is-paper-li)"
216.244.66.227 - - [30/Jul/2019:12:56:13 -0400] "GET /robots.txt HTTP/1.1" 304 - "-" "Mozilla/5.0 (compatible; DotBot/1.1; http://www.opensiteexplorer.org/dotbot, [email protected])"
172.68.142.55 - - [30/Jul/2019:14:55:07 -0400] "GET /newyork/files/2018/11/Flexible-jobs-for-parents-in-NYC-1-1024x683.jpg HTTP/1.1" 200 88290 "-" "Mozilla/5.0 (iPhone; CPU iPhone OS 12_3_1 like Mac OS X) AppleWebKit/605.1.15 (KHTML, like Gecko) Version/12.1.1 Mobile/15E148 Safari/604.1"
172.69.54.71 - - [30/Jul/2019:18:46:07 -0400] "GET /feed HTTP/1.1" 301 20 "-" "FeedBurner/1.0 (http://www.FeedBurner.com) Mozilla/5.0 (Macintosh; Intel Mac OS X 10_11_6) AppleWebKit/537.36 (KHTML, like Gecko) Chrome/63.0.3239.132 Safari/537.36 Specificfeeds- http://www.specificfeeds.com"
172.68.141.168 - - [30/Jul/2019:18:46:07 -0400] "POST /wp-cron.php?doing_wp_cron=1564526767.4613099098205566406250 HTTP/1.1" 200 20 "https://cary.mommybites.com/wp-cron.php?doing_wp_cron=1564526767.4613099098205566406250" "WordPress/4.9.6; https://cary.mommybites.com"
172.69.54.71 - - [30/Jul/2019:18:46:09 -0400] "GET /feed/ HTTP/1.1" 200 23048 "-" "FeedBurner/1.0 (http://www.FeedBurner.com) Mozilla/5.0 (Macintosh; Intel Mac OS X 10_11_6) AppleWebKit/537.36 (KHTML, like Gecko) Chrome/63.0.3239.132 Safari/537.36 Specificfeeds- http://www.specificfeeds.com"
172.68.132.67 - - [30/Jul/2019:18:48:18 -0400] "POST /boston/wp-cron.php?doing_wp_cron=1564526898.6120638847351074218750 HTTP/1.1" 200 20 "https://cary.mommybites.com/boston/wp-cron.php?doing_wp_cron=1564526898.6120638847351074218750" "WordPress/4.9.6; https://cary.mommybites.com/boston"
37.187.162.191 - - [30/Jul/2019:18:48:18 -0400] "GET /boston/feed/ HTTP/1.1" 304 - "-" "Mozilla/5.0 (compatible; PaperLiBot/2.1; https://support.paper.li/entries/20023257-what-is-paper-li)"
172.68.143.50 - - [30/Jul/2019:18:50:53 -0400] "POST /newyork/wp-cron.php?doing_wp_cron=1564527053.0659179687500000000000 HTTP/1.1" 200 20 "https://cary.mommybites.com/newyork/wp-cron.php?doing_wp_cron=1564527053.0659179687500000000000" "WordPress/4.9.6; https://cary.mommybites.com/newyork"
180.76.15.145 - - [30/Jul/2019:18:50:52 -0400] "GET /newyork/category/col2/moms/ HTTP/1.1" 200 14128 "-" "Mozilla/5.0 (compatible; Baiduspider/2.0; +http://www.baidu.com/search/spider.html)"
172.69.70.151 - - [30/Jul/2019:21:12:01 -0400] "GET /robots.txt HTTP/1.1" 304 - "-" "Mozilla/5.0 (compatible; Googlebot/2.1; +http://www.google.com/bot.html)"
172.68.133.170 - - [30/Jul/2019:21:17:41 -0400] "POST /wp-cron.php?doing_wp_cron=1564535861.5106480121612548828125 HTTP/1.1" 200 20 "https://cary.mommybites.com/wp-cron.php?doing_wp_cron=1564535861.5106480121612548828125" "WordPress/4.9.6; https://cary.mommybites.com"
172.69.55.90 - - [30/Jul/2019:21:17:41 -0400] "GET /feed HTTP/1.1" 301 20 "-" "FeedBurner/1.0 (http://www.FeedBurner.com) Mozilla/5.0 (Macintosh; Intel Mac OS X 10_11_6) AppleWebKit/537.36 (KHTML, like Gecko) Chrome/63.0.3239.132 Safari/537.36 Specificfeeds- http://www.specificfeeds.com"
172.69.55.90 - - [30/Jul/2019:21:17:42 -0400] "GET /feed/ HTTP/1.1" 200 23048 "-" "FeedBurner/1.0 (http://www.FeedBurner.com) Mozilla/5.0 (Macintosh; Intel Mac OS X 10_11_6) AppleWebKit/537.36 (KHTML, like Gecko) Chrome/63.0.3239.132 Safari/537.36 Specificfeeds- http://www.specificfeeds.com"
172.68.255.106 - - [30/Jul/2019:22:01:18 -0400] "GET /wp-content/plugins/contact-form-7/includes/js/scripts.js HTTP/1.1" 304 - "-" "Mozilla/5.0 (compatible; Baiduspider/2.0; +http://www.baidu.com/search/spider.html)"
172.68.143.50 - - [30/Jul/2019:22:44:21 -0400] "POST /wp-cron.php?doing_wp_cron=1564541061.6004331111907958984375 HTTP/1.1" 200 20 "https://cary.mommybites.com/wp-cron.php?doing_wp_cron=1564541061.6004331111907958984375" "WordPress/4.9.6; https://cary.mommybites.com"
159.69.189.72 - - [30/Jul/2019:22:44:21 -0400] "GET /feed HTTP/1.1" 301 20 "-" "FeedBurner/1.0 (http://www.FeedBurner.com) Mozilla/5.0 (Macintosh; Intel Mac OS X 10_11_6) AppleWebKit/537.36 (KHTML, like Gecko) Chrome/63.0.3239.132 Safari/537.36 Specificfeeds- http://www.specificfeeds.com"
159.69.189.72 - - [30/Jul/2019:22:44:23 -0400] "GET /feed/ HTTP/1.1" 200 23048 "-" "FeedBurner/1.0 (http://www.FeedBurner.com) Mozilla/5.0 (Macintosh; Intel Mac OS X 10_11_6) AppleWebKit/537.36 (KHTML, like Gecko) Chrome/63.0.3239.132 Safari/537.36 Specificfeeds- http://www.specificfeeds.com"
172.68.141.102 - - [31/Jul/2019:00:21:22 -0400] "POST /newyork/wp-cron.php?doing_wp_cron=1564546882.8796079158782958984375 HTTP/1.1" 200 20 "https://cary.mommybites.com/newyork/wp-cron.php?doing_wp_cron=1564546882.8796079158782958984375" "WordPress/4.9.6; https://cary.mommybites.com/newyork"
180.76.15.9 - - [31/Jul/2019:00:21:22 -0400] "GET /newyork/blog/ HTTP/1.1" 200 12977 "-" "Mozilla/5.0 (compatible; Baiduspider/2.0; +http://www.baidu.com/search/spider.html)"
172.68.133.206 - - [31/Jul/2019:00:48:20 -0400] "POST /boston/wp-cron.php?doing_wp_cron=1564548500.2121169567108154296875 HTTP/1.1" 200 20 "https://cary.mommybites.com/boston/wp-cron.php?doing_wp_cron=1564548500.2121169567108154296875" "WordPress/4.9.6; https://cary.mommybites.com/boston"
37.187.162.191 - - [31/Jul/2019:00:48:20 -0400] "GET /boston/feed/ HTTP/1.1" 304 - "-" "Mozilla/5.0 (compatible; PaperLiBot/2.1; https://support.paper.li/entries/20023257-what-is-paper-li)"
172.69.70.151 - - [31/Jul/2019:01:39:18 -0400] "GET /robots.txt HTTP/1.1" 304 - "-" "Mozilla/5.0 (compatible; Googlebot/2.1; +http://www.google.com/bot.html)"
172.68.141.168 - - [31/Jul/2019:02:59:19 -0400] "POST /wp-cron.php?doing_wp_cron=1564556359.2747750282287597656250 HTTP/1.1" 200 20 "https://cary.mommybites.com/wp-cron.php?doing_wp_cron=1564556359.2747750282287597656250" "WordPress/4.9.6; https://cary.mommybites.com"
159.69.242.206 - - [31/Jul/2019:02:59:18 -0400] "GET /feed HTTP/1.1" 301 20 "-" "FeedBurner/1.0 (http://www.FeedBurner.com) Mozilla/5.0 (Macintosh; Intel Mac OS X 10_11_6) AppleWebKit/537.36 (KHTML, like Gecko) Chrome/63.0.3239.132 Safari/537.36 Specificfeeds- http://www.specificfeeds.com"
159.69.242.206 - - [31/Jul/2019:02:59:20 -0400] "GET /feed/ HTTP/1.1" 200 23048 "-" "FeedBurner/1.0 (http://www.FeedBurner.com) Mozilla/5.0 (Macintosh; Intel Mac OS X 10_11_6) AppleWebKit/537.36 (KHTML, like Gecko) Chrome/63.0.3239.132 Safari/537.36 Specificfeeds- http://www.specificfeeds.com"
172.68.141.168 - - [31/Jul/2019:06:48:19 -0400] "POST /boston/wp-cron.php?doing_wp_cron=1564570099.4818720817565917968750 HTTP/1.1" 200 20 "https://cary.mommybites.com/boston/wp-cron.php?doing_wp_cron=1564570099.4818720817565917968750" "WordPress/4.9.6; https://cary.mommybites.com/boston"
37.187.162.191 - - [31/Jul/2019:06:48:19 -0400] "GET /boston/feed/ HTTP/1.1" 304 - "-" "Mozilla/5.0 (compatible; PaperLiBot/2.1; https://support.paper.li/entries/20023257-what-is-paper-li)"
159.69.189.72 - - [31/Jul/2019:06:48:41 -0400] "GET /feed HTTP/1.1" 301 20 "-" "FeedBurner/1.0 (http://www.FeedBurner.com) Mozilla/5.0 (Macintosh; Intel Mac OS X 10_11_6) AppleWebKit/537.36 (KHTML, like Gecko) Chrome/63.0.3239.132 Safari/537.36 Specificfeeds- http://www.specificfeeds.com"
205.164.44.178 - - [31/Jul/2019:06:48:41 -0400] "POST /wp-cron.php?doing_wp_cron=1564570121.3283510208129882812500 HTTP/1.1" 200 20 "https://cary.mommybites.com/wp-cron.php?doing_wp_cron=1564570121.3283510208129882812500" "WordPress/4.9.6; https://cary.mommybites.com"
159.69.189.72 - - [31/Jul/2019:06:48:42 -0400] "GET /feed/ HTTP/1.1" 200 23048 "-" "FeedBurner/1.0 (http://www.FeedBurner.com) Mozilla/5.0 (Macintosh; Intel Mac OS X 10_11_6) AppleWebKit/537.36 (KHTML, like Gecko) Chrome/63.0.3239.132 Safari/537.36 Specificfeeds- http://www.specificfeeds.com"
172.68.132.79 - - [31/Jul/2019:08:23:39 -0400] "POST /wp-cron.php?doing_wp_cron=1564575819.8302800655364990234375 HTTP/1.1" 200 20 "https://cary.mommybites.com/wp-cron.php?doing_wp_cron=1564575819.8302800655364990234375" "WordPress/4.9.6; https://cary.mommybites.com"
180.76.15.31 - - [31/Jul/2019:08:23:39 -0400] "GET / HTTP/1.1" 200 19157 "-" "Mozilla/5.0 (compatible; Baiduspider/2.0; +http://www.baidu.com/search/spider.html)"
172.68.142.97 - - [31/Jul/2019:09:30:19 -0400] "POST /newyork/wp-cron.php?doing_wp_cron=1564579819.8135728836059570312500 HTTP/1.1" 200 20 "https://cary.mommybites.com/newyork/wp-cron.php?doing_wp_cron=1564579819.8135728836059570312500" "WordPress/4.9.6; https://cary.mommybites.com/newyork"
180.76.15.25 - - [31/Jul/2019:09:30:19 -0400] "GET /newyork/category/col2/dads/ HTTP/1.1" 200 14144 "-" "Mozilla/5.0 (compatible; Baiduspider/2.0; +http://www.baidu.com/search/spider.html)"
172.68.143.50 - - [31/Jul/2019:11:14:44 -0400] "POST /wp-cron.php?doing_wp_cron=1564586084.0353870391845703125000 HTTP/1.1" 200 20 "https://cary.mommybites.com/wp-cron.php?doing_wp_cron=1564586084.0353870391845703125000" "WordPress/4.9.6; https://cary.mommybites.com"
159.69.189.72 - - [31/Jul/2019:11:14:43 -0400] "GET /feed HTTP/1.1" 301 20 "-" "FeedBurner/1.0 (http://www.FeedBurner.com) Mozilla/5.0 (Macintosh; Intel Mac OS X 10_11_6) AppleWebKit/537.36 (KHTML, like Gecko) Chrome/63.0.3239.132 Safari/537.36 Specificfeeds- http://www.specificfeeds.com"
159.69.189.72 - - [31/Jul/2019:11:14:46 -0400] "GET /feed/ HTTP/1.1" 200 23048 "-" "FeedBurner/1.0 (http://www.FeedBurner.com) Mozilla/5.0 (Macintosh; Intel Mac OS X 10_11_6) AppleWebKit/537.36 (KHTML, like Gecko) Chrome/63.0.3239.132 Safari/537.36 Specificfeeds- http://www.specificfeeds.com"
172.68.143.50 - - [31/Jul/2019:12:48:18 -0400] "POST /boston/wp-cron.php?doing_wp_cron=1564591698.8910920619964599609375 HTTP/1.1" 200 20 "https://cary.mommybites.com/boston/wp-cron.php?doing_wp_cron=1564591698.8910920619964599609375" "WordPress/4.9.6; https://cary.mommybites.com/boston"
37.187.162.191 - - [31/Jul/2019:12:48:18 -0400] "GET /boston/feed/ HTTP/1.1" 304 - "-" "Mozilla/5.0 (compatible; PaperLiBot/2.1; https://support.paper.li/entries/20023257-what-is-paper-li)"
172.68.133.170 - - [31/Jul/2019:15:25:44 -0400] "POST /wp-cron.php?doing_wp_cron=1564601144.4645409584045410156250 HTTP/1.1" 200 20 "https://cary.mommybites.com/wp-cron.php?doing_wp_cron=1564601144.4645409584045410156250" "WordPress/4.9.6; https://cary.mommybites.com"
172.69.54.203 - - [31/Jul/2019:15:25:44 -0400] "GET /feed HTTP/1.1" 301 20 "-" "FeedBurner/1.0 (http://www.FeedBurner.com) Mozilla/5.0 (Macintosh; Intel Mac OS X 10_11_6) AppleWebKit/537.36 (KHTML, like Gecko) Chrome/63.0.3239.132 Safari/537.36 Specificfeeds- http://www.specificfeeds.com"
172.69.54.203 - - [31/Jul/2019:15:25:45 -0400] "GET /feed/ HTTP/1.1" 200 23048 "-" "FeedBurner/1.0 (http://www.FeedBurner.com) Mozilla/5.0 (Macintosh; Intel Mac OS X 10_11_6) AppleWebKit/537.36 (KHTML, like Gecko) Chrome/63.0.3239.132 Safari/537.36 Specificfeeds- http://www.specificfeeds.com"
172.68.54.72 - - [31/Jul/2019:16:27:46 -0400] "GET /newyork/files/2018/11/Flexible-jobs-for-parents-in-NYC-1-1024x683.jpg HTTP/1.1" 200 88290 "-" "Mozilla/5.0 (iPhone; CPU iPhone OS 12_3_1 like Mac OS X) AppleWebKit/605.1.15 (KHTML, like Gecko) Version/12.1.1 Mobile/15E148 Safari/604.1"
172.68.65.182 - - [31/Jul/2019:16:48:42 -0400] "GET /newyork/files/2018/11/Flexible-jobs-for-parents-in-NYC-1-1024x683.jpg HTTP/1.1" 200 88290 "-" "Mozilla/5.0 (Linux; Android 5.1.1; KFGIWI) AppleWebKit/537.36 (KHTML, like Gecko) Silk/75.4.8 like Chrome/75.0.3770.143 Safari/537.36"
172.69.22.82 - - [31/Jul/2019:17:57:40 -0400] "POST /baltimore/wp-cron.php?doing_wp_cron=1564610260.0875940322875976562500 HTTP/1.1" 200 20 "https://cary.mommybites.com/baltimore/wp-cron.php?doing_wp_cron=1564610260.0875940322875976562500" "WordPress/4.9.6; https://cary.mommybites.com/baltimore"
207.46.13.115 - - [31/Jul/2019:17:57:39 -0400] "GET /baltimore/sitemap_index.xml HTTP/1.1" 200 369 "-" "Mozilla/5.0 (compatible; bingbot/2.0; +http://www.bing.com/bingbot.htm)"
172.69.23.5 - - [31/Jul/2019:18:48:19 -0400] "POST /boston/wp-cron.php?doing_wp_cron=1564613299.5096750259399414062500 HTTP/1.1" 200 20 "https://cary.mommybites.com/boston/wp-cron.php?doing_wp_cron=1564613299.5096750259399414062500" "WordPress/4.9.6; https://cary.mommybites.com/boston"
37.187.162.191 - - [31/Jul/2019:18:48:19 -0400] "GET /boston/feed/ HTTP/1.1" 304 - "-" "Mozilla/5.0 (compatible; PaperLiBot/2.1; https://support.paper.li/entries/20023257-what-is-paper-li)"
24.228.162.210 - - [31/Jul/2019:19:12:03 -0400] "GET /newyork/files/2018/11/Flexible-jobs-for-parents-in-NYC-1-1024x683.jpg HTTP/1.1" 200 88290 "-" "Mozilla/5.0 (Macintosh; Intel Mac OS X 10_14_5) AppleWebKit/605.1.15 (KHTML, like Gecko) Version/12.1.1 Safari/605.1.15"
172.69.55.114 - - [31/Jul/2019:19:21:14 -0400] "GET /feed HTTP/1.1" 301 20 "-" "FeedBurner/1.0 (http://www.FeedBurner.com) Mozilla/5.0 (Macintosh; Intel Mac OS X 10_11_6) AppleWebKit/537.36 (KHTML, like Gecko) Chrome/63.0.3239.132 Safari/537.36 Specificfeeds- http://www.specificfeeds.com"
172.68.142.37 - - [31/Jul/2019:19:21:14 -0400] "POST /wp-cron.php?doing_wp_cron=1564615274.7319450378417968750000 HTTP/1.1" 200 20 "https://cary.mommybites.com/wp-cron.php?doing_wp_cron=1564615274.7319450378417968750000" "WordPress/4.9.6; https://cary.mommybites.com"
172.69.55.114 - - [31/Jul/2019:19:21:16 -0400] "GET /feed/ HTTP/1.1" 200 23048 "-" "FeedBurner/1.0 (http://www.FeedBurner.com) Mozilla/5.0 (Macintosh; Intel Mac OS X 10_11_6) AppleWebKit/537.36 (KHTML, like Gecko) Chrome/63.0.3239.132 Safari/537.36 Specificfeeds- http://www.specificfeeds.com"
207.46.13.111 - - [31/Jul/2019:20:06:11 -0400] "GET /newyork/files/2018/11/Flexible-jobs-for-parents-in-NYC-1-1024x683.jpg HTTP/1.1" 200 88290 "-" "Mozilla/5.0 (iPhone; CPU iPhone OS 7_0 like Mac OS X) AppleWebKit/537.51.1 (KHTML, like Gecko) Version/7.0 Mobile/11A465 Safari/9537.53 (compatible; bingbot/2.0; +http://www.bing.com/bingbot.htm)"
207.46.13.115 - - [31/Jul/2019:20:07:12 -0400] "GET /robots.txt HTTP/1.1" 304 - "-" "Mozilla/5.0 (compatible; bingbot/2.0; +http://www.bing.com/bingbot.htm)"
172.68.141.168 - - [31/Jul/2019:20:37:15 -0400] "POST /wp-cron.php?doing_wp_cron=1564619835.9119350910186767578125 HTTP/1.1" 200 20 "https://cary.mommybites.com/wp-cron.php?doing_wp_cron=1564619835.9119350910186767578125" "WordPress/4.9.6; https://cary.mommybites.com"
180.76.15.147 - - [31/Jul/2019:20:37:15 -0400] "GET /wp-json/tribe/events/v1/ HTTP/1.1" 404 116 "-" "Mozilla/5.0 (compatible; Baiduspider/2.0; +http://www.baidu.com/search/spider.html)"
159.69.242.206 - - [31/Jul/2019:22:57:13 -0400] "GET /feed HTTP/1.1" 301 20 "-" "FeedBurner/1.0 (http://www.FeedBurner.com) Mozilla/5.0 (Macintosh; Intel Mac OS X 10_11_6) AppleWebKit/537.36 (KHTML, like Gecko) Chrome/63.0.3239.132 Safari/537.36 Specificfeeds- http://www.specificfeeds.com"
172.68.143.50 - - [31/Jul/2019:22:57:13 -0400] "POST /wp-cron.php?doing_wp_cron=1564628233.7842559814453125000000 HTTP/1.1" 200 20 "https://cary.mommybites.com/wp-cron.php?doing_wp_cron=1564628233.7842559814453125000000" "WordPress/4.9.6; https://cary.mommybites.com"
159.69.242.206 - - [31/Jul/2019:22:57:15 -0400] "GET /feed/ HTTP/1.1" 200 23048 "-" "FeedBurner/1.0 (http://www.FeedBurner.com) Mozilla/5.0 (Macintosh; Intel Mac OS X 10_11_6) AppleWebKit/537.36 (KHTML, like Gecko) Chrome/63.0.3239.132 Safari/537.36 Specificfeeds- http://www.specificfeeds.com"
172.68.143.50 - - [01/Aug/2019:00:33:43 -0400] "POST /wp-cron.php?doing_wp_cron=1564634023.0183219909667968750000 HTTP/1.1" 200 20 "https://cary.mommybites.com/wp-cron.php?doing_wp_cron=1564634023.0183219909667968750000" "WordPress/4.9.6; https://cary.mommybites.com"
159.69.242.206 - - [01/Aug/2019:00:33:42 -0400] "GET /feed HTTP/1.1" 301 20 "-" "FeedBurner/1.0 (http://www.FeedBurner.com) Mozilla/5.0 (Macintosh; Intel Mac OS X 10_11_6) AppleWebKit/537.36 (KHTML, like Gecko) Chrome/63.0.3239.132 Safari/537.36 Specificfeeds- http://www.specificfeeds.com"
172.68.142.37 - - [01/Aug/2019:00:33:44 -0400] "POST /wp-cron.php?doing_wp_cron=1564634024.4474890232086181640625 HTTP/1.1" 200 20 "https://cary.mommybites.com/wp-cron.php?doing_wp_cron=1564634024.4474890232086181640625" "WordPress/4.9.6; https://cary.mommybites.com"
159.69.242.206 - - [01/Aug/2019:00:33:44 -0400] "GET /feed/ HTTP/1.1" 200 23048 "-" "FeedBurner/1.0 (http://www.FeedBurner.com) Mozilla/5.0 (Macintosh; Intel Mac OS X 10_11_6) AppleWebKit/537.36 (KHTML, like Gecko) Chrome/63.0.3239.132 Safari/537.36 Specificfeeds- http://www.specificfeeds.com"
172.68.133.170 - - [01/Aug/2019:00:48:19 -0400] "POST /boston/wp-cron.php?doing_wp_cron=1564634898.9548530578613281250000 HTTP/1.1" 200 20 "https://cary.mommybites.com/boston/wp-cron.php?doing_wp_cron=1564634898.9548530578613281250000" "WordPress/4.9.6; https://cary.mommybites.com/boston"
37.187.162.191 - - [01/Aug/2019:00:48:18 -0400] "GET /boston/feed/ HTTP/1.1" 304 - "-" "Mozilla/5.0 (compatible; PaperLiBot/2.1; https://support.paper.li/entries/20023257-what-is-paper-li)"
172.68.142.175 - - [01/Aug/2019:02:38:10 -0400] "POST /baltimore/wp-cron.php?doing_wp_cron=1564641489.3776440620422363281250 HTTP/1.1" 200 20 "https://cary.mommybites.com/baltimore/wp-cron.php?doing_wp_cron=1564641489.3776440620422363281250" "WordPress/4.9.6; https://cary.mommybites.com/baltimore"
207.46.13.121 - - [01/Aug/2019:02:38:09 -0400] "GET /baltimore/author-sitemap.xml HTTP/1.1" 200 380 "-" "Mozilla/5.0 (compatible; bingbot/2.0; +http://www.bing.com/bingbot.htm)"
172.68.65.134 - - [01/Aug/2019:02:38:13 -0400] "GET /baltimore/page-sitemap.xml HTTP/1.1" 200 580 "-" "Mozilla/5.0 (compatible; bingbot/2.0; +http://www.bing.com/bingbot.htm)"
159.69.242.206 - - [01/Aug/2019:04:43:24 -0400] "GET /feed HTTP/1.1" 301 20 "-" "FeedBurner/1.0 (http://www.FeedBurner.com) Mozilla/5.0 (Macintosh; Intel Mac OS X 10_11_6) AppleWebKit/537.36 (KHTML, like Gecko) Chrome/63.0.3239.132 Safari/537.36 Specificfeeds- http://www.specificfeeds.com"
172.68.142.37 - - [01/Aug/2019:04:43:25 -0400] "POST /wp-cron.php?doing_wp_cron=1564649005.2668159008026123046875 HTTP/1.1" 200 20 "https://cary.mommybites.com/wp-cron.php?doing_wp_cron=1564649005.2668159008026123046875" "WordPress/4.9.6; https://cary.mommybites.com"
159.69.242.206 - - [01/Aug/2019:04:43:26 -0400] "GET /feed/ HTTP/1.1" 200 23048 "-" "FeedBurner/1.0 (http://www.FeedBurner.com) Mozilla/5.0 (Macintosh; Intel Mac OS X 10_11_6) AppleWebKit/537.36 (KHTML, like Gecko) Chrome/63.0.3239.132 Safari/537.36 Specificfeeds- http://www.specificfeeds.com"
172.68.132.67 - - [01/Aug/2019:06:48:21 -0400] "POST /boston/wp-cron.php?doing_wp_cron=1564656501.2654950618743896484375 HTTP/1.1" 200 20 "https://cary.mommybites.com/boston/wp-cron.php?doing_wp_cron=1564656501.2654950618743896484375" "WordPress/4.9.6; https://cary.mommybites.com/boston"
37.187.162.191 - - [01/Aug/2019:06:48:21 -0400] "GET /boston/feed/ HTTP/1.1" 304 - "-" "Mozilla/5.0 (compatible; PaperLiBot/2.1; https://support.paper.li/entries/20023257-what-is-paper-li)"
172.68.10.210 - - [01/Aug/2019:07:32:17 -0400] "GET /robots.txt HTTP/1.1" 200 486 "-" "Mozilla/5.0 (compatible; YandexBot/3.0; +http://yandex.com/bots)"
172.68.244.116 - - [01/Aug/2019:07:32:21 -0400] "GET /wp-content/uploads/2009/06/moms_mean_business.pdf HTTP/1.1" 200 279254 "-" "Mozilla/5.0 (compatible; YandexBot/3.0; +http://yandex.com/bots)"
180.76.15.140 - - [01/Aug/2019:08:26:28 -0400] "GET /col1/baby/keeping-baby-crib/ HTTP/1.1" 200 17571 "-" "Mozilla/5.0 (compatible; Baiduspider/2.0; +http://www.baidu.com/search/spider.html)"
172.68.141.168 - - [01/Aug/2019:08:26:28 -0400] "POST /wp-cron.php?doing_wp_cron=1564662388.6692659854888916015625 HTTP/1.1" 200 20 "https://cary.mommybites.com/wp-cron.php?doing_wp_cron=1564662388.6692659854888916015625" "WordPress/4.9.6; https://cary.mommybites.com"
172.68.141.102 - - [01/Aug/2019:09:19:15 -0400] "POST /wp-cron.php?doing_wp_cron=1564665555.1846520900726318359375 HTTP/1.1" 200 20 "https://cary.mommybites.com/wp-cron.php?doing_wp_cron=1564665555.1846520900726318359375" "WordPress/4.9.6; https://cary.mommybites.com"
159.69.189.72 - - [01/Aug/2019:09:19:14 -0400] "GET /feed HTTP/1.1" 301 20 "-" "FeedBurner/1.0 (http://www.FeedBurner.com) Mozilla/5.0 (Macintosh; Intel Mac OS X 10_11_6) AppleWebKit/537.36 (KHTML, like Gecko) Chrome/63.0.3239.132 Safari/537.36 Specificfeeds- http://www.specificfeeds.com"
