159.69.189.72 - - [10/Aug/2019:07:38:09 -0400] "GET /feed/ HTTP/1.1" 200 23048 "-" "FeedBurner/1.0 (http://www.FeedBurner.com) Mozilla/5.0 (Macintosh; Intel Mac OS X 10_11_6) AppleWebKit/537.36 (KHTML, like Gecko) Chrome/63.0.3239.132 Safari/537.36 Specificfeeds- http://www.specificfeeds.com"
172.68.132.67 - - [10/Aug/2019:11:29:56 -0400] "POST /wp-cron.php?doing_wp_cron=1565450996.5950698852539062500000 HTTP/1.1" 200 20 "https://cary.mommybites.com/wp-cron.php?doing_wp_cron=1565450996.5950698852539062500000" "WordPress/4.9.6; https://cary.mommybites.com"
159.69.242.206 - - [10/Aug/2019:11:29:56 -0400] "GET /feed HTTP/1.1" 301 20 "-" "FeedBurner/1.0 (http://www.FeedBurner.com) Mozilla/5.0 (Macintosh; Intel Mac OS X 10_11_6) AppleWebKit/537.36 (KHTML, like Gecko) Chrome/63.0.3239.132 Safari/537.36 Specificfeeds- http://www.specificfeeds.com"
159.69.242.206 - - [10/Aug/2019:11:29:59 -0400] "GET /feed/ HTTP/1.1" 200 23048 "-" "FeedBurner/1.0 (http://www.FeedBurner.com) Mozilla/5.0 (Macintosh; Intel Mac OS X 10_11_6) AppleWebKit/537.36 (KHTML, like Gecko) Chrome/63.0.3239.132 Safari/537.36 Specificfeeds- http://www.specificfeeds.com"
172.68.174.96 - - [10/Aug/2019:12:06:21 -0400] "GET /robots.txt HTTP/1.1" 200 486 "-" "Mozilla/5.0 (compatible; DotBot/1.1; http://www.opensiteexplorer.org/dotbot, [email protected])"
172.69.22.82 - - [10/Aug/2019:12:48:20 -0400] "POST /boston/wp-cron.php?doing_wp_cron=1565455700.0205140113830566406250 HTTP/1.1" 200 20 "https://cary.mommybites.com/boston/wp-cron.php?doing_wp_cron=1565455700.0205140113830566406250" "WordPress/4.9.6; https://cary.mommybites.com/boston"
37.187.162.191 - - [10/Aug/2019:12:48:19 -0400] "GET /boston/feed/ HTTP/1.1" 304 - "-" "Mozilla/5.0 (compatible; PaperLiBot/2.1; https://support.paper.li/entries/20023257-what-is-paper-li)"
172.68.142.37 - - [10/Aug/2019:12:56:41 -0400] "POST /wp-cron.php?doing_wp_cron=1565456201.8894429206848144531250 HTTP/1.1" 200 20 "https://cary.mommybites.com/wp-cron.php?doing_wp_cron=1565456201.8894429206848144531250" "WordPress/4.9.6; https://cary.mommybites.com"
180.76.15.144 - - [10/Aug/2019:12:56:41 -0400] "GET /col1/toddler/7-ways-make-play-dates-fun-online-class-re-cap/ HTTP/1.1" 200 16420 "-" "Mozilla/5.0 (compatible; Baiduspider/2.0; +http://www.baidu.com/search/spider.html)"
172.68.142.97 - - [10/Aug/2019:13:50:38 -0400] "POST /newyork/wp-cron.php?doing_wp_cron=1565459438.2807209491729736328125 HTTP/1.1" 200 20 "https://cary.mommybites.com/newyork/wp-cron.php?doing_wp_cron=1565459438.2807209491729736328125" "WordPress/4.9.6; https://cary.mommybites.com/newyork"
172.68.253.253 - - [10/Aug/2019:13:50:38 -0400] "GET /newyork/category/col2/moms/ HTTP/1.1" 200 14131 "-" "Mozilla/5.0 (compatible; Baiduspider/2.0; +http://www.baidu.com/search/spider.html)"
172.68.189.75 - - [10/Aug/2019:15:02:09 -0400] "POST /newyork/wp-cron.php?doing_wp_cron=1565463729.4283618927001953125000 HTTP/1.1" 200 20 "https://cary.mommybites.com/newyork/wp-cron.php?doing_wp_cron=1565463729.4283618927001953125000" "WordPress/4.9.6; https://cary.mommybites.com/newyork"
172.68.253.43 - - [10/Aug/2019:15:02:09 -0400] "GET /newyork/category/col2/moms/ HTTP/1.1" 200 14130 "-" "Mozilla/5.0 (compatible; Baiduspider/2.0; +http://www.baidu.com/search/spider.html)"
172.68.65.182 - - [10/Aug/2019:15:08:16 -0400] "GET /newyork/files/2018/11/Flexible-jobs-for-parents-in-NYC-1-1024x683.jpg HTTP/1.1" 200 88290 "-" "Mozilla/5.0 (iPhone; CPU iPhone OS 12_4 like Mac OS X) AppleWebKit/605.1.15 (KHTML, like Gecko) Version/12.1.2 Mobile/15E148 Safari/604.1"
172.69.22.82 - - [10/Aug/2019:15:44:02 -0400] "POST /wp-cron.php?doing_wp_cron=1565466242.6613891124725341796875 HTTP/1.1" 200 20 "https://cary.mommybites.com/wp-cron.php?doing_wp_cron=1565466242.6613891124725341796875" "WordPress/4.9.6; https://cary.mommybites.com"
159.69.189.72 - - [10/Aug/2019:15:44:02 -0400] "GET /feed HTTP/1.1" 301 20 "-" "FeedBurner/1.0 (http://www.FeedBurner.com) Mozilla/5.0 (Macintosh; Intel Mac OS X 10_11_6) AppleWebKit/537.36 (KHTML, like Gecko) Chrome/63.0.3239.132 Safari/537.36 Specificfeeds- http://www.specificfeeds.com"
159.69.189.72 - - [10/Aug/2019:15:44:03 -0400] "GET /feed/ HTTP/1.1" 200 23048 "-" "FeedBurner/1.0 (http://www.FeedBurner.com) Mozilla/5.0 (Macintosh; Intel Mac OS X 10_11_6) AppleWebKit/537.36 (KHTML, like Gecko) Chrome/63.0.3239.132 Safari/537.36 Specificfeeds- http://www.specificfeeds.com"
172.68.142.97 - - [10/Aug/2019:17:35:28 -0400] "POST /boston/wp-cron.php?doing_wp_cron=1565472928.1323020458221435546875 HTTP/1.1" 200 20 "https://cary.mommybites.com/boston/wp-cron.php?doing_wp_cron=1565472928.1323020458221435546875" "WordPress/4.9.6; https://cary.mommybites.com/boston"
172.68.106.12 - - [10/Aug/2019:17:35:27 -0400] "GET /boston/2015/12/07/grandparent-gifting-permanent-life-insurance/1354 HTTP/1.1" 301 20 "https://cary.mommybites.com/" "Mozilla/5.0 (Windows NT 5.1) AppleWebKit/5361 (KHTML, like Gecko) Chrome/13.0.802.0 Safari/5361"
172.68.106.12 - - [10/Aug/2019:17:35:29 -0400] "GET /boston/2015/12/07/grandparent-gifting-permanent-life-insurance/1354/ HTTP/1.1" 200 15544 "https://cary.mommybites.com/" "Mozilla/5.0 (Windows NT 5.1) AppleWebKit/5361 (KHTML, like Gecko) Chrome/13.0.802.0 Safari/5361"
172.68.65.206 - - [10/Aug/2019:17:35:32 -0400] "POST /boston/wp-comments-post.php HTTP/1.1" 302 20 "https://cary.mommybites.com/" "Mozilla/5.0 (Windows NT 5.1) AppleWebKit/5361 (KHTML, like Gecko) Chrome/13.0.802.0 Safari/5361"
172.68.106.78 - - [10/Aug/2019:17:35:33 -0400] "GET /boston/2015/12/07/grandparent-gifting-permanent-life-insurance/1354 HTTP/1.1" 301 20 "https://cary.mommybites.com/" "Mozilla/5.0 (Windows NT 5.1) AppleWebKit/5361 (KHTML, like Gecko) Chrome/13.0.802.0 Safari/5361"
172.68.106.78 - - [10/Aug/2019:17:35:34 -0400] "GET /boston/2015/12/07/grandparent-gifting-permanent-life-insurance/1354/ HTTP/1.1" 200 15627 "https://cary.mommybites.com/" "Mozilla/5.0 (Windows NT 5.1) AppleWebKit/5361 (KHTML, like Gecko) Chrome/13.0.802.0 Safari/5361"
172.69.22.82 - - [10/Aug/2019:18:48:19 -0400] "POST /boston/wp-cron.php?doing_wp_cron=1565477299.1320319175720214843750 HTTP/1.1" 200 20 "https://cary.mommybites.com/boston/wp-cron.php?doing_wp_cron=1565477299.1320319175720214843750" "WordPress/4.9.6; https://cary.mommybites.com/boston"
37.187.162.191 - - [10/Aug/2019:18:48:18 -0400] "GET /boston/feed/ HTTP/1.1" 304 - "-" "Mozilla/5.0 (compatible; PaperLiBot/2.1; https://support.paper.li/entries/20023257-what-is-paper-li)"
159.69.242.206 - - [10/Aug/2019:19:22:13 -0400] "GET /feed HTTP/1.1" 301 20 "-" "FeedBurner/1.0 (http://www.FeedBurner.com) Mozilla/5.0 (Macintosh; Intel Mac OS X 10_11_6) AppleWebKit/537.36 (KHTML, like Gecko) Chrome/63.0.3239.132 Safari/537.36 Specificfeeds- http://www.specificfeeds.com"
159.69.242.206 - - [10/Aug/2019:19:22:15 -0400] "GET /feed/ HTTP/1.1" 200 23048 "-" "FeedBurner/1.0 (http://www.FeedBurner.com) Mozilla/5.0 (Macintosh; Intel Mac OS X 10_11_6) AppleWebKit/537.36 (KHTML, like Gecko) Chrome/63.0.3239.132 Safari/537.36 Specificfeeds- http://www.specificfeeds.com"
172.68.143.50 - - [10/Aug/2019:19:22:13 -0400] "POST /wp-cron.php?doing_wp_cron=1565479333.4859499931335449218750 HTTP/1.1" 200 20 "https://cary.mommybites.com/wp-cron.php?doing_wp_cron=1565479333.4859499931335449218750" "WordPress/4.9.6; https://cary.mommybites.com"
172.68.10.210 - - [10/Aug/2019:19:53:37 -0400] "GET /robots.txt HTTP/1.1" 200 486 "-" "Mozilla/5.0 (compatible; YandexBot/3.0; +http://yandex.com/bots)"
157.55.39.13 - - [10/Aug/2019:22:45:42 -0400] "GET /robots.txt HTTP/1.1" 304 - "-" "Mozilla/5.0 (compatible; bingbot/2.0; +http://www.bing.com/bingbot.htm)"
159.69.189.72 - - [10/Aug/2019:22:46:29 -0400] "GET /feed HTTP/1.1" 301 20 "-" "FeedBurner/1.0 (http://www.FeedBurner.com) Mozilla/5.0 (Macintosh; Intel Mac OS X 10_11_6) AppleWebKit/537.36 (KHTML, like Gecko) Chrome/63.0.3239.132 Safari/537.36 Specificfeeds- http://www.specificfeeds.com"
172.68.132.79 - - [10/Aug/2019:22:46:29 -0400] "POST /wp-cron.php?doing_wp_cron=1565491589.4348440170288085937500 HTTP/1.1" 200 20 "https://cary.mommybites.com/wp-cron.php?doing_wp_cron=1565491589.4348440170288085937500" "WordPress/4.9.6; https://cary.mommybites.com"
159.69.189.72 - - [10/Aug/2019:22:46:31 -0400] "GET /feed/ HTTP/1.1" 200 23048 "-" "FeedBurner/1.0 (http://www.FeedBurner.com) Mozilla/5.0 (Macintosh; Intel Mac OS X 10_11_6) AppleWebKit/537.36 (KHTML, like Gecko) Chrome/63.0.3239.132 Safari/537.36 Specificfeeds- http://www.specificfeeds.com"
172.68.132.67 - - [10/Aug/2019:23:59:46 -0400] "POST /wp-cron.php?doing_wp_cron=1565495986.1474630832672119140625 HTTP/1.1" 200 20 "https://cary.mommybites.com/wp-cron.php?doing_wp_cron=1565495986.1474630832672119140625" "WordPress/4.9.6; https://cary.mommybites.com"
159.69.189.72 - - [10/Aug/2019:23:59:45 -0400] "GET /feed HTTP/1.1" 301 20 "-" "FeedBurner/1.0 (http://www.FeedBurner.com) Mozilla/5.0 (Macintosh; Intel Mac OS X 10_11_6) AppleWebKit/537.36 (KHTML, like Gecko) Chrome/63.0.3239.132 Safari/537.36 Specificfeeds- http://www.specificfeeds.com"
159.69.189.72 - - [10/Aug/2019:23:59:47 -0400] "GET /feed/ HTTP/1.1" 200 23048 "-" "FeedBurner/1.0 (http://www.FeedBurner.com) Mozilla/5.0 (Macintosh; Intel Mac OS X 10_11_6) AppleWebKit/537.36 (KHTML, like Gecko) Chrome/63.0.3239.132 Safari/537.36 Specificfeeds- http://www.specificfeeds.com"
172.68.132.79 - - [11/Aug/2019:00:48:18 -0400] "POST /boston/wp-cron.php?doing_wp_cron=1565498898.5555639266967773437500 HTTP/1.1" 200 20 "https://cary.mommybites.com/boston/wp-cron.php?doing_wp_cron=1565498898.5555639266967773437500" "WordPress/4.9.6; https://cary.mommybites.com/boston"
37.187.162.191 - - [11/Aug/2019:00:48:18 -0400] "GET /boston/feed/ HTTP/1.1" 304 - "-" "Mozilla/5.0 (compatible; PaperLiBot/2.1; https://support.paper.li/entries/20023257-what-is-paper-li)"
66.249.70.17 - - [11/Aug/2019:02:57:15 -0400] "GET /newyork/files/2018/11/Flexible-jobs-for-parents-in-NYC-1-1024x683.jpg HTTP/1.1" 200 88290 "-" "Googlebot-Image/1.0"
172.68.132.67 - - [11/Aug/2019:03:41:15 -0400] "POST /wp-cron.php?doing_wp_cron=1565509275.1641049385070800781250 HTTP/1.1" 200 20 "https://cary.mommybites.com/wp-cron.php?doing_wp_cron=1565509275.1641049385070800781250" "WordPress/4.9.6; https://cary.mommybites.com"
159.69.242.206 - - [11/Aug/2019:03:41:14 -0400] "GET /feed HTTP/1.1" 301 20 "-" "FeedBurner/1.0 (http://www.FeedBurner.com) Mozilla/5.0 (Macintosh; Intel Mac OS X 10_11_6) AppleWebKit/537.36 (KHTML, like Gecko) Chrome/63.0.3239.132 Safari/537.36 Specificfeeds- http://www.specificfeeds.com"
159.69.242.206 - - [11/Aug/2019:03:41:17 -0400] "GET /feed/ HTTP/1.1" 200 23048 "-" "FeedBurner/1.0 (http://www.FeedBurner.com) Mozilla/5.0 (Macintosh; Intel Mac OS X 10_11_6) AppleWebKit/537.36 (KHTML, like Gecko) Chrome/63.0.3239.132 Safari/537.36 Specificfeeds- http://www.specificfeeds.com"
172.68.133.206 - - [11/Aug/2019:06:48:17 -0400] "POST /boston/wp-cron.php?doing_wp_cron=1565520497.5505499839782714843750 HTTP/1.1" 200 20 "https://cary.mommybites.com/boston/wp-cron.php?doing_wp_cron=1565520497.5505499839782714843750" "WordPress/4.9.6; https://cary.mommybites.com/boston"
37.187.162.191 - - [11/Aug/2019:06:48:17 -0400] "GET /boston/feed/ HTTP/1.1" 304 - "-" "Mozilla/5.0 (compatible; PaperLiBot/2.1; https://support.paper.li/entries/20023257-what-is-paper-li)"
159.69.189.72 - - [11/Aug/2019:07:17:55 -0400] "GET /feed HTTP/1.1" 301 20 "-" "FeedBurner/1.0 (http://www.FeedBurner.com) Mozilla/5.0 (Macintosh; Intel Mac OS X 10_11_6) AppleWebKit/537.36 (KHTML, like Gecko) Chrome/63.0.3239.132 Safari/537.36 Specificfeeds- http://www.specificfeeds.com"
172.69.23.5 - - [11/Aug/2019:07:17:55 -0400] "POST /wp-cron.php?doing_wp_cron=1565522275.8108239173889160156250 HTTP/1.1" 200 20 "https://cary.mommybites.com/wp-cron.php?doing_wp_cron=1565522275.8108239173889160156250" "WordPress/4.9.6; https://cary.mommybites.com"
159.69.189.72 - - [11/Aug/2019:07:17:58 -0400] "GET /feed/ HTTP/1.1" 200 23048 "-" "FeedBurner/1.0 (http://www.FeedBurner.com) Mozilla/5.0 (Macintosh; Intel Mac OS X 10_11_6) AppleWebKit/537.36 (KHTML, like Gecko) Chrome/63.0.3239.132 Safari/537.36 Specificfeeds- http://www.specificfeeds.com"
172.68.132.67 - - [11/Aug/2019:11:57:06 -0400] "POST /wp-cron.php?doing_wp_cron=1565539026.2232339382171630859375 HTTP/1.1" 200 20 "https://cary.mommybites.com/wp-cron.php?doing_wp_cron=1565539026.2232339382171630859375" "WordPress/4.9.6; https://cary.mommybites.com"
159.69.242.206 - - [11/Aug/2019:11:57:05 -0400] "GET /feed HTTP/1.1" 301 20 "-" "FeedBurner/1.0 (http://www.FeedBurner.com) Mozilla/5.0 (Macintosh; Intel Mac OS X 10_11_6) AppleWebKit/537.36 (KHTML, like Gecko) Chrome/63.0.3239.132 Safari/537.36 Specificfeeds- http://www.specificfeeds.com"
159.69.242.206 - - [11/Aug/2019:11:57:08 -0400] "GET /feed/ HTTP/1.1" 200 23048 "-" "FeedBurner/1.0 (http://www.FeedBurner.com) Mozilla/5.0 (Macintosh; Intel Mac OS X 10_11_6) AppleWebKit/537.36 (KHTML, like Gecko) Chrome/63.0.3239.132 Safari/537.36 Specificfeeds- http://www.specificfeeds.com"
172.68.174.96 - - [11/Aug/2019:12:43:02 -0400] "GET /robots.txt HTTP/1.1" 200 486 "-" "Mozilla/5.0 (compatible; DotBot/1.1; http://www.opensiteexplorer.org/dotbot, [email protected])"
172.68.143.50 - - [11/Aug/2019:12:48:20 -0400] "POST /boston/wp-cron.php?doing_wp_cron=1565542100.8905339241027832031250 HTTP/1.1" 200 20 "https://cary.mommybites.com/boston/wp-cron.php?doing_wp_cron=1565542100.8905339241027832031250" "WordPress/4.9.6; https://cary.mommybites.com/boston"
37.187.162.191 - - [11/Aug/2019:12:48:20 -0400] "GET /boston/feed/ HTTP/1.1" 304 - "-" "Mozilla/5.0 (compatible; PaperLiBot/2.1; https://support.paper.li/entries/20023257-what-is-paper-li)"
172.68.133.170 - - [11/Aug/2019:13:29:40 -0400] "POST /wp-cron.php?doing_wp_cron=1565544580.3689670562744140625000 HTTP/1.1" 200 20 "https://cary.mommybites.com/wp-cron.php?doing_wp_cron=1565544580.3689670562744140625000" "WordPress/4.9.6; https://cary.mommybites.com"
180.76.15.20 - - [11/Aug/2019:13:29:40 -0400] "GET /wp-json/oembed/1.0/embed?url=https%3A%2F%2Fcary.mommybites.com%2Fcol1%2Fbaby%2Fcreating-the-perfect-eco-friendly-nursery%2F&format=xml HTTP/1.1" 200 1262 "-" "Mozilla/5.0 (compatible; Baiduspider/2.0; +http://www.baidu.com/search/spider.html)"
66.249.70.17 - - [11/Aug/2019:14:13:52 -0400] "GET /robots.txt HTTP/1.1" 200 486 "-" "Mozilla/5.0 (compatible; Googlebot/2.1; +http://www.google.com/bot.html)"
159.69.189.72 - - [11/Aug/2019:16:18:39 -0400] "GET /feed HTTP/1.1" 301 20 "-" "FeedBurner/1.0 (http://www.FeedBurner.com) Mozilla/5.0 (Macintosh; Intel Mac OS X 10_11_6) AppleWebKit/537.36 (KHTML, like Gecko) Chrome/63.0.3239.132 Safari/537.36 Specificfeeds- http://www.specificfeeds.com"
172.69.22.82 - - [11/Aug/2019:16:18:39 -0400] "POST /wp-cron.php?doing_wp_cron=1565554719.2173049449920654296875 HTTP/1.1" 200 20 "https://cary.mommybites.com/wp-cron.php?doing_wp_cron=1565554719.2173049449920654296875" "WordPress/4.9.6; https://cary.mommybites.com"
159.69.189.72 - - [11/Aug/2019:16:18:40 -0400] "GET /feed/ HTTP/1.1" 200 23048 "-" "FeedBurner/1.0 (http://www.FeedBurner.com) Mozilla/5.0 (Macintosh; Intel Mac OS X 10_11_6) AppleWebKit/537.36 (KHTML, like Gecko) Chrome/63.0.3239.132 Safari/537.36 Specificfeeds- http://www.specificfeeds.com"
66.249.70.17 - - [11/Aug/2019:18:11:00 -0400] "GET /robots.txt HTTP/1.1" 304 - "-" "Mozilla/5.0 (compatible; Googlebot/2.1; +http://www.google.com/bot.html)"
172.68.142.37 - - [11/Aug/2019:18:48:19 -0400] "POST /boston/wp-cron.php?doing_wp_cron=1565563699.8319659233093261718750 HTTP/1.1" 200 20 "https://cary.mommybites.com/boston/wp-cron.php?doing_wp_cron=1565563699.8319659233093261718750" "WordPress/4.9.6; https://cary.mommybites.com/boston"
37.187.162.191 - - [11/Aug/2019:18:48:19 -0400] "GET /boston/feed/ HTTP/1.1" 304 - "-" "Mozilla/5.0 (compatible; PaperLiBot/2.1; https://support.paper.li/entries/20023257-what-is-paper-li)"
172.68.253.253 - - [11/Aug/2019:19:44:06 -0400] "GET / HTTP/1.1" 200 19157 "-" "Mozilla/5.0 (compatible; Baiduspider/2.0; +http://www.baidu.com/search/spider.html)"
172.68.143.170 - - [11/Aug/2019:19:44:06 -0400] "POST /wp-cron.php?doing_wp_cron=1565567046.6343770027160644531250 HTTP/1.1" 200 20 "https://cary.mommybites.com/wp-cron.php?doing_wp_cron=1565567046.6343770027160644531250" "WordPress/4.9.6; https://cary.mommybites.com"
172.68.189.75 - - [11/Aug/2019:20:19:11 -0400] "POST /wp-cron.php?doing_wp_cron=1565569151.8593659400939941406250 HTTP/1.1" 200 20 "https://cary.mommybites.com/wp-cron.php?doing_wp_cron=1565569151.8593659400939941406250" "WordPress/4.9.6; https://cary.mommybites.com"
159.69.189.72 - - [11/Aug/2019:20:19:11 -0400] "GET /feed HTTP/1.1" 301 20 "-" "FeedBurner/1.0 (http://www.FeedBurner.com) Mozilla/5.0 (Macintosh; Intel Mac OS X 10_11_6) AppleWebKit/537.36 (KHTML, like Gecko) Chrome/63.0.3239.132 Safari/537.36 Specificfeeds- http://www.specificfeeds.com"
159.69.189.72 - - [11/Aug/2019:20:19:12 -0400] "GET /feed/ HTTP/1.1" 200 23048 "-" "FeedBurner/1.0 (http://www.FeedBurner.com) Mozilla/5.0 (Macintosh; Intel Mac OS X 10_11_6) AppleWebKit/537.36 (KHTML, like Gecko) Chrome/63.0.3239.132 Safari/537.36 Specificfeeds- http://www.specificfeeds.com"
172.68.142.175 - - [11/Aug/2019:20:46:15 -0400] "POST /wp-cron.php?doing_wp_cron=1565570775.5763359069824218750000 HTTP/1.1" 200 20 "https://cary.mommybites.com/wp-cron.php?doing_wp_cron=1565570775.5763359069824218750000" "WordPress/4.9.6; https://cary.mommybites.com"
159.69.242.206 - - [11/Aug/2019:20:46:15 -0400] "GET /feed HTTP/1.1" 301 20 "-" "FeedBurner/1.0 (http://www.FeedBurner.com) Mozilla/5.0 (Macintosh; Intel Mac OS X 10_11_6) AppleWebKit/537.36 (KHTML, like Gecko) Chrome/63.0.3239.132 Safari/537.36 Specificfeeds- http://www.specificfeeds.com"
159.69.242.206 - - [11/Aug/2019:20:46:16 -0400] "GET /feed/ HTTP/1.1" 200 23048 "-" "FeedBurner/1.0 (http://www.FeedBurner.com) Mozilla/5.0 (Macintosh; Intel Mac OS X 10_11_6) AppleWebKit/537.36 (KHTML, like Gecko) Chrome/63.0.3239.132 Safari/537.36 Specificfeeds- http://www.specificfeeds.com"
180.76.15.136 - - [11/Aug/2019:20:54:34 -0400] "GET /tag/gear/ HTTP/1.1" 200 14135 "-" "Mozilla/5.0 (compatible; Baiduspider/2.0; +http://www.baidu.com/search/spider.html)"
172.68.54.72 - - [11/Aug/2019:21:31:07 -0400] "GET /newyork/files/2018/11/Flexible-jobs-for-parents-in-NYC-1-1024x683.jpg HTTP/1.1" 200 88290 "-" "Mozilla/5.0 (Linux; Android 8.1.0; REVVL 2 PLUS) AppleWebKit/537.36 (KHTML, like Gecko) Chrome/76.0.3809.89 Mobile Safari/537.36"
172.68.141.156 - - [11/Aug/2019:22:25:11 -0400] "POST /wp-cron.php?doing_wp_cron=1565576711.5336089134216308593750 HTTP/1.1" 200 20 "https://cary.mommybites.com/wp-cron.php?doing_wp_cron=1565576711.5336089134216308593750" "WordPress/4.9.6; https://cary.mommybites.com"
180.76.15.16 - - [11/Aug/2019:22:25:11 -0400] "GET /wp-json/oembed/1.0/embed?url=https%3A%2F%2Fcary.mommybites.com%2Fcol1%2Fbaby%2Fcreating-the-perfect-eco-friendly-nursery%2F HTTP/1.1" 200 1226 "-" "Mozilla/5.0 (compatible; Baiduspider/2.0; +http://www.baidu.com/search/spider.html)"
172.69.22.82 - - [11/Aug/2019:22:58:31 -0400] "POST /wp-cron.php?doing_wp_cron=1565578711.3979818820953369140625 HTTP/1.1" 200 20 "https://cary.mommybites.com/wp-cron.php?doing_wp_cron=1565578711.3979818820953369140625" "WordPress/4.9.6; https://cary.mommybites.com"
180.76.15.140 - - [11/Aug/2019:22:58:31 -0400] "GET /col1/baby/keeping-baby-crib/ HTTP/1.1" 200 17574 "-" "Mozilla/5.0 (compatible; Baiduspider/2.0; +http://www.baidu.com/search/spider.html)"
172.68.132.79 - - [11/Aug/2019:23:31:52 -0400] "POST /newyork/wp-cron.php?doing_wp_cron=1565580711.9695019721984863281250 HTTP/1.1" 200 20 "https://cary.mommybites.com/newyork/wp-cron.php?doing_wp_cron=1565580711.9695019721984863281250" "WordPress/4.9.6; https://cary.mommybites.com/newyork"
172.68.254.86 - - [11/Aug/2019:23:31:51 -0400] "GET /newyork/category/col2/moms/ HTTP/1.1" 200 14125 "-" "Mozilla/5.0 (compatible; Baiduspider/2.0; +http://www.baidu.com/search/spider.html)"
172.68.142.37 - - [12/Aug/2019:00:48:20 -0400] "POST /boston/wp-cron.php?doing_wp_cron=1565585300.1888449192047119140625 HTTP/1.1" 200 20 "https://cary.mommybites.com/boston/wp-cron.php?doing_wp_cron=1565585300.1888449192047119140625" "WordPress/4.9.6; https://cary.mommybites.com/boston"
37.187.162.191 - - [12/Aug/2019:00:48:20 -0400] "GET /boston/feed/ HTTP/1.1" 304 - "-" "Mozilla/5.0 (compatible; PaperLiBot/2.1; https://support.paper.li/entries/20023257-what-is-paper-li)"
77.75.77.101 - - [12/Aug/2019:01:13:04 -0400] "GET /robots.txt HTTP/1.1" 200 486 "-" "Mozilla/5.0 (compatible; SeznamBot/3.2; +http://napoveda.seznam.cz/en/seznambot-intro/)"
172.68.142.175 - - [12/Aug/2019:01:24:02 -0400] "POST /wp-cron.php?doing_wp_cron=1565587442.1716599464416503906250 HTTP/1.1" 200 20 "https://cary.mommybites.com/wp-cron.php?doing_wp_cron=1565587442.1716599464416503906250" "WordPress/4.9.6; https://cary.mommybites.com"
159.69.242.206 - - [12/Aug/2019:01:24:01 -0400] "GET /feed HTTP/1.1" 301 20 "-" "FeedBurner/1.0 (http://www.FeedBurner.com) Mozilla/5.0 (Macintosh; Intel Mac OS X 10_11_6) AppleWebKit/537.36 (KHTML, like Gecko) Chrome/63.0.3239.132 Safari/537.36 Specificfeeds- http://www.specificfeeds.com"
159.69.242.206 - - [12/Aug/2019:01:24:03 -0400] "GET /feed/ HTTP/1.1" 200 23048 "-" "FeedBurner/1.0 (http://www.FeedBurner.com) Mozilla/5.0 (Macintosh; Intel Mac OS X 10_11_6) AppleWebKit/537.36 (KHTML, like Gecko) Chrome/63.0.3239.132 Safari/537.36 Specificfeeds- http://www.specificfeeds.com"
159.69.189.72 - - [12/Aug/2019:05:45:44 -0400] "GET /feed HTTP/1.1" 301 20 "-" "FeedBurner/1.0 (http://www.FeedBurner.com) Mozilla/5.0 (Macintosh; Intel Mac OS X 10_11_6) AppleWebKit/537.36 (KHTML, like Gecko) Chrome/63.0.3239.132 Safari/537.36 Specificfeeds- http://www.specificfeeds.com"
172.68.142.97 - - [12/Aug/2019:05:45:45 -0400] "POST /wp-cron.php?doing_wp_cron=1565603145.3656609058380126953125 HTTP/1.1" 200 20 "https://cary.mommybites.com/wp-cron.php?doing_wp_cron=1565603145.3656609058380126953125" "WordPress/4.9.6; https://cary.mommybites.com"
159.69.189.72 - - [12/Aug/2019:05:45:47 -0400] "GET /feed/ HTTP/1.1" 200 23048 "-" "FeedBurner/1.0 (http://www.FeedBurner.com) Mozilla/5.0 (Macintosh; Intel Mac OS X 10_11_6) AppleWebKit/537.36 (KHTML, like Gecko) Chrome/63.0.3239.132 Safari/537.36 Specificfeeds- http://www.specificfeeds.com"
172.68.132.67 - - [12/Aug/2019:06:48:19 -0400] "POST /boston/wp-cron.php?doing_wp_cron=1565606899.3833699226379394531250 HTTP/1.1" 200 20 "https://cary.mommybites.com/boston/wp-cron.php?doing_wp_cron=1565606899.3833699226379394531250" "WordPress/4.9.6; https://cary.mommybites.com/boston"
37.187.162.191 - - [12/Aug/2019:06:48:19 -0400] "GET /boston/feed/ HTTP/1.1" 304 - "-" "Mozilla/5.0 (compatible; PaperLiBot/2.1; https://support.paper.li/entries/20023257-what-is-paper-li)"
172.68.174.96 - - [12/Aug/2019:09:15:03 -0400] "GET /robots.txt HTTP/1.1" 200 486 "-" "Mozilla/5.0 (compatible; DotBot/1.1; http://www.opensiteexplorer.org/dotbot, [email protected])"
159.69.242.206 - - [12/Aug/2019:10:20:15 -0400] "GET /feed HTTP/1.1" 301 20 "-" "FeedBurner/1.0 (http://www.FeedBurner.com) Mozilla/5.0 (Macintosh; Intel Mac OS X 10_11_6) AppleWebKit/537.36 (KHTML, like Gecko) Chrome/63.0.3239.132 Safari/537.36 Specificfeeds- http://www.specificfeeds.com"
172.68.142.37 - - [12/Aug/2019:10:20:16 -0400] "POST /wp-cron.php?doing_wp_cron=1565619616.0520699024200439453125 HTTP/1.1" 200 20 "https://cary.mommybites.com/wp-cron.php?doing_wp_cron=1565619616.0520699024200439453125" "WordPress/4.9.6; https://cary.mommybites.com"
159.69.242.206 - - [12/Aug/2019:10:20:17 -0400] "GET /feed/ HTTP/1.1" 200 23048 "-" "FeedBurner/1.0 (http://www.FeedBurner.com) Mozilla/5.0 (Macintosh; Intel Mac OS X 10_11_6) AppleWebKit/537.36 (KHTML, like Gecko) Chrome/63.0.3239.132 Safari/537.36 Specificfeeds- http://www.specificfeeds.com"
172.68.142.97 - - [12/Aug/2019:12:48:21 -0400] "POST /boston/wp-cron.php?doing_wp_cron=1565628501.0382490158081054687500 HTTP/1.1" 200 20 "https://cary.mommybites.com/boston/wp-cron.php?doing_wp_cron=1565628501.0382490158081054687500" "WordPress/4.9.6; https://cary.mommybites.com/boston"
37.187.162.191 - - [12/Aug/2019:12:48:20 -0400] "GET /boston/feed/ HTTP/1.1" 304 - "-" "Mozilla/5.0 (compatible; PaperLiBot/2.1; https://support.paper.li/entries/20023257-what-is-paper-li)"
172.68.143.50 - - [12/Aug/2019:14:46:01 -0400] "POST /wp-cron.php?doing_wp_cron=1565635561.3666861057281494140625 HTTP/1.1" 200 20 "https://cary.mommybites.com/wp-cron.php?doing_wp_cron=1565635561.3666861057281494140625" "WordPress/4.9.6; https://cary.mommybites.com"
159.69.242.206 - - [12/Aug/2019:14:46:01 -0400] "GET /feed HTTP/1.1" 301 20 "-" "FeedBurner/1.0 (http://www.FeedBurner.com) Mozilla/5.0 (Macintosh; Intel Mac OS X 10_11_6) AppleWebKit/537.36 (KHTML, like Gecko) Chrome/63.0.3239.132 Safari/537.36 Specificfeeds- http://www.specificfeeds.com"
159.69.242.206 - - [12/Aug/2019:14:46:02 -0400] "GET /feed/ HTTP/1.1" 200 23048 "-" "FeedBurner/1.0 (http://www.FeedBurner.com) Mozilla/5.0 (Macintosh; Intel Mac OS X 10_11_6) AppleWebKit/537.36 (KHTML, like Gecko) Chrome/63.0.3239.132 Safari/537.36 Specificfeeds- http://www.specificfeeds.com"
172.68.174.96 - - [12/Aug/2019:15:27:43 -0400] "GET /robots.txt HTTP/1.1" 304 - "-" "Mozilla/5.0 (compatible; DotBot/1.1; http://www.opensiteexplorer.org/dotbot, [email protected])"
172.68.174.96 - - [12/Aug/2019:16:13:29 -0400] "GET /robots.txt HTTP/1.1" 304 - "-" "Mozilla/5.0 (compatible; DotBot/1.1; http://www.opensiteexplorer.org/dotbot, [email protected])"
172.68.142.97 - - [12/Aug/2019:18:48:19 -0400] "POST /boston/wp-cron.php?doing_wp_cron=1565650099.1253190040588378906250 HTTP/1.1" 200 20 "https://cary.mommybites.com/boston/wp-cron.php?doing_wp_cron=1565650099.1253190040588378906250" "WordPress/4.9.6; https://cary.mommybites.com/boston"
37.187.162.191 - - [12/Aug/2019:18:48:18 -0400] "GET /boston/feed/ HTTP/1.1" 304 - "-" "Mozilla/5.0 (compatible; PaperLiBot/2.1; https://support.paper.li/entries/20023257-what-is-paper-li)"
172.68.182.168 - - [12/Aug/2019:19:01:11 -0400] "GET /robots.txt HTTP/1.1" 200 486 "-" "Mozilla/5.0 (Windows; U; Windows NT 5.1; en-US; rv:1.8.1.6) Gecko/20070725 Firefox/2.0.0.6"
159.69.189.72 - - [12/Aug/2019:20:08:53 -0400] "GET /feed HTTP/1.1" 301 20 "-" "FeedBurner/1.0 (http://www.FeedBurner.com) Mozilla/5.0 (Macintosh; Intel Mac OS X 10_11_6) AppleWebKit/537.36 (KHTML, like Gecko) Chrome/63.0.3239.132 Safari/537.36 Specificfeeds- http://www.specificfeeds.com"
172.68.142.175 - - [12/Aug/2019:20:08:53 -0400] "POST /wp-cron.php?doing_wp_cron=1565654933.5385279655456542968750 HTTP/1.1" 200 20 "https://cary.mommybites.com/wp-cron.php?doing_wp_cron=1565654933.5385279655456542968750" "WordPress/4.9.6; https://cary.mommybites.com"
159.69.189.72 - - [12/Aug/2019:20:08:55 -0400] "GET /feed/ HTTP/1.1" 200 23048 "-" "FeedBurner/1.0 (http://www.FeedBurner.com) Mozilla/5.0 (Macintosh; Intel Mac OS X 10_11_6) AppleWebKit/537.36 (KHTML, like Gecko) Chrome/63.0.3239.132 Safari/537.36 Specificfeeds- http://www.specificfeeds.com"
172.69.23.5 - - [13/Aug/2019:00:39:57 -0400] "POST /wp-cron.php?doing_wp_cron=1565671197.6579129695892333984375 HTTP/1.1" 200 20 "https://cary.mommybites.com/wp-cron.php?doing_wp_cron=1565671197.6579129695892333984375" "WordPress/4.9.6; https://cary.mommybites.com"
159.69.242.206 - - [13/Aug/2019:00:39:57 -0400] "GET /feed HTTP/1.1" 301 20 "-" "FeedBurner/1.0 (http://www.FeedBurner.com) Mozilla/5.0 (Macintosh; Intel Mac OS X 10_11_6) AppleWebKit/537.36 (KHTML, like Gecko) Chrome/63.0.3239.132 Safari/537.36 Specificfeeds- http://www.specificfeeds.com"
159.69.242.206 - - [13/Aug/2019:00:39:59 -0400] "GET /feed/ HTTP/1.1" 200 23048 "-" "FeedBurner/1.0 (http://www.FeedBurner.com) Mozilla/5.0 (Macintosh; Intel Mac OS X 10_11_6) AppleWebKit/537.36 (KHTML, like Gecko) Chrome/63.0.3239.132 Safari/537.36 Specificfeeds- http://www.specificfeeds.com"
172.68.141.168 - - [13/Aug/2019:00:48:19 -0400] "POST /boston/wp-cron.php?doing_wp_cron=1565671699.2357270717620849609375 HTTP/1.1" 200 20 "https://cary.mommybites.com/boston/wp-cron.php?doing_wp_cron=1565671699.2357270717620849609375" "WordPress/4.9.6; https://cary.mommybites.com/boston"
37.187.162.191 - - [13/Aug/2019:00:48:19 -0400] "GET /boston/feed/ HTTP/1.1" 304 - "-" "Mozilla/5.0 (compatible; PaperLiBot/2.1; https://support.paper.li/entries/20023257-what-is-paper-li)"
159.69.189.72 - - [13/Aug/2019:04:41:07 -0400] "GET /feed HTTP/1.1" 301 20 "-" "FeedBurner/1.0 (http://www.FeedBurner.com) Mozilla/5.0 (Macintosh; Intel Mac OS X 10_11_6) AppleWebKit/537.36 (KHTML, like Gecko) Chrome/63.0.3239.132 Safari/537.36 Specificfeeds- http://www.specificfeeds.com"
172.69.23.5 - - [13/Aug/2019:04:41:07 -0400] "POST /wp-cron.php?doing_wp_cron=1565685667.8486330509185791015625 HTTP/1.1" 200 20 "https://cary.mommybites.com/wp-cron.php?doing_wp_cron=1565685667.8486330509185791015625" "WordPress/4.9.6; https://cary.mommybites.com"
159.69.189.72 - - [13/Aug/2019:04:41:09 -0400] "GET /feed/ HTTP/1.1" 200 23048 "-" "FeedBurner/1.0 (http://www.FeedBurner.com) Mozilla/5.0 (Macintosh; Intel Mac OS X 10_11_6) AppleWebKit/537.36 (KHTML, like Gecko) Chrome/63.0.3239.132 Safari/537.36 Specificfeeds- http://www.specificfeeds.com"
172.68.253.205 - - [13/Aug/2019:04:42:27 -0400] "GET / HTTP/1.1" 200 19157 "-" "Mozilla/5.0 (compatible; Baiduspider/2.0; +http://www.baidu.com/search/spider.html)"
172.68.141.156 - - [13/Aug/2019:06:16:02 -0400] "POST /wp-cron.php?doing_wp_cron=1565691362.5153980255126953125000 HTTP/1.1" 200 20 "https://cary.mommybites.com/wp-cron.php?doing_wp_cron=1565691362.5153980255126953125000" "WordPress/4.9.6; https://cary.mommybites.com"
180.76.15.17 - - [13/Aug/2019:06:16:02 -0400] "GET /xmlrpc.php HTTP/1.1" 405 60 "-" "Mozilla/5.0 (compatible; Baiduspider/2.0; +http://www.baidu.com/search/spider.html)"
172.68.142.175 - - [13/Aug/2019:06:48:20 -0400] "POST /boston/wp-cron.php?doing_wp_cron=1565693300.4466691017150878906250 HTTP/1.1" 200 20 "https://cary.mommybites.com/boston/wp-cron.php?doing_wp_cron=1565693300.4466691017150878906250" "WordPress/4.9.6; https://cary.mommybites.com/boston"
37.187.162.191 - - [13/Aug/2019:06:48:20 -0400] "GET /boston/feed/ HTTP/1.1" 304 - "-" "Mozilla/5.0 (compatible; PaperLiBot/2.1; https://support.paper.li/entries/20023257-what-is-paper-li)"
172.68.132.79 - - [13/Aug/2019:09:20:12 -0400] "POST /wp-cron.php?doing_wp_cron=1565702412.0423328876495361328125 HTTP/1.1" 200 20 "https://cary.mommybites.com/wp-cron.php?doing_wp_cron=1565702412.0423328876495361328125" "WordPress/4.9.6; https://cary.mommybites.com"
159.69.242.206 - - [13/Aug/2019:09:20:11 -0400] "GET /feed HTTP/1.1" 301 20 "-" "FeedBurner/1.0 (http://www.FeedBurner.com) Mozilla/5.0 (Macintosh; Intel Mac OS X 10_11_6) AppleWebKit/537.36 (KHTML, like Gecko) Chrome/63.0.3239.132 Safari/537.36 Specificfeeds- http://www.specificfeeds.com"
159.69.242.206 - - [13/Aug/2019:09:20:14 -0400] "GET /feed/ HTTP/1.1" 200 23048 "-" "FeedBurner/1.0 (http://www.FeedBurner.com) Mozilla/5.0 (Macintosh; Intel Mac OS X 10_11_6) AppleWebKit/537.36 (KHTML, like Gecko) Chrome/63.0.3239.132 Safari/537.36 Specificfeeds- http://www.specificfeeds.com"
209.17.97.50 - - [13/Aug/2019:09:26:47 -0400] "GET / HTTP/1.1" 200 19157 "-" "Mozilla/5.0 (compatible; Nimbostratus-Bot/v1.3.2; http://cloudsystemnetworks.com)"
172.68.65.182 - - [13/Aug/2019:11:27:51 -0400] "GET /newyork/files/2018/11/Flexible-jobs-for-parents-in-NYC-1-1024x683.jpg HTTP/1.1" 200 88290 "https://mommybites.com/newyork/find-a-job/" "Mozilla/5.0 (Windows NT 10.0; Win64; x64) AppleWebKit/537.36 (KHTML, like Gecko) Chrome/64.0.3282.140 Safari/537.36 Edge/17.17134"
172.68.133.170 - - [13/Aug/2019:12:48:18 -0400] "POST /boston/wp-cron.php?doing_wp_cron=1565714898.4592039585113525390625 HTTP/1.1" 200 20 "https://cary.mommybites.com/boston/wp-cron.php?doing_wp_cron=1565714898.4592039585113525390625" "WordPress/4.9.6; https://cary.mommybites.com/boston"
37.187.162.191 - - [13/Aug/2019:12:48:18 -0400] "GET /boston/feed/ HTTP/1.1" 304 - "-" "Mozilla/5.0 (compatible; PaperLiBot/2.1; https://support.paper.li/entries/20023257-what-is-paper-li)"
172.68.132.79 - - [13/Aug/2019:14:36:10 -0400] "POST /wp-cron.php?doing_wp_cron=1565721370.5305590629577636718750 HTTP/1.1" 200 20 "https://cary.mommybites.com/wp-cron.php?doing_wp_cron=1565721370.5305590629577636718750" "WordPress/4.9.6; https://cary.mommybites.com"
159.69.242.206 - - [13/Aug/2019:14:36:10 -0400] "GET /feed HTTP/1.1" 301 20 "-" "FeedBurner/1.0 (http://www.FeedBurner.com) Mozilla/5.0 (Macintosh; Intel Mac OS X 10_11_6) AppleWebKit/537.36 (KHTML, like Gecko) Chrome/63.0.3239.132 Safari/537.36 Specificfeeds- http://www.specificfeeds.com"
159.69.242.206 - - [13/Aug/2019:14:36:12 -0400] "GET /feed/ HTTP/1.1" 200 23048 "-" "FeedBurner/1.0 (http://www.FeedBurner.com) Mozilla/5.0 (Macintosh; Intel Mac OS X 10_11_6) AppleWebKit/537.36 (KHTML, like Gecko) Chrome/63.0.3239.132 Safari/537.36 Specificfeeds- http://www.specificfeeds.com"
172.68.143.50 - - [13/Aug/2019:14:51:10 -0400] "POST /newyork/wp-cron.php?doing_wp_cron=1565722270.4643330574035644531250 HTTP/1.1" 200 20 "https://cary.mommybites.com/newyork/wp-cron.php?doing_wp_cron=1565722270.4643330574035644531250" "WordPress/4.9.6; https://cary.mommybites.com/newyork"
172.68.253.43 - - [13/Aug/2019:14:51:10 -0400] "GET /newyork/category/col2/dads/ HTTP/1.1" 200 14139 "-" "Mozilla/5.0 (compatible; Baiduspider/2.0; +http://www.baidu.com/search/spider.html)"
2003:e3:fbc7:c52:5939:a1eb:5b51:cb7f - - [13/Aug/2019:15:18:05 -0400] "GET /newyork/files/2018/11/Flexible-jobs-for-parents-in-NYC-1-1024x683.jpg HTTP/1.1" 200 88290 "-" "Mozilla/5.0 (iPhone; CPU iPhone OS 12_3_1 like Mac OS X) AppleWebKit/605.1.15 (KHTML, like Gecko) Version/12.1.1 Mobile/15E148 Safari/604.1"
172.68.142.175 - - [13/Aug/2019:18:48:18 -0400] "POST /boston/wp-cron.php?doing_wp_cron=1565736498.4810409545898437500000 HTTP/1.1" 200 20 "https://cary.mommybites.com/boston/wp-cron.php?doing_wp_cron=1565736498.4810409545898437500000" "WordPress/4.9.6; https://cary.mommybites.com/boston"
37.187.162.191 - - [13/Aug/2019:18:48:18 -0400] "GET /boston/feed/ HTTP/1.1" 304 - "-" "Mozilla/5.0 (compatible; PaperLiBot/2.1; https://support.paper.li/entries/20023257-what-is-paper-li)"
159.69.189.72 - - [13/Aug/2019:19:34:20 -0400] "GET /feed HTTP/1.1" 301 20 "-" "FeedBurner/1.0 (http://www.FeedBurner.com) Mozilla/5.0 (Macintosh; Intel Mac OS X 10_11_6) AppleWebKit/537.36 (KHTML, like Gecko) Chrome/63.0.3239.132 Safari/537.36 Specificfeeds- http://www.specificfeeds.com"
172.68.141.168 - - [13/Aug/2019:19:34:21 -0400] "POST /wp-cron.php?doing_wp_cron=1565739260.9150569438934326171875 HTTP/1.1" 200 20 "https://cary.mommybites.com/wp-cron.php?doing_wp_cron=1565739260.9150569438934326171875" "WordPress/4.9.6; https://cary.mommybites.com"
159.69.189.72 - - [13/Aug/2019:19:34:22 -0400] "GET /feed/ HTTP/1.1" 200 23048 "-" "FeedBurner/1.0 (http://www.FeedBurner.com) Mozilla/5.0 (Macintosh; Intel Mac OS X 10_11_6) AppleWebKit/537.36 (KHTML, like Gecko) Chrome/63.0.3239.132 Safari/537.36 Specificfeeds- http://www.specificfeeds.com"
172.68.174.96 - - [13/Aug/2019:19:41:17 -0400] "GET /robots.txt HTTP/1.1" 200 486 "-" "Mozilla/5.0 (compatible; DotBot/1.1; http://www.opensiteexplorer.org/dotbot, [email protected])"
172.68.65.8 - - [13/Aug/2019:20:03:58 -0400] "GET /robots.txt HTTP/1.1" 200 486 "-" "CCBot/2.0 (https://commoncrawl.org/faq/)"
172.69.23.5 - - [13/Aug/2019:21:00:22 -0400] "POST /newyork/wp-cron.php?doing_wp_cron=1565744422.1450800895690917968750 HTTP/1.1" 200 20 "https://cary.mommybites.com/newyork/wp-cron.php?doing_wp_cron=1565744422.1450800895690917968750" "WordPress/4.9.6; https://cary.mommybites.com/newyork"
126.200.121.33 - - [13/Aug/2019:21:00:21 -0400] "GET /newyork/child-care/nanny-post-view/ HTTP/1.1" 200 15371 "-" "Mozilla/5.0 (iPhone; CPU iPhone OS 11_1_2 like Mac OS X) AppleWebKit/604.3.5 (KHTML, like Gecko) Version/11.0 Mobile/15B202 Safari/604.1"
126.200.121.33 - - [13/Aug/2019:21:00:23 -0400] "GET /apple-touch-icon-120x120-precomposed.png HTTP/1.1" 200 8059 "-" "MobileSafari/604.1 CFNetwork/889.9 Darwin/17.2.0"
159.69.189.72 - - [13/Aug/2019:23:49:11 -0400] "GET /feed HTTP/1.1" 301 20 "-" "FeedBurner/1.0 (http://www.FeedBurner.com) Mozilla/5.0 (Macintosh; Intel Mac OS X 10_11_6) AppleWebKit/537.36 (KHTML, like Gecko) Chrome/63.0.3239.132 Safari/537.36 Specificfeeds- http://www.specificfeeds.com"
172.68.142.37 - - [13/Aug/2019:23:49:11 -0400] "POST /wp-cron.php?doing_wp_cron=1565754551.7130448818206787109375 HTTP/1.1" 200 20 "https://cary.mommybites.com/wp-cron.php?doing_wp_cron=1565754551.7130448818206787109375" "WordPress/4.9.6; https://cary.mommybites.com"
159.69.189.72 - - [13/Aug/2019:23:49:13 -0400] "GET /feed/ HTTP/1.1" 200 23048 "-" "FeedBurner/1.0 (http://www.FeedBurner.com) Mozilla/5.0 (Macintosh; Intel Mac OS X 10_11_6) AppleWebKit/537.36 (KHTML, like Gecko) Chrome/63.0.3239.132 Safari/537.36 Specificfeeds- http://www.specificfeeds.com"
172.68.133.170 - - [14/Aug/2019:00:31:11 -0400] "POST /wp-cron.php?doing_wp_cron=1565757071.7240250110626220703125 HTTP/1.1" 200 20 "https://cary.mommybites.com/wp-cron.php?doing_wp_cron=1565757071.7240250110626220703125" "WordPress/4.9.6; https://cary.mommybites.com"
159.69.189.72 - - [14/Aug/2019:00:31:11 -0400] "GET /feed HTTP/1.1" 301 20 "-" "FeedBurner/1.0 (http://www.FeedBurner.com) Mozilla/5.0 (Macintosh; Intel Mac OS X 10_11_6) AppleWebKit/537.36 (KHTML, like Gecko) Chrome/63.0.3239.132 Safari/537.36 Specificfeeds- http://www.specificfeeds.com"
159.69.189.72 - - [14/Aug/2019:00:31:12 -0400] "GET /feed/ HTTP/1.1" 200 23048 "-" "FeedBurner/1.0 (http://www.FeedBurner.com) Mozilla/5.0 (Macintosh; Intel Mac OS X 10_11_6) AppleWebKit/537.36 (KHTML, like Gecko) Chrome/63.0.3239.132 Safari/537.36 Specificfeeds- http://www.specificfeeds.com"
205.164.44.178 - - [14/Aug/2019:00:48:18 -0400] "POST /boston/wp-cron.php?doing_wp_cron=1565758098.3678989410400390625000 HTTP/1.1" 200 20 "https://cary.mommybites.com/boston/wp-cron.php?doing_wp_cron=1565758098.3678989410400390625000" "WordPress/4.9.6; https://cary.mommybites.com/boston"
37.187.162.191 - - [14/Aug/2019:00:48:18 -0400] "GET /boston/feed/ HTTP/1.1" 304 - "-" "Mozilla/5.0 (compatible; PaperLiBot/2.1; https://support.paper.li/entries/20023257-what-is-paper-li)"
172.68.133.206 - - [14/Aug/2019:01:18:45 -0400] "POST /wp-cron.php?doing_wp_cron=1565759925.8710649013519287109375 HTTP/1.1" 200 20 "https://cary.mommybites.com/wp-cron.php?doing_wp_cron=1565759925.8710649013519287109375" "WordPress/4.9.6; https://cary.mommybites.com"
180.76.15.153 - - [14/Aug/2019:01:18:45 -0400] "GET / HTTP/1.1" 200 19157 "-" "Mozilla/5.0 (compatible; Baiduspider/2.0; +http://www.baidu.com/search/spider.html)"
77.75.77.11 - - [14/Aug/2019:02:37:18 -0400] "GET /robots.txt HTTP/1.1" 200 486 "-" "Mozilla/5.0 (compatible; SeznamBot/3.2; +http://napoveda.seznam.cz/en/seznambot-intro/)"
159.69.189.72 - - [14/Aug/2019:04:43:07 -0400] "GET /feed HTTP/1.1" 301 20 "-" "FeedBurner/1.0 (http://www.FeedBurner.com) Mozilla/5.0 (Macintosh; Intel Mac OS X 10_11_6) AppleWebKit/537.36 (KHTML, like Gecko) Chrome/63.0.3239.132 Safari/537.36 Specificfeeds- http://www.specificfeeds.com"
172.68.133.170 - - [14/Aug/2019:04:43:07 -0400] "POST /wp-cron.php?doing_wp_cron=1565772187.3323240280151367187500 HTTP/1.1" 200 20 "https://cary.mommybites.com/wp-cron.php?doing_wp_cron=1565772187.3323240280151367187500" "WordPress/4.9.6; https://cary.mommybites.com"
159.69.189.72 - - [14/Aug/2019:04:43:09 -0400] "GET /feed/ HTTP/1.1" 200 23048 "-" "FeedBurner/1.0 (http://www.FeedBurner.com) Mozilla/5.0 (Macintosh; Intel Mac OS X 10_11_6) AppleWebKit/537.36 (KHTML, like Gecko) Chrome/63.0.3239.132 Safari/537.36 Specificfeeds- http://www.specificfeeds.com"
172.68.142.37 - - [14/Aug/2019:06:48:20 -0400] "POST /boston/wp-cron.php?doing_wp_cron=1565779700.3497750759124755859375 HTTP/1.1" 200 20 "https://cary.mommybites.com/boston/wp-cron.php?doing_wp_cron=1565779700.3497750759124755859375" "WordPress/4.9.6; https://cary.mommybites.com/boston"
37.187.162.191 - - [14/Aug/2019:06:48:20 -0400] "GET /boston/feed/ HTTP/1.1" 304 - "-" "Mozilla/5.0 (compatible; PaperLiBot/2.1; https://support.paper.li/entries/20023257-what-is-paper-li)"
172.69.23.53 - - [14/Aug/2019:08:26:52 -0400] "POST /wp-cron.php?doing_wp_cron=1565785612.1993401050567626953125 HTTP/1.1" 200 20 "https://cary.mommybites.com/wp-cron.php?doing_wp_cron=1565785612.1993401050567626953125" "WordPress/4.9.6; https://cary.mommybites.com"
159.69.189.72 - - [14/Aug/2019:08:26:51 -0400] "GET /feed HTTP/1.1" 301 20 "-" "FeedBurner/1.0 (http://www.FeedBurner.com) Mozilla/5.0 (Macintosh; Intel Mac OS X 10_11_6) AppleWebKit/537.36 (KHTML, like Gecko) Chrome/63.0.3239.132 Safari/537.36 Specificfeeds- http://www.specificfeeds.com"
159.69.189.72 - - [14/Aug/2019:08:26:54 -0400] "GET /feed/ HTTP/1.1" 200 23048 "-" "FeedBurner/1.0 (http://www.FeedBurner.com) Mozilla/5.0 (Macintosh; Intel Mac OS X 10_11_6) AppleWebKit/537.36 (KHTML, like Gecko) Chrome/63.0.3239.132 Safari/537.36 Specificfeeds- http://www.specificfeeds.com"
172.68.255.106 - - [14/Aug/2019:10:15:34 -0400] "GET /wp-content/plugins/contact-form-7/includes/js/scripts.js HTTP/1.1" 200 3667 "-" "Mozilla/5.0 (compatible; Baiduspider/2.0; +http://www.baidu.com/search/spider.html)"
172.68.10.210 - - [14/Aug/2019:10:43:01 -0400] "GET /robots.txt HTTP/1.1" 200 486 "-" "Mozilla/5.0 (compatible; YandexBot/3.0; +http://yandex.com/bots)"
172.69.22.220 - - [14/Aug/2019:12:48:20 -0400] "POST /boston/wp-cron.php?doing_wp_cron=1565801300.3667969703674316406250 HTTP/1.1" 200 20 "https://cary.mommybites.com/boston/wp-cron.php?doing_wp_cron=1565801300.3667969703674316406250" "WordPress/4.9.6; https://cary.mommybites.com/boston"
37.187.162.191 - - [14/Aug/2019:12:48:20 -0400] "GET /boston/feed/ HTTP/1.1" 304 - "-" "Mozilla/5.0 (compatible; PaperLiBot/2.1; https://support.paper.li/entries/20023257-what-is-paper-li)"
172.68.132.67 - - [14/Aug/2019:13:26:05 -0400] "POST /wp-cron.php?doing_wp_cron=1565803565.0080521106719970703125 HTTP/1.1" 200 20 "https://cary.mommybites.com/wp-cron.php?doing_wp_cron=1565803565.0080521106719970703125" "WordPress/4.9.6; https://cary.mommybites.com"
159.69.189.72 - - [14/Aug/2019:13:26:04 -0400] "GET /feed HTTP/1.1" 301 20 "-" "FeedBurner/1.0 (http://www.FeedBurner.com) Mozilla/5.0 (Macintosh; Intel Mac OS X 10_11_6) AppleWebKit/537.36 (KHTML, like Gecko) Chrome/63.0.3239.132 Safari/537.36 Specificfeeds- http://www.specificfeeds.com"
159.69.189.72 - - [14/Aug/2019:13:26:07 -0400] "GET /feed/ HTTP/1.1" 200 23048 "-" "FeedBurner/1.0 (http://www.FeedBurner.com) Mozilla/5.0 (Macintosh; Intel Mac OS X 10_11_6) AppleWebKit/537.36 (KHTML, like Gecko) Chrome/63.0.3239.132 Safari/537.36 Specificfeeds- http://www.specificfeeds.com"
172.68.54.72 - - [14/Aug/2019:13:30:02 -0400] "GET /newyork/files/2018/11/Flexible-jobs-for-parents-in-NYC-1-1024x683.jpg HTTP/1.1" 200 88290 "-" "Mozilla/5.0 (iPhone; CPU iPhone OS 11_2_6 like Mac OS X) AppleWebKit/604.5.6 (KHTML, like Gecko) Version/11.0 Mobile/15D100 Safari/604.1"
66.249.69.1 - - [14/Aug/2019:14:24:07 -0400] "GET /robots.txt HTTP/1.1" 200 486 "-" "Mozilla/5.0 (compatible; Googlebot/2.1; +http://www.google.com/bot.html)"
2600:1017:b40b:5cfb:f95a:dfbf:14ff:72f3 - - [14/Aug/2019:16:35:38 -0400] "GET /newyork/files/2018/11/Flexible-jobs-for-parents-in-NYC-1-1024x683.jpg HTTP/1.1" 200 88290 "-" "Mozilla/5.0 (iPhone; CPU iPhone OS 12_4 like Mac OS X) AppleWebKit/605.1.15 (KHTML, like Gecko) Version/12.1.2 Mobile/15E148 Safari/604.1"
159.69.189.72 - - [14/Aug/2019:17:51:02 -0400] "GET /feed HTTP/1.1" 301 20 "-" "FeedBurner/1.0 (http://www.FeedBurner.com) Mozilla/5.0 (Macintosh; Intel Mac OS X 10_11_6) AppleWebKit/537.36 (KHTML, like Gecko) Chrome/63.0.3239.132 Safari/537.36 Specificfeeds- http://www.specificfeeds.com"
172.68.142.37 - - [14/Aug/2019:17:51:02 -0400] "POST /wp-cron.php?doing_wp_cron=1565819462.5477309226989746093750 HTTP/1.1" 200 20 "https://cary.mommybites.com/wp-cron.php?doing_wp_cron=1565819462.5477309226989746093750" "WordPress/4.9.6; https://cary.mommybites.com"
159.69.189.72 - - [14/Aug/2019:17:51:04 -0400] "GET /feed/ HTTP/1.1" 200 23048 "-" "FeedBurner/1.0 (http://www.FeedBurner.com) Mozilla/5.0 (Macintosh; Intel Mac OS X 10_11_6) AppleWebKit/537.36 (KHTML, like Gecko) Chrome/63.0.3239.132 Safari/537.36 Specificfeeds- http://www.specificfeeds.com"
172.68.143.86 - - [14/Aug/2019:18:48:20 -0400] "POST /boston/wp-cron.php?doing_wp_cron=1565822900.5149300098419189453125 HTTP/1.1" 200 20 "https://cary.mommybites.com/boston/wp-cron.php?doing_wp_cron=1565822900.5149300098419189453125" "WordPress/4.9.6; https://cary.mommybites.com/boston"
37.187.162.191 - - [14/Aug/2019:18:48:20 -0400] "GET /boston/feed/ HTTP/1.1" 304 - "-" "Mozilla/5.0 (compatible; PaperLiBot/2.1; https://support.paper.li/entries/20023257-what-is-paper-li)"
216.244.66.227 - - [14/Aug/2019:20:06:08 -0400] "GET /robots.txt HTTP/1.1" 304 - "-" "Mozilla/5.0 (compatible; DotBot/1.1; http://www.opensiteexplorer.org/dotbot, [email protected])"
180.76.15.141 - - [14/Aug/2019:21:28:32 -0400] "GET / HTTP/1.1" 200 19157 "-" "Mozilla/5.0 (compatible; Baiduspider/2.0; +http://www.baidu.com/search/spider.html)"
172.69.22.238 - - [14/Aug/2019:21:28:32 -0400] "POST /wp-cron.php?doing_wp_cron=1565832512.9085729122161865234375 HTTP/1.1" 200 20 "https://cary.mommybites.com/wp-cron.php?doing_wp_cron=1565832512.9085729122161865234375" "WordPress/4.9.6; https://cary.mommybites.com"
172.69.22.172 - - [14/Aug/2019:22:11:07 -0400] "POST /wp-cron.php?doing_wp_cron=1565835067.7642590999603271484375 HTTP/1.1" 200 20 "https://cary.mommybites.com/wp-cron.php?doing_wp_cron=1565835067.7642590999603271484375" "WordPress/4.9.6; https://cary.mommybites.com"
159.69.189.72 - - [14/Aug/2019:22:11:07 -0400] "GET /feed HTTP/1.1" 301 20 "-" "FeedBurner/1.0 (http://www.FeedBurner.com) Mozilla/5.0 (Macintosh; Intel Mac OS X 10_11_6) AppleWebKit/537.36 (KHTML, like Gecko) Chrome/63.0.3239.132 Safari/537.36 Specificfeeds- http://www.specificfeeds.com"
159.69.189.72 - - [14/Aug/2019:22:11:09 -0400] "GET /feed/ HTTP/1.1" 200 23048 "-" "FeedBurner/1.0 (http://www.FeedBurner.com) Mozilla/5.0 (Macintosh; Intel Mac OS X 10_11_6) AppleWebKit/537.36 (KHTML, like Gecko) Chrome/63.0.3239.132 Safari/537.36 Specificfeeds- http://www.specificfeeds.com"
172.68.189.177 - - [15/Aug/2019:00:48:19 -0400] "POST /boston/wp-cron.php?doing_wp_cron=1565844499.4729011058807373046875 HTTP/1.1" 200 20 "https://cary.mommybites.com/boston/wp-cron.php?doing_wp_cron=1565844499.4729011058807373046875" "WordPress/4.9.6; https://cary.mommybites.com/boston"
37.187.162.191 - - [15/Aug/2019:00:48:19 -0400] "GET /boston/feed/ HTTP/1.1" 304 - "-" "Mozilla/5.0 (compatible; PaperLiBot/2.1; https://support.paper.li/entries/20023257-what-is-paper-li)"
172.69.22.220 - - [15/Aug/2019:02:47:39 -0400] "POST /wp-cron.php?doing_wp_cron=1565851659.4724419116973876953125 HTTP/1.1" 200 20 "https://cary.mommybites.com/wp-cron.php?doing_wp_cron=1565851659.4724419116973876953125" "WordPress/4.9.6; https://cary.mommybites.com"
159.69.242.206 - - [15/Aug/2019:02:47:39 -0400] "GET /feed HTTP/1.1" 301 20 "-" "FeedBurner/1.0 (http://www.FeedBurner.com) Mozilla/5.0 (Macintosh; Intel Mac OS X 10_11_6) AppleWebKit/537.36 (KHTML, like Gecko) Chrome/63.0.3239.132 Safari/537.36 Specificfeeds- http://www.specificfeeds.com"
159.69.242.206 - - [15/Aug/2019:02:47:40 -0400] "GET /feed/ HTTP/1.1" 200 23048 "-" "FeedBurner/1.0 (http://www.FeedBurner.com) Mozilla/5.0 (Macintosh; Intel Mac OS X 10_11_6) AppleWebKit/537.36 (KHTML, like Gecko) Chrome/63.0.3239.132 Safari/537.36 Specificfeeds- http://www.specificfeeds.com"
209.17.97.58 - - [15/Aug/2019:03:51:29 -0400] "GET / HTTP/1.1" 200 19157 "-" "Mozilla/5.0 (compatible; Nimbostratus-Bot/v1.3.2; http://cloudsystemnetworks.com)"
172.68.143.128 - - [15/Aug/2019:03:51:29 -0400] "POST /wp-cron.php?doing_wp_cron=1565855489.7070770263671875000000 HTTP/1.1" 200 20 "https://cary.mommybites.com/wp-cron.php?doing_wp_cron=1565855489.7070770263671875000000" "WordPress/4.9.6; https://cary.mommybites.com"
157.55.39.1 - - [15/Aug/2019:04:35:56 -0400] "GET /robots.txt HTTP/1.1" 304 - "-" "Mozilla/5.0 (compatible; bingbot/2.0; +http://www.bing.com/bingbot.htm)"
172.68.189.237 - - [15/Aug/2019:06:48:20 -0400] "POST /boston/wp-cron.php?doing_wp_cron=1565866100.4391050338745117187500 HTTP/1.1" 200 20 "https://cary.mommybites.com/boston/wp-cron.php?doing_wp_cron=1565866100.4391050338745117187500" "WordPress/4.9.6; https://cary.mommybites.com/boston"
37.187.162.191 - - [15/Aug/2019:06:48:20 -0400] "GET /boston/feed/ HTTP/1.1" 304 - "-" "Mozilla/5.0 (compatible; PaperLiBot/2.1; https://support.paper.li/entries/20023257-what-is-paper-li)"
172.69.22.220 - - [15/Aug/2019:07:24:34 -0400] "POST /wp-cron.php?doing_wp_cron=1565868274.8347289562225341796875 HTTP/1.1" 200 20 "https://cary.mommybites.com/wp-cron.php?doing_wp_cron=1565868274.8347289562225341796875" "WordPress/4.9.6; https://cary.mommybites.com"
159.69.189.72 - - [15/Aug/2019:07:24:34 -0400] "GET /feed HTTP/1.1" 301 20 "-" "FeedBurner/1.0 (http://www.FeedBurner.com) Mozilla/5.0 (Macintosh; Intel Mac OS X 10_11_6) AppleWebKit/537.36 (KHTML, like Gecko) Chrome/63.0.3239.132 Safari/537.36 Specificfeeds- http://www.specificfeeds.com"
159.69.189.72 - - [15/Aug/2019:07:24:37 -0400] "GET /feed/ HTTP/1.1" 200 23048 "-" "FeedBurner/1.0 (http://www.FeedBurner.com) Mozilla/5.0 (Macintosh; Intel Mac OS X 10_11_6) AppleWebKit/537.36 (KHTML, like Gecko) Chrome/63.0.3239.132 Safari/537.36 Specificfeeds- http://www.specificfeeds.com"
172.68.142.169 - - [15/Aug/2019:11:57:08 -0400] "POST /wp-cron.php?doing_wp_cron=1565884628.1258139610290527343750 HTTP/1.1" 200 20 "https://cary.mommybites.com/wp-cron.php?doing_wp_cron=1565884628.1258139610290527343750" "WordPress/4.9.6; https://cary.mommybites.com"
