216.244.66.227 - - [22/Jul/2019:19:56:23 -0400] "GET /robots.txt HTTP/1.1" 304 - "-" "Mozilla/5.0 (compatible; DotBot/1.1; http://www.opensiteexplorer.org/dotbot, [email protected])"
172.68.142.97 - - [22/Jul/2019:20:17:33 -0400] "POST /wp-cron.php?doing_wp_cron=1563841053.8812680244445800781250 HTTP/1.1" 200 20 "https://cary.mommybites.com/wp-cron.php?doing_wp_cron=1563841053.8812680244445800781250" "WordPress/4.9.6; https://cary.mommybites.com"
159.69.189.72 - - [22/Jul/2019:20:17:33 -0400] "GET /feed HTTP/1.1" 301 20 "-" "FeedBurner/1.0 (http://www.FeedBurner.com) Mozilla/5.0 (Macintosh; Intel Mac OS X 10_11_6) AppleWebKit/537.36 (KHTML, like Gecko) Chrome/63.0.3239.132 Safari/537.36 Specificfeeds- http://www.specificfeeds.com"
159.69.189.72 - - [22/Jul/2019:20:17:34 -0400] "GET /feed/ HTTP/1.1" 200 23048 "-" "FeedBurner/1.0 (http://www.FeedBurner.com) Mozilla/5.0 (Macintosh; Intel Mac OS X 10_11_6) AppleWebKit/537.36 (KHTML, like Gecko) Chrome/63.0.3239.132 Safari/537.36 Specificfeeds- http://www.specificfeeds.com"
75.161.239.126 - - [22/Jul/2019:21:26:54 -0400] "GET /newyork/files/2018/11/Flexible-jobs-for-parents-in-NYC-1-1024x683.jpg HTTP/1.1" 200 88290 "-" "Mozilla/5.0 (iPhone; CPU iPhone OS 12_3_1 like Mac OS X) AppleWebKit/605.1.15 (KHTML, like Gecko) Mobile/15E148 [FBAN/FBIOS;FBDV/iPhone10,4;FBMD/iPhone;FBSN/iOS;FBSV/12.3.1;FBSS/2;FBCR/T-Mobile;FBID/phone;FBLC/en_US;FBOP/5]"
159.69.189.72 - - [22/Jul/2019:23:37:03 -0400] "GET /feed HTTP/1.1" 301 20 "-" "FeedBurner/1.0 (http://www.FeedBurner.com) Mozilla/5.0 (Macintosh; Intel Mac OS X 10_11_6) AppleWebKit/537.36 (KHTML, like Gecko) Chrome/63.0.3239.132 Safari/537.36 Specificfeeds- http://www.specificfeeds.com"
172.68.143.170 - - [22/Jul/2019:23:37:03 -0400] "POST /wp-cron.php?doing_wp_cron=1563853023.4420630931854248046875 HTTP/1.1" 200 20 "https://cary.mommybites.com/wp-cron.php?doing_wp_cron=1563853023.4420630931854248046875" "WordPress/4.9.6; https://cary.mommybites.com"
159.69.189.72 - - [22/Jul/2019:23:37:05 -0400] "GET /feed/ HTTP/1.1" 200 23048 "-" "FeedBurner/1.0 (http://www.FeedBurner.com) Mozilla/5.0 (Macintosh; Intel Mac OS X 10_11_6) AppleWebKit/537.36 (KHTML, like Gecko) Chrome/63.0.3239.132 Safari/537.36 Specificfeeds- http://www.specificfeeds.com"
172.69.22.82 - - [23/Jul/2019:00:48:21 -0400] "POST /boston/wp-cron.php?doing_wp_cron=1563857301.0604939460754394531250 HTTP/1.1" 200 20 "https://cary.mommybites.com/boston/wp-cron.php?doing_wp_cron=1563857301.0604939460754394531250" "WordPress/4.9.6; https://cary.mommybites.com/boston"
37.187.162.191 - - [23/Jul/2019:00:48:20 -0400] "GET /boston/feed/ HTTP/1.1" 304 - "-" "Mozilla/5.0 (compatible; PaperLiBot/2.1; https://support.paper.li/entries/20023257-what-is-paper-li)"
205.164.44.178 - - [23/Jul/2019:02:54:01 -0400] "POST /wp-cron.php?doing_wp_cron=1563864841.2364349365234375000000 HTTP/1.1" 200 20 "https://cary.mommybites.com/wp-cron.php?doing_wp_cron=1563864841.2364349365234375000000" "WordPress/4.9.6; https://cary.mommybites.com"
159.69.189.72 - - [23/Jul/2019:02:54:00 -0400] "GET /feed HTTP/1.1" 301 20 "-" "FeedBurner/1.0 (http://www.FeedBurner.com) Mozilla/5.0 (Macintosh; Intel Mac OS X 10_11_6) AppleWebKit/537.36 (KHTML, like Gecko) Chrome/63.0.3239.132 Safari/537.36 Specificfeeds- http://www.specificfeeds.com"
159.69.189.72 - - [23/Jul/2019:02:54:02 -0400] "GET /feed/ HTTP/1.1" 200 23048 "-" "FeedBurner/1.0 (http://www.FeedBurner.com) Mozilla/5.0 (Macintosh; Intel Mac OS X 10_11_6) AppleWebKit/537.36 (KHTML, like Gecko) Chrome/63.0.3239.132 Safari/537.36 Specificfeeds- http://www.specificfeeds.com"
66.249.70.28 - - [23/Jul/2019:04:53:36 -0400] "GET /robots.txt HTTP/1.1" 200 486 "-" "Mozilla/5.0 (compatible; Googlebot/2.1; +http://www.google.com/bot.html)"
172.68.142.97 - - [23/Jul/2019:06:48:18 -0400] "POST /boston/wp-cron.php?doing_wp_cron=1563878898.1652669906616210937500 HTTP/1.1" 200 20 "https://cary.mommybites.com/boston/wp-cron.php?doing_wp_cron=1563878898.1652669906616210937500" "WordPress/4.9.6; https://cary.mommybites.com/boston"
37.187.162.191 - - [23/Jul/2019:06:48:17 -0400] "GET /boston/feed/ HTTP/1.1" 304 - "-" "Mozilla/5.0 (compatible; PaperLiBot/2.1; https://support.paper.li/entries/20023257-what-is-paper-li)"
159.69.189.72 - - [23/Jul/2019:07:27:24 -0400] "GET /feed HTTP/1.1" 301 20 "-" "FeedBurner/1.0 (http://www.FeedBurner.com) Mozilla/5.0 (Macintosh; Intel Mac OS X 10_11_6) AppleWebKit/537.36 (KHTML, like Gecko) Chrome/63.0.3239.132 Safari/537.36 Specificfeeds- http://www.specificfeeds.com"
172.68.141.156 - - [23/Jul/2019:07:27:24 -0400] "POST /wp-cron.php?doing_wp_cron=1563881244.5387570858001708984375 HTTP/1.1" 200 20 "https://cary.mommybites.com/wp-cron.php?doing_wp_cron=1563881244.5387570858001708984375" "WordPress/4.9.6; https://cary.mommybites.com"
159.69.189.72 - - [23/Jul/2019:07:27:27 -0400] "GET /feed/ HTTP/1.1" 200 23048 "-" "FeedBurner/1.0 (http://www.FeedBurner.com) Mozilla/5.0 (Macintosh; Intel Mac OS X 10_11_6) AppleWebKit/537.36 (KHTML, like Gecko) Chrome/63.0.3239.132 Safari/537.36 Specificfeeds- http://www.specificfeeds.com"
172.68.141.156 - - [23/Jul/2019:11:08:50 -0400] "POST /wp-cron.php?doing_wp_cron=1563894530.8691060543060302734375 HTTP/1.1" 200 20 "https://cary.mommybites.com/wp-cron.php?doing_wp_cron=1563894530.8691060543060302734375" "WordPress/4.9.6; https://cary.mommybites.com"
159.69.242.206 - - [23/Jul/2019:11:08:50 -0400] "GET /feed HTTP/1.1" 301 20 "-" "FeedBurner/1.0 (http://www.FeedBurner.com) Mozilla/5.0 (Macintosh; Intel Mac OS X 10_11_6) AppleWebKit/537.36 (KHTML, like Gecko) Chrome/63.0.3239.132 Safari/537.36 Specificfeeds- http://www.specificfeeds.com"
159.69.242.206 - - [23/Jul/2019:11:08:53 -0400] "GET /feed/ HTTP/1.1" 200 23048 "-" "FeedBurner/1.0 (http://www.FeedBurner.com) Mozilla/5.0 (Macintosh; Intel Mac OS X 10_11_6) AppleWebKit/537.36 (KHTML, like Gecko) Chrome/63.0.3239.132 Safari/537.36 Specificfeeds- http://www.specificfeeds.com"
205.164.44.178 - - [23/Jul/2019:12:48:19 -0400] "POST /boston/wp-cron.php?doing_wp_cron=1563900499.4526410102844238281250 HTTP/1.1" 200 20 "https://cary.mommybites.com/boston/wp-cron.php?doing_wp_cron=1563900499.4526410102844238281250" "WordPress/4.9.6; https://cary.mommybites.com/boston"
37.187.162.191 - - [23/Jul/2019:12:48:19 -0400] "GET /boston/feed/ HTTP/1.1" 304 - "-" "Mozilla/5.0 (compatible; PaperLiBot/2.1; https://support.paper.li/entries/20023257-what-is-paper-li)"
172.69.253.142 - - [23/Jul/2019:13:29:23 -0400] "GET /newyork/files/2018/11/Flexible-jobs-for-parents-in-NYC-1-1024x683.jpg HTTP/1.1" 200 88290 "-" "Mozilla/5.0 (Linux; Android 5.1.1; SM-J320H) AppleWebKit/537.36 (KHTML, like Gecko) Chrome/74.0.3729.157 Mobile Safari/537.36"
172.69.22.82 - - [23/Jul/2019:15:20:30 -0400] "POST /wp-cron.php?doing_wp_cron=1563909630.3087670803070068359375 HTTP/1.1" 200 20 "https://cary.mommybites.com/wp-cron.php?doing_wp_cron=1563909630.3087670803070068359375" "WordPress/4.9.6; https://cary.mommybites.com"
159.69.189.72 - - [23/Jul/2019:15:20:29 -0400] "GET /feed HTTP/1.1" 301 20 "-" "FeedBurner/1.0 (http://www.FeedBurner.com) Mozilla/5.0 (Macintosh; Intel Mac OS X 10_11_6) AppleWebKit/537.36 (KHTML, like Gecko) Chrome/63.0.3239.132 Safari/537.36 Specificfeeds- http://www.specificfeeds.com"
159.69.189.72 - - [23/Jul/2019:15:20:32 -0400] "GET /feed/ HTTP/1.1" 200 23048 "-" "FeedBurner/1.0 (http://www.FeedBurner.com) Mozilla/5.0 (Macintosh; Intel Mac OS X 10_11_6) AppleWebKit/537.36 (KHTML, like Gecko) Chrome/63.0.3239.132 Safari/537.36 Specificfeeds- http://www.specificfeeds.com"
216.244.66.227 - - [23/Jul/2019:16:19:58 -0400] "GET /robots.txt HTTP/1.1" 304 - "-" "Mozilla/5.0 (compatible; DotBot/1.1; http://www.opensiteexplorer.org/dotbot, [email protected])"
159.69.242.206 - - [23/Jul/2019:18:38:52 -0400] "GET /feed HTTP/1.1" 301 20 "-" "FeedBurner/1.0 (http://www.FeedBurner.com) Mozilla/5.0 (Macintosh; Intel Mac OS X 10_11_6) AppleWebKit/537.36 (KHTML, like Gecko) Chrome/63.0.3239.132 Safari/537.36 Specificfeeds- http://www.specificfeeds.com"
172.68.141.156 - - [23/Jul/2019:18:38:53 -0400] "POST /wp-cron.php?doing_wp_cron=1563921533.0749740600585937500000 HTTP/1.1" 200 20 "https://cary.mommybites.com/wp-cron.php?doing_wp_cron=1563921533.0749740600585937500000" "WordPress/4.9.6; https://cary.mommybites.com"
159.69.242.206 - - [23/Jul/2019:18:38:55 -0400] "GET /feed/ HTTP/1.1" 200 23048 "-" "FeedBurner/1.0 (http://www.FeedBurner.com) Mozilla/5.0 (Macintosh; Intel Mac OS X 10_11_6) AppleWebKit/537.36 (KHTML, like Gecko) Chrome/63.0.3239.132 Safari/537.36 Specificfeeds- http://www.specificfeeds.com"
172.68.141.102 - - [23/Jul/2019:18:48:19 -0400] "POST /boston/wp-cron.php?doing_wp_cron=1563922099.8567919731140136718750 HTTP/1.1" 200 20 "https://cary.mommybites.com/boston/wp-cron.php?doing_wp_cron=1563922099.8567919731140136718750" "WordPress/4.9.6; https://cary.mommybites.com/boston"
37.187.162.191 - - [23/Jul/2019:18:48:19 -0400] "GET /boston/feed/ HTTP/1.1" 304 - "-" "Mozilla/5.0 (compatible; PaperLiBot/2.1; https://support.paper.li/entries/20023257-what-is-paper-li)"
172.68.133.206 - - [23/Jul/2019:21:09:42 -0400] "POST /wp-cron.php?doing_wp_cron=1563930582.5399150848388671875000 HTTP/1.1" 200 20 "https://cary.mommybites.com/wp-cron.php?doing_wp_cron=1563930582.5399150848388671875000" "WordPress/4.9.6; https://cary.mommybites.com"
172.68.74.72 - - [23/Jul/2019:21:09:42 -0400] "GET / HTTP/1.1" 200 19157 "-" "Mozilla/5.0 (compatible; Nimbostratus-Bot/v1.3.2; http://cloudsystemnetworks.com)"
159.69.189.72 - - [23/Jul/2019:22:46:24 -0400] "GET /feed HTTP/1.1" 301 20 "-" "FeedBurner/1.0 (http://www.FeedBurner.com) Mozilla/5.0 (Macintosh; Intel Mac OS X 10_11_6) AppleWebKit/537.36 (KHTML, like Gecko) Chrome/63.0.3239.132 Safari/537.36 Specificfeeds- http://www.specificfeeds.com"
172.68.132.79 - - [23/Jul/2019:22:46:24 -0400] "POST /wp-cron.php?doing_wp_cron=1563936384.2302041053771972656250 HTTP/1.1" 200 20 "https://cary.mommybites.com/wp-cron.php?doing_wp_cron=1563936384.2302041053771972656250" "WordPress/4.9.6; https://cary.mommybites.com"
159.69.189.72 - - [23/Jul/2019:22:46:25 -0400] "GET /feed/ HTTP/1.1" 200 23048 "-" "FeedBurner/1.0 (http://www.FeedBurner.com) Mozilla/5.0 (Macintosh; Intel Mac OS X 10_11_6) AppleWebKit/537.36 (KHTML, like Gecko) Chrome/63.0.3239.132 Safari/537.36 Specificfeeds- http://www.specificfeeds.com"
216.244.66.227 - - [24/Jul/2019:00:09:57 -0400] "GET /robots.txt HTTP/1.1" 304 - "-" "Mozilla/5.0 (compatible; DotBot/1.1; http://www.opensiteexplorer.org/dotbot, [email protected])"
172.68.133.170 - - [24/Jul/2019:00:48:20 -0400] "POST /boston/wp-cron.php?doing_wp_cron=1563943700.1595940589904785156250 HTTP/1.1" 200 20 "https://cary.mommybites.com/boston/wp-cron.php?doing_wp_cron=1563943700.1595940589904785156250" "WordPress/4.9.6; https://cary.mommybites.com/boston"
37.187.162.191 - - [24/Jul/2019:00:48:19 -0400] "GET /boston/feed/ HTTP/1.1" 304 - "-" "Mozilla/5.0 (compatible; PaperLiBot/2.1; https://support.paper.li/entries/20023257-what-is-paper-li)"
172.68.142.175 - - [24/Jul/2019:02:10:52 -0400] "POST /wp-cron.php?doing_wp_cron=1563948652.9377379417419433593750 HTTP/1.1" 200 20 "https://cary.mommybites.com/wp-cron.php?doing_wp_cron=1563948652.9377379417419433593750" "WordPress/4.9.6; https://cary.mommybites.com"
159.69.189.72 - - [24/Jul/2019:02:10:52 -0400] "GET /feed HTTP/1.1" 301 20 "-" "FeedBurner/1.0 (http://www.FeedBurner.com) Mozilla/5.0 (Macintosh; Intel Mac OS X 10_11_6) AppleWebKit/537.36 (KHTML, like Gecko) Chrome/63.0.3239.132 Safari/537.36 Specificfeeds- http://www.specificfeeds.com"
159.69.189.72 - - [24/Jul/2019:02:10:54 -0400] "GET /feed/ HTTP/1.1" 200 23048 "-" "FeedBurner/1.0 (http://www.FeedBurner.com) Mozilla/5.0 (Macintosh; Intel Mac OS X 10_11_6) AppleWebKit/537.36 (KHTML, like Gecko) Chrome/63.0.3239.132 Safari/537.36 Specificfeeds- http://www.specificfeeds.com"
66.249.70.28 - - [24/Jul/2019:03:46:10 -0400] "GET /robots.txt HTTP/1.1" 200 486 "-" "Mozilla/5.0 (compatible; Googlebot/2.1; +http://www.google.com/bot.html)"
172.68.132.67 - - [24/Jul/2019:06:48:21 -0400] "POST /boston/wp-cron.php?doing_wp_cron=1563965301.3615489006042480468750 HTTP/1.1" 200 20 "https://cary.mommybites.com/boston/wp-cron.php?doing_wp_cron=1563965301.3615489006042480468750" "WordPress/4.9.6; https://cary.mommybites.com/boston"
37.187.162.191 - - [24/Jul/2019:06:48:21 -0400] "GET /boston/feed/ HTTP/1.1" 304 - "-" "Mozilla/5.0 (compatible; PaperLiBot/2.1; https://support.paper.li/entries/20023257-what-is-paper-li)"
159.69.242.206 - - [24/Jul/2019:07:37:56 -0400] "GET /feed HTTP/1.1" 301 20 "-" "FeedBurner/1.0 (http://www.FeedBurner.com) Mozilla/5.0 (Macintosh; Intel Mac OS X 10_11_6) AppleWebKit/537.36 (KHTML, like Gecko) Chrome/63.0.3239.132 Safari/537.36 Specificfeeds- http://www.specificfeeds.com"
172.68.143.50 - - [24/Jul/2019:07:37:57 -0400] "POST /wp-cron.php?doing_wp_cron=1563968276.9684960842132568359375 HTTP/1.1" 200 20 "https://cary.mommybites.com/wp-cron.php?doing_wp_cron=1563968276.9684960842132568359375" "WordPress/4.9.6; https://cary.mommybites.com"
159.69.242.206 - - [24/Jul/2019:07:37:59 -0400] "GET /feed/ HTTP/1.1" 200 23048 "-" "FeedBurner/1.0 (http://www.FeedBurner.com) Mozilla/5.0 (Macintosh; Intel Mac OS X 10_11_6) AppleWebKit/537.36 (KHTML, like Gecko) Chrome/63.0.3239.132 Safari/537.36 Specificfeeds- http://www.specificfeeds.com"
172.68.10.210 - - [24/Jul/2019:09:03:33 -0400] "GET /robots.txt HTTP/1.1" 200 486 "-" "Mozilla/5.0 (compatible; YandexBot/3.0; +http://yandex.com/bots)"
172.68.141.156 - - [24/Jul/2019:10:54:48 -0400] "POST /wp-cron.php?doing_wp_cron=1563980088.1853809356689453125000 HTTP/1.1" 200 20 "https://cary.mommybites.com/wp-cron.php?doing_wp_cron=1563980088.1853809356689453125000" "WordPress/4.9.6; https://cary.mommybites.com"
159.69.189.72 - - [24/Jul/2019:10:54:47 -0400] "GET /feed HTTP/1.1" 301 20 "-" "FeedBurner/1.0 (http://www.FeedBurner.com) Mozilla/5.0 (Macintosh; Intel Mac OS X 10_11_6) AppleWebKit/537.36 (KHTML, like Gecko) Chrome/63.0.3239.132 Safari/537.36 Specificfeeds- http://www.specificfeeds.com"
159.69.189.72 - - [24/Jul/2019:10:54:50 -0400] "GET /feed/ HTTP/1.1" 200 23048 "-" "FeedBurner/1.0 (http://www.FeedBurner.com) Mozilla/5.0 (Macintosh; Intel Mac OS X 10_11_6) AppleWebKit/537.36 (KHTML, like Gecko) Chrome/63.0.3239.132 Safari/537.36 Specificfeeds- http://www.specificfeeds.com"
172.68.10.210 - - [24/Jul/2019:12:37:54 -0400] "GET /robots.txt HTTP/1.1" 304 - "-" "Mozilla/5.0 (compatible; YandexBot/3.0; +http://yandex.com/bots)"
172.68.141.168 - - [24/Jul/2019:12:48:18 -0400] "POST /boston/wp-cron.php?doing_wp_cron=1563986898.2961449623107910156250 HTTP/1.1" 200 20 "https://cary.mommybites.com/boston/wp-cron.php?doing_wp_cron=1563986898.2961449623107910156250" "WordPress/4.9.6; https://cary.mommybites.com/boston"
37.187.162.191 - - [24/Jul/2019:12:48:18 -0400] "GET /boston/feed/ HTTP/1.1" 304 - "-" "Mozilla/5.0 (compatible; PaperLiBot/2.1; https://support.paper.li/entries/20023257-what-is-paper-li)"
172.68.141.168 - - [24/Jul/2019:14:43:35 -0400] "POST /wp-cron.php?doing_wp_cron=1563993815.2505180835723876953125 HTTP/1.1" 200 20 "https://cary.mommybites.com/wp-cron.php?doing_wp_cron=1563993815.2505180835723876953125" "WordPress/4.9.6; https://cary.mommybites.com"
159.69.242.206 - - [24/Jul/2019:14:43:35 -0400] "GET /feed HTTP/1.1" 301 20 "-" "FeedBurner/1.0 (http://www.FeedBurner.com) Mozilla/5.0 (Macintosh; Intel Mac OS X 10_11_6) AppleWebKit/537.36 (KHTML, like Gecko) Chrome/63.0.3239.132 Safari/537.36 Specificfeeds- http://www.specificfeeds.com"
159.69.242.206 - - [24/Jul/2019:14:43:36 -0400] "GET /feed/ HTTP/1.1" 200 23048 "-" "FeedBurner/1.0 (http://www.FeedBurner.com) Mozilla/5.0 (Macintosh; Intel Mac OS X 10_11_6) AppleWebKit/537.36 (KHTML, like Gecko) Chrome/63.0.3239.132 Safari/537.36 Specificfeeds- http://www.specificfeeds.com"
172.68.143.50 - - [24/Jul/2019:18:48:20 -0400] "POST /boston/wp-cron.php?doing_wp_cron=1564008500.2076508998870849609375 HTTP/1.1" 200 20 "https://cary.mommybites.com/boston/wp-cron.php?doing_wp_cron=1564008500.2076508998870849609375" "WordPress/4.9.6; https://cary.mommybites.com/boston"
37.187.162.191 - - [24/Jul/2019:18:48:20 -0400] "GET /boston/feed/ HTTP/1.1" 304 - "-" "Mozilla/5.0 (compatible; PaperLiBot/2.1; https://support.paper.li/entries/20023257-what-is-paper-li)"
159.69.242.206 - - [24/Jul/2019:18:55:46 -0400] "GET /feed HTTP/1.1" 301 20 "-" "FeedBurner/1.0 (http://www.FeedBurner.com) Mozilla/5.0 (Macintosh; Intel Mac OS X 10_11_6) AppleWebKit/537.36 (KHTML, like Gecko) Chrome/63.0.3239.132 Safari/537.36 Specificfeeds- http://www.specificfeeds.com"
172.69.23.5 - - [24/Jul/2019:18:55:46 -0400] "POST /wp-cron.php?doing_wp_cron=1564008946.3649840354919433593750 HTTP/1.1" 200 20 "https://cary.mommybites.com/wp-cron.php?doing_wp_cron=1564008946.3649840354919433593750" "WordPress/4.9.6; https://cary.mommybites.com"
159.69.242.206 - - [24/Jul/2019:18:55:48 -0400] "GET /feed/ HTTP/1.1" 200 23048 "-" "FeedBurner/1.0 (http://www.FeedBurner.com) Mozilla/5.0 (Macintosh; Intel Mac OS X 10_11_6) AppleWebKit/537.36 (KHTML, like Gecko) Chrome/63.0.3239.132 Safari/537.36 Specificfeeds- http://www.specificfeeds.com"
172.68.143.170 - - [24/Jul/2019:20:56:48 -0400] "POST /wp-cron.php?doing_wp_cron=1564016208.8378028869628906250000 HTTP/1.1" 200 20 "https://cary.mommybites.com/wp-cron.php?doing_wp_cron=1564016208.8378028869628906250000" "WordPress/4.9.6; https://cary.mommybites.com"
172.69.54.71 - - [24/Jul/2019:20:56:48 -0400] "GET /feed HTTP/1.1" 301 20 "-" "FeedBurner/1.0 (http://www.FeedBurner.com) Mozilla/5.0 (Macintosh; Intel Mac OS X 10_11_6) AppleWebKit/537.36 (KHTML, like Gecko) Chrome/63.0.3239.132 Safari/537.36 Specificfeeds- http://www.specificfeeds.com"
172.69.54.71 - - [24/Jul/2019:20:56:50 -0400] "GET /feed/ HTTP/1.1" 200 23048 "-" "FeedBurner/1.0 (http://www.FeedBurner.com) Mozilla/5.0 (Macintosh; Intel Mac OS X 10_11_6) AppleWebKit/537.36 (KHTML, like Gecko) Chrome/63.0.3239.132 Safari/537.36 Specificfeeds- http://www.specificfeeds.com"
205.164.44.178 - - [24/Jul/2019:23:18:38 -0400] "POST /wp-cron.php?doing_wp_cron=1564024718.7230250835418701171875 HTTP/1.1" 200 20 "https://cary.mommybites.com/wp-cron.php?doing_wp_cron=1564024718.7230250835418701171875" "WordPress/4.9.6; https://cary.mommybites.com"
159.69.189.72 - - [24/Jul/2019:23:18:38 -0400] "GET /feed HTTP/1.1" 301 20 "-" "FeedBurner/1.0 (http://www.FeedBurner.com) Mozilla/5.0 (Macintosh; Intel Mac OS X 10_11_6) AppleWebKit/537.36 (KHTML, like Gecko) Chrome/63.0.3239.132 Safari/537.36 Specificfeeds- http://www.specificfeeds.com"
159.69.189.72 - - [24/Jul/2019:23:18:40 -0400] "GET /feed/ HTTP/1.1" 200 23048 "-" "FeedBurner/1.0 (http://www.FeedBurner.com) Mozilla/5.0 (Macintosh; Intel Mac OS X 10_11_6) AppleWebKit/537.36 (KHTML, like Gecko) Chrome/63.0.3239.132 Safari/537.36 Specificfeeds- http://www.specificfeeds.com"
172.68.141.156 - - [25/Jul/2019:00:48:19 -0400] "POST /boston/wp-cron.php?doing_wp_cron=1564030099.6143410205841064453125 HTTP/1.1" 200 20 "https://cary.mommybites.com/boston/wp-cron.php?doing_wp_cron=1564030099.6143410205841064453125" "WordPress/4.9.6; https://cary.mommybites.com/boston"
37.187.162.191 - - [25/Jul/2019:00:48:19 -0400] "GET /boston/feed/ HTTP/1.1" 304 - "-" "Mozilla/5.0 (compatible; PaperLiBot/2.1; https://support.paper.li/entries/20023257-what-is-paper-li)"
216.244.66.227 - - [25/Jul/2019:01:31:24 -0400] "GET /robots.txt HTTP/1.1" 304 - "-" "Mozilla/5.0 (compatible; DotBot/1.1; http://www.opensiteexplorer.org/dotbot, [email protected])"
172.68.189.75 - - [25/Jul/2019:02:30:11 -0400] "POST /wp-cron.php?doing_wp_cron=1564036211.5140280723571777343750 HTTP/1.1" 200 20 "https://cary.mommybites.com/wp-cron.php?doing_wp_cron=1564036211.5140280723571777343750" "WordPress/4.9.6; https://cary.mommybites.com"
159.69.189.72 - - [25/Jul/2019:02:30:11 -0400] "GET /feed HTTP/1.1" 301 20 "-" "FeedBurner/1.0 (http://www.FeedBurner.com) Mozilla/5.0 (Macintosh; Intel Mac OS X 10_11_6) AppleWebKit/537.36 (KHTML, like Gecko) Chrome/63.0.3239.132 Safari/537.36 Specificfeeds- http://www.specificfeeds.com"
159.69.189.72 - - [25/Jul/2019:02:30:12 -0400] "GET /feed/ HTTP/1.1" 200 23048 "-" "FeedBurner/1.0 (http://www.FeedBurner.com) Mozilla/5.0 (Macintosh; Intel Mac OS X 10_11_6) AppleWebKit/537.36 (KHTML, like Gecko) Chrome/63.0.3239.132 Safari/537.36 Specificfeeds- http://www.specificfeeds.com"
172.69.54.203 - - [25/Jul/2019:06:21:06 -0400] "GET /feed HTTP/1.1" 301 20 "-" "FeedBurner/1.0 (http://www.FeedBurner.com) Mozilla/5.0 (Macintosh; Intel Mac OS X 10_11_6) AppleWebKit/537.36 (KHTML, like Gecko) Chrome/63.0.3239.132 Safari/537.36 Specificfeeds- http://www.specificfeeds.com"
172.68.141.168 - - [25/Jul/2019:06:21:07 -0400] "POST /wp-cron.php?doing_wp_cron=1564050067.3753790855407714843750 HTTP/1.1" 200 20 "https://cary.mommybites.com/wp-cron.php?doing_wp_cron=1564050067.3753790855407714843750" "WordPress/4.9.6; https://cary.mommybites.com"
172.69.54.203 - - [25/Jul/2019:06:21:09 -0400] "GET /feed/ HTTP/1.1" 200 23048 "-" "FeedBurner/1.0 (http://www.FeedBurner.com) Mozilla/5.0 (Macintosh; Intel Mac OS X 10_11_6) AppleWebKit/537.36 (KHTML, like Gecko) Chrome/63.0.3239.132 Safari/537.36 Specificfeeds- http://www.specificfeeds.com"
172.68.143.170 - - [25/Jul/2019:06:48:18 -0400] "POST /boston/wp-cron.php?doing_wp_cron=1564051698.6566050052642822265625 HTTP/1.1" 200 20 "https://cary.mommybites.com/boston/wp-cron.php?doing_wp_cron=1564051698.6566050052642822265625" "WordPress/4.9.6; https://cary.mommybites.com/boston"
37.187.162.191 - - [25/Jul/2019:06:48:18 -0400] "GET /boston/feed/ HTTP/1.1" 304 - "-" "Mozilla/5.0 (compatible; PaperLiBot/2.1; https://support.paper.li/entries/20023257-what-is-paper-li)"
172.68.142.37 - - [25/Jul/2019:06:53:25 -0400] "POST /wp-cron.php?doing_wp_cron=1564052005.5662848949432373046875 HTTP/1.1" 200 20 "https://cary.mommybites.com/wp-cron.php?doing_wp_cron=1564052005.5662848949432373046875" "WordPress/4.9.6; https://cary.mommybites.com"
157.55.39.151 - - [25/Jul/2019:06:53:25 -0400] "GET /attachment-sitemap3.xml HTTP/1.1" 200 13334 "-" "Mozilla/5.0 (compatible; bingbot/2.0; +http://www.bing.com/bingbot.htm)"
172.68.189.75 - - [25/Jul/2019:10:12:51 -0400] "POST /wp-cron.php?doing_wp_cron=1564063971.6093850135803222656250 HTTP/1.1" 200 20 "https://cary.mommybites.com/wp-cron.php?doing_wp_cron=1564063971.6093850135803222656250" "WordPress/4.9.6; https://cary.mommybites.com"
172.69.54.71 - - [25/Jul/2019:10:12:51 -0400] "GET /feed HTTP/1.1" 301 20 "-" "FeedBurner/1.0 (http://www.FeedBurner.com) Mozilla/5.0 (Macintosh; Intel Mac OS X 10_11_6) AppleWebKit/537.36 (KHTML, like Gecko) Chrome/63.0.3239.132 Safari/537.36 Specificfeeds- http://www.specificfeeds.com"
172.69.54.71 - - [25/Jul/2019:10:12:53 -0400] "GET /feed/ HTTP/1.1" 200 23048 "-" "FeedBurner/1.0 (http://www.FeedBurner.com) Mozilla/5.0 (Macintosh; Intel Mac OS X 10_11_6) AppleWebKit/537.36 (KHTML, like Gecko) Chrome/63.0.3239.132 Safari/537.36 Specificfeeds- http://www.specificfeeds.com"
172.68.54.72 - - [25/Jul/2019:10:18:42 -0400] "GET /newyork/files/2018/11/Flexible-jobs-for-parents-in-NYC-1-1024x683.jpg HTTP/1.1" 200 88290 "-" "Mozilla/5.0 (iPhone; CPU iPhone OS 12_3_1 like Mac OS X) AppleWebKit/605.1.15 (KHTML, like Gecko) GSA/78.0.257670029 Mobile/16F203 Safari/604.1"
205.164.44.178 - - [25/Jul/2019:12:48:20 -0400] "POST /boston/wp-cron.php?doing_wp_cron=1564073299.9341399669647216796875 HTTP/1.1" 200 20 "https://cary.mommybites.com/boston/wp-cron.php?doing_wp_cron=1564073299.9341399669647216796875" "WordPress/4.9.6; https://cary.mommybites.com/boston"
37.187.162.191 - - [25/Jul/2019:12:48:19 -0400] "GET /boston/feed/ HTTP/1.1" 304 - "-" "Mozilla/5.0 (compatible; PaperLiBot/2.1; https://support.paper.li/entries/20023257-what-is-paper-li)"
69.119.108.169 - - [25/Jul/2019:13:33:29 -0400] "GET /newyork/files/2018/11/Flexible-jobs-for-parents-in-NYC-1-1024x683.jpg HTTP/1.1" 200 88290 "-" "Mozilla/5.0 (iPhone; CPU iPhone OS 11_4_1 like Mac OS X) AppleWebKit/604.1.34 (KHTML, like Gecko) GSA/77.0.255294728 Mobile/15G77 Safari/604.1"
172.68.54.72 - - [25/Jul/2019:14:17:40 -0400] "GET /newyork/files/2018/11/Flexible-jobs-for-parents-in-NYC-1-1024x683.jpg HTTP/1.1" 200 88290 "-" "Mozilla/5.0 (Macintosh; Intel Mac OS X 10_14_4) AppleWebKit/605.1.15 (KHTML, like Gecko) Version/12.1 Safari/605.1.15"
172.68.141.102 - - [25/Jul/2019:14:27:12 -0400] "POST /wp-cron.php?doing_wp_cron=1564079232.1598789691925048828125 HTTP/1.1" 200 20 "https://cary.mommybites.com/wp-cron.php?doing_wp_cron=1564079232.1598789691925048828125" "WordPress/4.9.6; https://cary.mommybites.com"
159.69.189.72 - - [25/Jul/2019:14:27:11 -0400] "GET /feed HTTP/1.1" 301 20 "-" "FeedBurner/1.0 (http://www.FeedBurner.com) Mozilla/5.0 (Macintosh; Intel Mac OS X 10_11_6) AppleWebKit/537.36 (KHTML, like Gecko) Chrome/63.0.3239.132 Safari/537.36 Specificfeeds- http://www.specificfeeds.com"
159.69.189.72 - - [25/Jul/2019:14:27:13 -0400] "GET /feed/ HTTP/1.1" 200 23048 "-" "FeedBurner/1.0 (http://www.FeedBurner.com) Mozilla/5.0 (Macintosh; Intel Mac OS X 10_11_6) AppleWebKit/537.36 (KHTML, like Gecko) Chrome/63.0.3239.132 Safari/537.36 Specificfeeds- http://www.specificfeeds.com"
159.69.242.206 - - [25/Jul/2019:18:38:43 -0400] "GET /feed HTTP/1.1" 301 20 "-" "FeedBurner/1.0 (http://www.FeedBurner.com) Mozilla/5.0 (Macintosh; Intel Mac OS X 10_11_6) AppleWebKit/537.36 (KHTML, like Gecko) Chrome/63.0.3239.132 Safari/537.36 Specificfeeds- http://www.specificfeeds.com"
172.69.23.5 - - [25/Jul/2019:18:38:43 -0400] "POST /wp-cron.php?doing_wp_cron=1564094323.7736620903015136718750 HTTP/1.1" 200 20 "https://cary.mommybites.com/wp-cron.php?doing_wp_cron=1564094323.7736620903015136718750" "WordPress/4.9.6; https://cary.mommybites.com"
159.69.242.206 - - [25/Jul/2019:18:38:46 -0400] "GET /feed/ HTTP/1.1" 200 23048 "-" "FeedBurner/1.0 (http://www.FeedBurner.com) Mozilla/5.0 (Macintosh; Intel Mac OS X 10_11_6) AppleWebKit/537.36 (KHTML, like Gecko) Chrome/63.0.3239.132 Safari/537.36 Specificfeeds- http://www.specificfeeds.com"
172.68.142.97 - - [25/Jul/2019:18:48:19 -0400] "POST /boston/wp-cron.php?doing_wp_cron=1564094899.3978979587554931640625 HTTP/1.1" 200 20 "https://cary.mommybites.com/boston/wp-cron.php?doing_wp_cron=1564094899.3978979587554931640625" "WordPress/4.9.6; https://cary.mommybites.com/boston"
37.187.162.191 - - [25/Jul/2019:18:48:19 -0400] "GET /boston/feed/ HTTP/1.1" 304 - "-" "Mozilla/5.0 (compatible; PaperLiBot/2.1; https://support.paper.li/entries/20023257-what-is-paper-li)"
172.68.132.79 - - [25/Jul/2019:21:50:18 -0400] "POST /wp-cron.php?doing_wp_cron=1564105818.8597590923309326171875 HTTP/1.1" 200 20 "https://cary.mommybites.com/wp-cron.php?doing_wp_cron=1564105818.8597590923309326171875" "WordPress/4.9.6; https://cary.mommybites.com"
159.69.189.72 - - [25/Jul/2019:21:50:18 -0400] "GET /feed HTTP/1.1" 301 20 "-" "FeedBurner/1.0 (http://www.FeedBurner.com) Mozilla/5.0 (Macintosh; Intel Mac OS X 10_11_6) AppleWebKit/537.36 (KHTML, like Gecko) Chrome/63.0.3239.132 Safari/537.36 Specificfeeds- http://www.specificfeeds.com"
159.69.189.72 - - [25/Jul/2019:21:50:20 -0400] "GET /feed/ HTTP/1.1" 200 23048 "-" "FeedBurner/1.0 (http://www.FeedBurner.com) Mozilla/5.0 (Macintosh; Intel Mac OS X 10_11_6) AppleWebKit/537.36 (KHTML, like Gecko) Chrome/63.0.3239.132 Safari/537.36 Specificfeeds- http://www.specificfeeds.com"
172.68.142.37 - - [25/Jul/2019:22:27:43 -0400] "POST /wp-cron.php?doing_wp_cron=1564108063.1559159755706787109375 HTTP/1.1" 200 20 "https://cary.mommybites.com/wp-cron.php?doing_wp_cron=1564108063.1559159755706787109375" "WordPress/4.9.6; https://cary.mommybites.com"
159.69.189.72 - - [25/Jul/2019:22:27:42 -0400] "GET /feed HTTP/1.1" 301 20 "-" "FeedBurner/1.0 (http://www.FeedBurner.com) Mozilla/5.0 (Macintosh; Intel Mac OS X 10_11_6) AppleWebKit/537.36 (KHTML, like Gecko) Chrome/63.0.3239.132 Safari/537.36 Specificfeeds- http://www.specificfeeds.com"
159.69.189.72 - - [25/Jul/2019:22:27:44 -0400] "GET /feed/ HTTP/1.1" 200 23048 "-" "FeedBurner/1.0 (http://www.FeedBurner.com) Mozilla/5.0 (Macintosh; Intel Mac OS X 10_11_6) AppleWebKit/537.36 (KHTML, like Gecko) Chrome/63.0.3239.132 Safari/537.36 Specificfeeds- http://www.specificfeeds.com"
66.249.70.28 - - [25/Jul/2019:23:37:34 -0400] "GET /robots.txt HTTP/1.1" 200 486 "-" "Mozilla/5.0 (compatible; Googlebot/2.1; +http://www.google.com/bot.html)"
172.68.133.206 - - [26/Jul/2019:00:48:18 -0400] "POST /boston/wp-cron.php?doing_wp_cron=1564116498.3647871017456054687500 HTTP/1.1" 200 20 "https://cary.mommybites.com/boston/wp-cron.php?doing_wp_cron=1564116498.3647871017456054687500" "WordPress/4.9.6; https://cary.mommybites.com/boston"
37.187.162.191 - - [26/Jul/2019:00:48:18 -0400] "GET /boston/feed/ HTTP/1.1" 304 - "-" "Mozilla/5.0 (compatible; PaperLiBot/2.1; https://support.paper.li/entries/20023257-what-is-paper-li)"
172.68.132.79 - - [26/Jul/2019:02:12:04 -0400] "POST /wp-cron.php?doing_wp_cron=1564121524.8358790874481201171875 HTTP/1.1" 200 20 "https://cary.mommybites.com/wp-cron.php?doing_wp_cron=1564121524.8358790874481201171875" "WordPress/4.9.6; https://cary.mommybites.com"
159.69.242.206 - - [26/Jul/2019:02:12:04 -0400] "GET /feed HTTP/1.1" 301 20 "-" "FeedBurner/1.0 (http://www.FeedBurner.com) Mozilla/5.0 (Macintosh; Intel Mac OS X 10_11_6) AppleWebKit/537.36 (KHTML, like Gecko) Chrome/63.0.3239.132 Safari/537.36 Specificfeeds- http://www.specificfeeds.com"
159.69.242.206 - - [26/Jul/2019:02:12:06 -0400] "GET /feed/ HTTP/1.1" 200 23048 "-" "FeedBurner/1.0 (http://www.FeedBurner.com) Mozilla/5.0 (Macintosh; Intel Mac OS X 10_11_6) AppleWebKit/537.36 (KHTML, like Gecko) Chrome/63.0.3239.132 Safari/537.36 Specificfeeds- http://www.specificfeeds.com"
216.244.66.227 - - [26/Jul/2019:02:22:01 -0400] "GET /robots.txt HTTP/1.1" 304 - "-" "Mozilla/5.0 (compatible; DotBot/1.1; http://www.opensiteexplorer.org/dotbot, [email protected])"
172.68.74.72 - - [26/Jul/2019:05:02:16 -0400] "GET / HTTP/1.1" 200 19157 "-" "Mozilla/5.0 (compatible; Nimbostratus-Bot/v1.3.2; http://cloudsystemnetworks.com)"
172.68.143.170 - - [26/Jul/2019:05:02:16 -0400] "POST /wp-cron.php?doing_wp_cron=1564131736.9260079860687255859375 HTTP/1.1" 200 20 "https://cary.mommybites.com/wp-cron.php?doing_wp_cron=1564131736.9260079860687255859375" "WordPress/4.9.6; https://cary.mommybites.com"
205.164.44.178 - - [26/Jul/2019:05:49:04 -0400] "POST /wp-cron.php?doing_wp_cron=1564134544.6182088851928710937500 HTTP/1.1" 200 20 "https://cary.mommybites.com/wp-cron.php?doing_wp_cron=1564134544.6182088851928710937500" "WordPress/4.9.6; https://cary.mommybites.com"
159.69.189.72 - - [26/Jul/2019:05:49:04 -0400] "GET /feed HTTP/1.1" 301 20 "-" "FeedBurner/1.0 (http://www.FeedBurner.com) Mozilla/5.0 (Macintosh; Intel Mac OS X 10_11_6) AppleWebKit/537.36 (KHTML, like Gecko) Chrome/63.0.3239.132 Safari/537.36 Specificfeeds- http://www.specificfeeds.com"
159.69.189.72 - - [26/Jul/2019:05:49:06 -0400] "GET /feed/ HTTP/1.1" 200 23048 "-" "FeedBurner/1.0 (http://www.FeedBurner.com) Mozilla/5.0 (Macintosh; Intel Mac OS X 10_11_6) AppleWebKit/537.36 (KHTML, like Gecko) Chrome/63.0.3239.132 Safari/537.36 Specificfeeds- http://www.specificfeeds.com"
172.68.133.206 - - [26/Jul/2019:06:48:18 -0400] "POST /boston/wp-cron.php?doing_wp_cron=1564138098.7131469249725341796875 HTTP/1.1" 200 20 "https://cary.mommybites.com/boston/wp-cron.php?doing_wp_cron=1564138098.7131469249725341796875" "WordPress/4.9.6; https://cary.mommybites.com/boston"
37.187.162.191 - - [26/Jul/2019:06:48:18 -0400] "GET /boston/feed/ HTTP/1.1" 304 - "-" "Mozilla/5.0 (compatible; PaperLiBot/2.1; https://support.paper.li/entries/20023257-what-is-paper-li)"
159.69.242.206 - - [26/Jul/2019:10:11:04 -0400] "GET /feed HTTP/1.1" 301 20 "-" "FeedBurner/1.0 (http://www.FeedBurner.com) Mozilla/5.0 (Macintosh; Intel Mac OS X 10_11_6) AppleWebKit/537.36 (KHTML, like Gecko) Chrome/63.0.3239.132 Safari/537.36 Specificfeeds- http://www.specificfeeds.com"
172.69.22.82 - - [26/Jul/2019:10:11:05 -0400] "POST /wp-cron.php?doing_wp_cron=1564150265.7761440277099609375000 HTTP/1.1" 200 20 "https://cary.mommybites.com/wp-cron.php?doing_wp_cron=1564150265.7761440277099609375000" "WordPress/4.9.6; https://cary.mommybites.com"
159.69.242.206 - - [26/Jul/2019:10:11:08 -0400] "GET /feed/ HTTP/1.1" 200 23048 "-" "FeedBurner/1.0 (http://www.FeedBurner.com) Mozilla/5.0 (Macintosh; Intel Mac OS X 10_11_6) AppleWebKit/537.36 (KHTML, like Gecko) Chrome/63.0.3239.132 Safari/537.36 Specificfeeds- http://www.specificfeeds.com"
66.249.70.21 - - [26/Jul/2019:10:31:34 -0400] "GET /robots.txt HTTP/1.1" 304 - "-" "Mozilla/5.0 (compatible; Googlebot/2.1; +http://www.google.com/bot.html)"
172.68.141.168 - - [26/Jul/2019:12:48:20 -0400] "POST /boston/wp-cron.php?doing_wp_cron=1564159700.4466779232025146484375 HTTP/1.1" 200 20 "https://cary.mommybites.com/boston/wp-cron.php?doing_wp_cron=1564159700.4466779232025146484375" "WordPress/4.9.6; https://cary.mommybites.com/boston"
37.187.162.191 - - [26/Jul/2019:12:48:20 -0400] "GET /boston/feed/ HTTP/1.1" 304 - "-" "Mozilla/5.0 (compatible; PaperLiBot/2.1; https://support.paper.li/entries/20023257-what-is-paper-li)"
172.68.141.156 - - [26/Jul/2019:14:39:06 -0400] "POST /wp-cron.php?doing_wp_cron=1564166346.3696300983428955078125 HTTP/1.1" 200 20 "https://cary.mommybites.com/wp-cron.php?doing_wp_cron=1564166346.3696300983428955078125" "WordPress/4.9.6; https://cary.mommybites.com"
159.69.242.206 - - [26/Jul/2019:14:39:06 -0400] "GET /feed HTTP/1.1" 301 20 "-" "FeedBurner/1.0 (http://www.FeedBurner.com) Mozilla/5.0 (Macintosh; Intel Mac OS X 10_11_6) AppleWebKit/537.36 (KHTML, like Gecko) Chrome/63.0.3239.132 Safari/537.36 Specificfeeds- http://www.specificfeeds.com"
159.69.242.206 - - [26/Jul/2019:14:39:08 -0400] "GET /feed/ HTTP/1.1" 200 23048 "-" "FeedBurner/1.0 (http://www.FeedBurner.com) Mozilla/5.0 (Macintosh; Intel Mac OS X 10_11_6) AppleWebKit/537.36 (KHTML, like Gecko) Chrome/63.0.3239.132 Safari/537.36 Specificfeeds- http://www.specificfeeds.com"
159.69.242.206 - - [26/Jul/2019:18:41:21 -0400] "GET /feed HTTP/1.1" 301 20 "-" "FeedBurner/1.0 (http://www.FeedBurner.com) Mozilla/5.0 (Macintosh; Intel Mac OS X 10_11_6) AppleWebKit/537.36 (KHTML, like Gecko) Chrome/63.0.3239.132 Safari/537.36 Specificfeeds- http://www.specificfeeds.com"
172.69.23.5 - - [26/Jul/2019:18:41:21 -0400] "POST /wp-cron.php?doing_wp_cron=1564180881.8859510421752929687500 HTTP/1.1" 200 20 "https://cary.mommybites.com/wp-cron.php?doing_wp_cron=1564180881.8859510421752929687500" "WordPress/4.9.6; https://cary.mommybites.com"
159.69.242.206 - - [26/Jul/2019:18:41:23 -0400] "GET /feed/ HTTP/1.1" 200 23048 "-" "FeedBurner/1.0 (http://www.FeedBurner.com) Mozilla/5.0 (Macintosh; Intel Mac OS X 10_11_6) AppleWebKit/537.36 (KHTML, like Gecko) Chrome/63.0.3239.132 Safari/537.36 Specificfeeds- http://www.specificfeeds.com"
172.68.189.75 - - [26/Jul/2019:18:48:21 -0400] "POST /boston/wp-cron.php?doing_wp_cron=1564181301.2262330055236816406250 HTTP/1.1" 200 20 "https://cary.mommybites.com/boston/wp-cron.php?doing_wp_cron=1564181301.2262330055236816406250" "WordPress/4.9.6; https://cary.mommybites.com/boston"
37.187.162.191 - - [26/Jul/2019:18:48:21 -0400] "GET /boston/feed/ HTTP/1.1" 304 - "-" "Mozilla/5.0 (compatible; PaperLiBot/2.1; https://support.paper.li/entries/20023257-what-is-paper-li)"
2607:fb90:7b0b:2183:c06c:14be:6739:73c0 - - [26/Jul/2019:21:36:40 -0400] "GET /newyork/files/2018/11/Flexible-jobs-for-parents-in-NYC-1-1024x683.jpg HTTP/1.1" 200 88290 "-" "Mozilla/5.0 (iPhone; CPU iPhone OS 12_3_1 like Mac OS X) AppleWebKit/605.1.15 (KHTML, like Gecko) Version/12.1.1 Mobile/15E148 Safari/604.1"
172.69.22.82 - - [26/Jul/2019:22:32:01 -0400] "POST /wp-cron.php?doing_wp_cron=1564194720.9927139282226562500000 HTTP/1.1" 200 20 "https://cary.mommybites.com/wp-cron.php?doing_wp_cron=1564194720.9927139282226562500000" "WordPress/4.9.6; https://cary.mommybites.com"
172.68.74.66 - - [26/Jul/2019:22:32:00 -0400] "GET / HTTP/1.1" 200 19157 "-" "Mozilla/5.0 (compatible; Nimbostratus-Bot/v1.3.2; http://cloudsystemnetworks.com)"
216.244.66.227 - - [26/Jul/2019:22:49:31 -0400] "GET /robots.txt HTTP/1.1" 304 - "-" "Mozilla/5.0 (compatible; DotBot/1.1; http://www.opensiteexplorer.org/dotbot, [email protected])"
172.69.22.82 - - [26/Jul/2019:22:55:49 -0400] "POST /wp-cron.php?doing_wp_cron=1564196149.8799629211425781250000 HTTP/1.1" 200 20 "https://cary.mommybites.com/wp-cron.php?doing_wp_cron=1564196149.8799629211425781250000" "WordPress/4.9.6; https://cary.mommybites.com"
159.69.189.72 - - [26/Jul/2019:22:55:49 -0400] "GET /feed HTTP/1.1" 301 20 "-" "FeedBurner/1.0 (http://www.FeedBurner.com) Mozilla/5.0 (Macintosh; Intel Mac OS X 10_11_6) AppleWebKit/537.36 (KHTML, like Gecko) Chrome/63.0.3239.132 Safari/537.36 Specificfeeds- http://www.specificfeeds.com"
159.69.189.72 - - [26/Jul/2019:22:55:50 -0400] "GET /feed/ HTTP/1.1" 200 23048 "-" "FeedBurner/1.0 (http://www.FeedBurner.com) Mozilla/5.0 (Macintosh; Intel Mac OS X 10_11_6) AppleWebKit/537.36 (KHTML, like Gecko) Chrome/63.0.3239.132 Safari/537.36 Specificfeeds- http://www.specificfeeds.com"
216.244.66.227 - - [27/Jul/2019:00:21:18 -0400] "GET /robots.txt HTTP/1.1" 304 - "-" "Mozilla/5.0 (compatible; DotBot/1.1; http://www.opensiteexplorer.org/dotbot, [email protected])"
172.68.143.170 - - [27/Jul/2019:00:48:19 -0400] "POST /boston/wp-cron.php?doing_wp_cron=1564202899.8579969406127929687500 HTTP/1.1" 200 20 "https://cary.mommybites.com/boston/wp-cron.php?doing_wp_cron=1564202899.8579969406127929687500" "WordPress/4.9.6; https://cary.mommybites.com/boston"
37.187.162.191 - - [27/Jul/2019:00:48:19 -0400] "GET /boston/feed/ HTTP/1.1" 304 - "-" "Mozilla/5.0 (compatible; PaperLiBot/2.1; https://support.paper.li/entries/20023257-what-is-paper-li)"
172.68.141.156 - - [27/Jul/2019:01:47:29 -0400] "POST /wp-cron.php?doing_wp_cron=1564206449.8822250366210937500000 HTTP/1.1" 200 20 "https://cary.mommybites.com/wp-cron.php?doing_wp_cron=1564206449.8822250366210937500000" "WordPress/4.9.6; https://cary.mommybites.com"
159.69.189.72 - - [27/Jul/2019:01:47:29 -0400] "GET /feed HTTP/1.1" 301 20 "-" "FeedBurner/1.0 (http://www.FeedBurner.com) Mozilla/5.0 (Macintosh; Intel Mac OS X 10_11_6) AppleWebKit/537.36 (KHTML, like Gecko) Chrome/63.0.3239.132 Safari/537.36 Specificfeeds- http://www.specificfeeds.com"
159.69.189.72 - - [27/Jul/2019:01:47:31 -0400] "GET /feed/ HTTP/1.1" 200 23048 "-" "FeedBurner/1.0 (http://www.FeedBurner.com) Mozilla/5.0 (Macintosh; Intel Mac OS X 10_11_6) AppleWebKit/537.36 (KHTML, like Gecko) Chrome/63.0.3239.132 Safari/537.36 Specificfeeds- http://www.specificfeeds.com"
159.69.189.72 - - [27/Jul/2019:05:13:41 -0400] "GET /feed HTTP/1.1" 301 20 "-" "FeedBurner/1.0 (http://www.FeedBurner.com) Mozilla/5.0 (Macintosh; Intel Mac OS X 10_11_6) AppleWebKit/537.36 (KHTML, like Gecko) Chrome/63.0.3239.132 Safari/537.36 Specificfeeds- http://www.specificfeeds.com"
172.68.141.102 - - [27/Jul/2019:05:13:41 -0400] "POST /wp-cron.php?doing_wp_cron=1564218821.5757520198822021484375 HTTP/1.1" 200 20 "https://cary.mommybites.com/wp-cron.php?doing_wp_cron=1564218821.5757520198822021484375" "WordPress/4.9.6; https://cary.mommybites.com"
159.69.189.72 - - [27/Jul/2019:05:13:43 -0400] "GET /feed/ HTTP/1.1" 200 23048 "-" "FeedBurner/1.0 (http://www.FeedBurner.com) Mozilla/5.0 (Macintosh; Intel Mac OS X 10_11_6) AppleWebKit/537.36 (KHTML, like Gecko) Chrome/63.0.3239.132 Safari/537.36 Specificfeeds- http://www.specificfeeds.com"
216.244.66.227 - - [27/Jul/2019:06:23:41 -0400] "GET /robots.txt HTTP/1.1" 304 - "-" "Mozilla/5.0 (compatible; DotBot/1.1; http://www.opensiteexplorer.org/dotbot, [email protected])"
172.68.142.97 - - [27/Jul/2019:06:48:18 -0400] "POST /boston/wp-cron.php?doing_wp_cron=1564224498.0751109123229980468750 HTTP/1.1" 200 20 "https://cary.mommybites.com/boston/wp-cron.php?doing_wp_cron=1564224498.0751109123229980468750" "WordPress/4.9.6; https://cary.mommybites.com/boston"
37.187.162.191 - - [27/Jul/2019:06:48:17 -0400] "GET /boston/feed/ HTTP/1.1" 304 - "-" "Mozilla/5.0 (compatible; PaperLiBot/2.1; https://support.paper.li/entries/20023257-what-is-paper-li)"
216.244.66.227 - - [27/Jul/2019:07:09:38 -0400] "GET /robots.txt HTTP/1.1" 304 - "-" "Mozilla/5.0 (compatible; DotBot/1.1; http://www.opensiteexplorer.org/dotbot, [email protected])"
172.69.23.5 - - [27/Jul/2019:08:57:49 -0400] "POST /wp-cron.php?doing_wp_cron=1564232269.7980849742889404296875 HTTP/1.1" 200 20 "https://cary.mommybites.com/wp-cron.php?doing_wp_cron=1564232269.7980849742889404296875" "WordPress/4.9.6; https://cary.mommybites.com"
159.69.189.72 - - [27/Jul/2019:08:57:49 -0400] "GET /feed HTTP/1.1" 301 20 "-" "FeedBurner/1.0 (http://www.FeedBurner.com) Mozilla/5.0 (Macintosh; Intel Mac OS X 10_11_6) AppleWebKit/537.36 (KHTML, like Gecko) Chrome/63.0.3239.132 Safari/537.36 Specificfeeds- http://www.specificfeeds.com"
159.69.189.72 - - [27/Jul/2019:08:57:52 -0400] "GET /feed/ HTTP/1.1" 200 23048 "-" "FeedBurner/1.0 (http://www.FeedBurner.com) Mozilla/5.0 (Macintosh; Intel Mac OS X 10_11_6) AppleWebKit/537.36 (KHTML, like Gecko) Chrome/63.0.3239.132 Safari/537.36 Specificfeeds- http://www.specificfeeds.com"
172.68.143.50 - - [27/Jul/2019:11:36:53 -0400] "POST /wp-cron.php?doing_wp_cron=1564241813.8946230411529541015625 HTTP/1.1" 200 20 "https://cary.mommybites.com/wp-cron.php?doing_wp_cron=1564241813.8946230411529541015625" "WordPress/4.9.6; https://cary.mommybites.com"
172.68.253.43 - - [27/Jul/2019:11:36:53 -0400] "GET /col2/nanny/welcome-to-healthy-living/ HTTP/1.1" 200 16403 "-" "Mozilla/5.0 (compatible; Baiduspider/2.0; +http://www.baidu.com/search/spider.html)"
172.68.141.168 - - [27/Jul/2019:12:48:18 -0400] "POST /boston/wp-cron.php?doing_wp_cron=1564246098.5127010345458984375000 HTTP/1.1" 200 20 "https://cary.mommybites.com/boston/wp-cron.php?doing_wp_cron=1564246098.5127010345458984375000" "WordPress/4.9.6; https://cary.mommybites.com/boston"
37.187.162.191 - - [27/Jul/2019:12:48:18 -0400] "GET /boston/feed/ HTTP/1.1" 304 - "-" "Mozilla/5.0 (compatible; PaperLiBot/2.1; https://support.paper.li/entries/20023257-what-is-paper-li)"
172.68.142.175 - - [27/Jul/2019:13:09:09 -0400] "POST /wp-cron.php?doing_wp_cron=1564247349.0145559310913085937500 HTTP/1.1" 200 20 "https://cary.mommybites.com/wp-cron.php?doing_wp_cron=1564247349.0145559310913085937500" "WordPress/4.9.6; https://cary.mommybites.com"
159.69.242.206 - - [27/Jul/2019:13:09:08 -0400] "GET /feed HTTP/1.1" 301 20 "-" "FeedBurner/1.0 (http://www.FeedBurner.com) Mozilla/5.0 (Macintosh; Intel Mac OS X 10_11_6) AppleWebKit/537.36 (KHTML, like Gecko) Chrome/63.0.3239.132 Safari/537.36 Specificfeeds- http://www.specificfeeds.com"
159.69.242.206 - - [27/Jul/2019:13:09:09 -0400] "GET /feed/ HTTP/1.1" 200 23048 "-" "FeedBurner/1.0 (http://www.FeedBurner.com) Mozilla/5.0 (Macintosh; Intel Mac OS X 10_11_6) AppleWebKit/537.36 (KHTML, like Gecko) Chrome/63.0.3239.132 Safari/537.36 Specificfeeds- http://www.specificfeeds.com"
172.69.22.82 - - [27/Jul/2019:13:50:21 -0400] "POST /newyork/wp-cron.php?doing_wp_cron=1564249821.5452349185943603515625 HTTP/1.1" 200 20 "https://cary.mommybites.com/newyork/wp-cron.php?doing_wp_cron=1564249821.5452349185943603515625" "WordPress/4.9.6; https://cary.mommybites.com/newyork"
172.68.254.86 - - [27/Jul/2019:13:50:21 -0400] "GET /newyork/category/col2/dads/ HTTP/1.1" 200 14144 "-" "Mozilla/5.0 (compatible; Baiduspider/2.0; +http://www.baidu.com/search/spider.html)"
172.68.132.79 - - [27/Jul/2019:14:24:14 -0400] "POST /wp-cron.php?doing_wp_cron=1564251854.3426880836486816406250 HTTP/1.1" 200 20 "https://cary.mommybites.com/wp-cron.php?doing_wp_cron=1564251854.3426880836486816406250" "WordPress/4.9.6; https://cary.mommybites.com"
180.76.15.11 - - [27/Jul/2019:14:24:14 -0400] "GET / HTTP/1.1" 200 19157 "-" "Mozilla/5.0 (compatible; Baiduspider/2.0; +http://www.baidu.com/search/spider.html)"
159.69.189.72 - - [27/Jul/2019:16:49:28 -0400] "GET /feed HTTP/1.1" 301 20 "-" "FeedBurner/1.0 (http://www.FeedBurner.com) Mozilla/5.0 (Macintosh; Intel Mac OS X 10_11_6) AppleWebKit/537.36 (KHTML, like Gecko) Chrome/63.0.3239.132 Safari/537.36 Specificfeeds- http://www.specificfeeds.com"
172.69.22.82 - - [27/Jul/2019:16:49:28 -0400] "POST /wp-cron.php?doing_wp_cron=1564260568.3450949192047119140625 HTTP/1.1" 200 20 "https://cary.mommybites.com/wp-cron.php?doing_wp_cron=1564260568.3450949192047119140625" "WordPress/4.9.6; https://cary.mommybites.com"
159.69.189.72 - - [27/Jul/2019:16:49:30 -0400] "GET /feed/ HTTP/1.1" 200 23048 "-" "FeedBurner/1.0 (http://www.FeedBurner.com) Mozilla/5.0 (Macintosh; Intel Mac OS X 10_11_6) AppleWebKit/537.36 (KHTML, like Gecko) Chrome/63.0.3239.132 Safari/537.36 Specificfeeds- http://www.specificfeeds.com"
172.68.143.170 - - [27/Jul/2019:18:48:17 -0400] "POST /boston/wp-cron.php?doing_wp_cron=1564267697.7465178966522216796875 HTTP/1.1" 200 20 "https://cary.mommybites.com/boston/wp-cron.php?doing_wp_cron=1564267697.7465178966522216796875" "WordPress/4.9.6; https://cary.mommybites.com/boston"
37.187.162.191 - - [27/Jul/2019:18:48:17 -0400] "GET /boston/feed/ HTTP/1.1" 304 - "-" "Mozilla/5.0 (compatible; PaperLiBot/2.1; https://support.paper.li/entries/20023257-what-is-paper-li)"
172.68.254.86 - - [27/Jul/2019:19:17:35 -0400] "GET /wp-json/oembed/1.0/embed?url=https%3A%2F%2Fcary.mommybites.com%2F&format=xml HTTP/1.1" 200 1143 "-" "Mozilla/5.0 (compatible; Baiduspider/2.0; +http://www.baidu.com/search/spider.html)"
172.68.143.50 - - [27/Jul/2019:19:17:35 -0400] "POST /wp-cron.php?doing_wp_cron=1564269455.7351338863372802734375 HTTP/1.1" 200 20 "https://cary.mommybites.com/wp-cron.php?doing_wp_cron=1564269455.7351338863372802734375" "WordPress/4.9.6; https://cary.mommybites.com"
172.68.255.106 - - [27/Jul/2019:19:50:53 -0400] "GET /wp-content/plugins/contact-form-7/includes/js/scripts.js HTTP/1.1" 200 3667 "-" "Mozilla/5.0 (compatible; Baiduspider/2.0; +http://www.baidu.com/search/spider.html)"
172.68.143.50 - - [27/Jul/2019:20:24:14 -0400] "POST /wp-cron.php?doing_wp_cron=1564273454.5342600345611572265625 HTTP/1.1" 200 20 "https://cary.mommybites.com/wp-cron.php?doing_wp_cron=1564273454.5342600345611572265625" "WordPress/4.9.6; https://cary.mommybites.com"
172.68.253.43 - - [27/Jul/2019:20:24:14 -0400] "GET /wp-json/tribe/events/v1/ HTTP/1.1" 404 116 "-" "Mozilla/5.0 (compatible; Baiduspider/2.0; +http://www.baidu.com/search/spider.html)"
172.68.132.79 - - [27/Jul/2019:20:32:12 -0400] "POST /wp-cron.php?doing_wp_cron=1564273932.0186669826507568359375 HTTP/1.1" 200 20 "https://cary.mommybites.com/wp-cron.php?doing_wp_cron=1564273932.0186669826507568359375" "WordPress/4.9.6; https://cary.mommybites.com"
172.68.54.102 - - [27/Jul/2019:20:32:11 -0400] "GET / HTTP/1.1" 200 19160 "-" "Mozilla/5.0 (iPhone; CPU iPhone OS 12_3_1 like Mac OS X) AppleWebKit/605.1.15 (KHTML, like Gecko) Version/12.1.1 Mobile/15E148 Safari/604.1"
172.68.133.170 - - [27/Jul/2019:20:53:56 -0400] "POST /wp-cron.php?doing_wp_cron=1564275236.5181849002838134765625 HTTP/1.1" 200 20 "https://cary.mommybites.com/wp-cron.php?doing_wp_cron=1564275236.5181849002838134765625" "WordPress/4.9.6; https://cary.mommybites.com"
172.69.55.90 - - [27/Jul/2019:20:53:56 -0400] "GET /feed HTTP/1.1" 301 20 "-" "FeedBurner/1.0 (http://www.FeedBurner.com) Mozilla/5.0 (Macintosh; Intel Mac OS X 10_11_6) AppleWebKit/537.36 (KHTML, like Gecko) Chrome/63.0.3239.132 Safari/537.36 Specificfeeds- http://www.specificfeeds.com"
172.69.55.90 - - [27/Jul/2019:20:53:57 -0400] "GET /feed/ HTTP/1.1" 200 23048 "-" "FeedBurner/1.0 (http://www.FeedBurner.com) Mozilla/5.0 (Macintosh; Intel Mac OS X 10_11_6) AppleWebKit/537.36 (KHTML, like Gecko) Chrome/63.0.3239.132 Safari/537.36 Specificfeeds- http://www.specificfeeds.com"
172.68.132.79 - - [28/Jul/2019:00:48:21 -0400] "POST /boston/wp-cron.php?doing_wp_cron=1564289301.1776840686798095703125 HTTP/1.1" 200 20 "https://cary.mommybites.com/boston/wp-cron.php?doing_wp_cron=1564289301.1776840686798095703125" "WordPress/4.9.6; https://cary.mommybites.com/boston"
37.187.162.191 - - [28/Jul/2019:00:48:20 -0400] "GET /boston/feed/ HTTP/1.1" 304 - "-" "Mozilla/5.0 (compatible; PaperLiBot/2.1; https://support.paper.li/entries/20023257-what-is-paper-li)"
172.68.142.175 - - [28/Jul/2019:00:51:45 -0400] "POST /wp-cron.php?doing_wp_cron=1564289505.5389900207519531250000 HTTP/1.1" 200 20 "https://cary.mommybites.com/wp-cron.php?doing_wp_cron=1564289505.5389900207519531250000" "WordPress/4.9.6; https://cary.mommybites.com"
159.69.189.72 - - [28/Jul/2019:00:51:45 -0400] "GET /feed HTTP/1.1" 301 20 "-" "FeedBurner/1.0 (http://www.FeedBurner.com) Mozilla/5.0 (Macintosh; Intel Mac OS X 10_11_6) AppleWebKit/537.36 (KHTML, like Gecko) Chrome/63.0.3239.132 Safari/537.36 Specificfeeds- http://www.specificfeeds.com"
159.69.189.72 - - [28/Jul/2019:00:51:47 -0400] "GET /feed/ HTTP/1.1" 200 23048 "-" "FeedBurner/1.0 (http://www.FeedBurner.com) Mozilla/5.0 (Macintosh; Intel Mac OS X 10_11_6) AppleWebKit/537.36 (KHTML, like Gecko) Chrome/63.0.3239.132 Safari/537.36 Specificfeeds- http://www.specificfeeds.com"
172.68.255.184 - - [28/Jul/2019:01:03:52 -0400] "GET /wp-content/plugins/mb-boards/css/board.css?ver=0.1.6 HTTP/1.1" 200 1445 "-" "Mozilla/5.0 (compatible; Baiduspider/2.0; +http://www.baidu.com/search/spider.html)"
172.68.141.102 - - [28/Jul/2019:01:37:12 -0400] "POST /newyork/wp-cron.php?doing_wp_cron=1564292232.5507049560546875000000 HTTP/1.1" 200 20 "https://cary.mommybites.com/newyork/wp-cron.php?doing_wp_cron=1564292232.5507049560546875000000" "WordPress/4.9.6; https://cary.mommybites.com/newyork"
180.76.15.10 - - [28/Jul/2019:01:37:12 -0400] "GET /newyork/category/col2/dads/ HTTP/1.1" 200 14144 "-" "Mozilla/5.0 (compatible; Baiduspider/2.0; +http://www.baidu.com/search/spider.html)"
172.69.70.151 - - [28/Jul/2019:02:04:33 -0400] "GET /robots.txt HTTP/1.1" 200 486 "-" "Mozilla/5.0 (compatible; Googlebot/2.1; +http://www.google.com/bot.html)"
