172.68.132.79 - - [05/Aug/2019:12:48:19 -0400] "POST /boston/wp-cron.php?doing_wp_cron=1565023699.1877410411834716796875 HTTP/1.1" 200 20 "https://cary.mommybites.com/boston/wp-cron.php?doing_wp_cron=1565023699.1877410411834716796875" "WordPress/4.9.6; https://cary.mommybites.com/boston"
37.187.162.191 - - [05/Aug/2019:12:48:19 -0400] "GET /boston/feed/ HTTP/1.1" 304 - "-" "Mozilla/5.0 (compatible; PaperLiBot/2.1; https://support.paper.li/entries/20023257-what-is-paper-li)"
172.69.22.82 - - [05/Aug/2019:12:55:21 -0400] "POST /wp-cron.php?doing_wp_cron=1565024121.7034170627593994140625 HTTP/1.1" 200 20 "https://cary.mommybites.com/wp-cron.php?doing_wp_cron=1565024121.7034170627593994140625" "WordPress/4.9.6; https://cary.mommybites.com"
159.69.189.72 - - [05/Aug/2019:12:55:21 -0400] "GET /feed HTTP/1.1" 301 20 "-" "FeedBurner/1.0 (http://www.FeedBurner.com) Mozilla/5.0 (Macintosh; Intel Mac OS X 10_11_6) AppleWebKit/537.36 (KHTML, like Gecko) Chrome/63.0.3239.132 Safari/537.36 Specificfeeds- http://www.specificfeeds.com"
159.69.189.72 - - [05/Aug/2019:12:55:23 -0400] "GET /feed/ HTTP/1.1" 200 23048 "-" "FeedBurner/1.0 (http://www.FeedBurner.com) Mozilla/5.0 (Macintosh; Intel Mac OS X 10_11_6) AppleWebKit/537.36 (KHTML, like Gecko) Chrome/63.0.3239.132 Safari/537.36 Specificfeeds- http://www.specificfeeds.com"
172.68.142.37 - - [05/Aug/2019:13:32:12 -0400] "POST /wp-cron.php?doing_wp_cron=1565026332.7927079200744628906250 HTTP/1.1" 200 20 "https://cary.mommybites.com/wp-cron.php?doing_wp_cron=1565026332.7927079200744628906250" "WordPress/4.9.6; https://cary.mommybites.com"
180.76.15.30 - - [05/Aug/2019:13:32:12 -0400] "GET /wp-json/oembed/1.0/embed?url=https%3A%2F%2Fcary.mommybites.com%2F&format=xml HTTP/1.1" 200 1143 "-" "Mozilla/5.0 (compatible; Baiduspider/2.0; +http://www.baidu.com/search/spider.html)"
159.69.242.206 - - [05/Aug/2019:17:27:27 -0400] "GET /feed HTTP/1.1" 301 20 "-" "FeedBurner/1.0 (http://www.FeedBurner.com) Mozilla/5.0 (Macintosh; Intel Mac OS X 10_11_6) AppleWebKit/537.36 (KHTML, like Gecko) Chrome/63.0.3239.132 Safari/537.36 Specificfeeds- http://www.specificfeeds.com"
172.69.22.82 - - [05/Aug/2019:17:27:28 -0400] "POST /wp-cron.php?doing_wp_cron=1565040448.0552599430084228515625 HTTP/1.1" 200 20 "https://cary.mommybites.com/wp-cron.php?doing_wp_cron=1565040448.0552599430084228515625" "WordPress/4.9.6; https://cary.mommybites.com"
159.69.242.206 - - [05/Aug/2019:17:27:29 -0400] "GET /feed/ HTTP/1.1" 200 23048 "-" "FeedBurner/1.0 (http://www.FeedBurner.com) Mozilla/5.0 (Macintosh; Intel Mac OS X 10_11_6) AppleWebKit/537.36 (KHTML, like Gecko) Chrome/63.0.3239.132 Safari/537.36 Specificfeeds- http://www.specificfeeds.com"
172.68.143.50 - - [05/Aug/2019:18:48:18 -0400] "POST /boston/wp-cron.php?doing_wp_cron=1565045298.2007529735565185546875 HTTP/1.1" 200 20 "https://cary.mommybites.com/boston/wp-cron.php?doing_wp_cron=1565045298.2007529735565185546875" "WordPress/4.9.6; https://cary.mommybites.com/boston"
37.187.162.191 - - [05/Aug/2019:18:48:18 -0400] "GET /boston/feed/ HTTP/1.1" 304 - "-" "Mozilla/5.0 (compatible; PaperLiBot/2.1; https://support.paper.li/entries/20023257-what-is-paper-li)"
216.244.66.227 - - [05/Aug/2019:19:15:12 -0400] "GET /robots.txt HTTP/1.1" 304 - "-" "Mozilla/5.0 (compatible; DotBot/1.1; http://www.opensiteexplorer.org/dotbot, [email protected])"
172.68.65.182 - - [05/Aug/2019:20:41:01 -0400] "GET /newyork/files/2018/11/Flexible-jobs-for-parents-in-NYC-1-1024x683.jpg HTTP/1.1" 200 88290 "-" "Mozilla/5.0 (Macintosh; Intel Mac OS X 10_12_6) AppleWebKit/537.36 (KHTML, like Gecko) Chrome/75.0.3770.100 Safari/537.36"
74.101.207.238 - - [05/Aug/2019:21:09:29 -0400] "GET /newyork/files/2018/11/Flexible-jobs-for-parents-in-NYC-1-1024x683.jpg HTTP/1.1" 200 88290 "-" "Mozilla/5.0 (iPhone; CPU iPhone OS 12_3_1 like Mac OS X) AppleWebKit/605.1.15 (KHTML, like Gecko) Version/12.1.1 Mobile/15E148 Safari/604.1"
24.45.251.101 - - [05/Aug/2019:21:49:02 -0400] "GET /newyork/files/2018/11/Flexible-jobs-for-parents-in-NYC-1-1024x683.jpg HTTP/1.1" 200 88290 "-" "Mozilla/5.0 (iPhone; CPU iPhone OS 12_4 like Mac OS X) AppleWebKit/605.1.15 (KHTML, like Gecko) CriOS/72.0.3626.101 Mobile/15E148 Safari/605.1"
159.69.189.72 - - [05/Aug/2019:21:59:27 -0400] "GET /feed HTTP/1.1" 301 20 "-" "FeedBurner/1.0 (http://www.FeedBurner.com) Mozilla/5.0 (Macintosh; Intel Mac OS X 10_11_6) AppleWebKit/537.36 (KHTML, like Gecko) Chrome/63.0.3239.132 Safari/537.36 Specificfeeds- http://www.specificfeeds.com"
172.69.23.5 - - [05/Aug/2019:21:59:27 -0400] "POST /wp-cron.php?doing_wp_cron=1565056767.5430378913879394531250 HTTP/1.1" 200 20 "https://cary.mommybites.com/wp-cron.php?doing_wp_cron=1565056767.5430378913879394531250" "WordPress/4.9.6; https://cary.mommybites.com"
159.69.189.72 - - [05/Aug/2019:21:59:29 -0400] "GET /feed/ HTTP/1.1" 200 23048 "-" "FeedBurner/1.0 (http://www.FeedBurner.com) Mozilla/5.0 (Macintosh; Intel Mac OS X 10_11_6) AppleWebKit/537.36 (KHTML, like Gecko) Chrome/63.0.3239.132 Safari/537.36 Specificfeeds- http://www.specificfeeds.com"
172.68.189.75 - - [06/Aug/2019:00:48:19 -0400] "POST /boston/wp-cron.php?doing_wp_cron=1565066899.9201240539550781250000 HTTP/1.1" 200 20 "https://cary.mommybites.com/boston/wp-cron.php?doing_wp_cron=1565066899.9201240539550781250000" "WordPress/4.9.6; https://cary.mommybites.com/boston"
37.187.162.191 - - [06/Aug/2019:00:48:19 -0400] "GET /boston/feed/ HTTP/1.1" 304 - "-" "Mozilla/5.0 (compatible; PaperLiBot/2.1; https://support.paper.li/entries/20023257-what-is-paper-li)"
216.244.66.227 - - [06/Aug/2019:01:16:36 -0400] "GET /robots.txt HTTP/1.1" 304 - "-" "Mozilla/5.0 (compatible; DotBot/1.1; http://www.opensiteexplorer.org/dotbot, [email protected])"
172.69.23.5 - - [06/Aug/2019:01:39:07 -0400] "POST /wp-cron.php?doing_wp_cron=1565069947.1626579761505126953125 HTTP/1.1" 200 20 "https://cary.mommybites.com/wp-cron.php?doing_wp_cron=1565069947.1626579761505126953125" "WordPress/4.9.6; https://cary.mommybites.com"
172.69.62.204 - - [06/Aug/2019:01:39:06 -0400] "GET / HTTP/1.1" 200 19157 "-" "Mozilla/5.0 (compatible; NetcraftSurveyAgent/1.0; [email protected])"
216.244.66.227 - - [06/Aug/2019:02:02:39 -0400] "GET /robots.txt HTTP/1.1" 304 - "-" "Mozilla/5.0 (compatible; DotBot/1.1; http://www.opensiteexplorer.org/dotbot, [email protected])"
172.68.132.67 - - [06/Aug/2019:02:30:00 -0400] "POST /wp-cron.php?doing_wp_cron=1565073000.1996591091156005859375 HTTP/1.1" 200 20 "https://cary.mommybites.com/wp-cron.php?doing_wp_cron=1565073000.1996591091156005859375" "WordPress/4.9.6; https://cary.mommybites.com"
192.243.53.51 - - [06/Aug/2019:02:29:59 -0400] "GET / HTTP/1.1" 200 19157 "-" "SEMrushBot"
172.68.141.102 - - [06/Aug/2019:02:50:40 -0400] "POST /wp-cron.php?doing_wp_cron=1565074240.7639129161834716796875 HTTP/1.1" 200 20 "https://cary.mommybites.com/wp-cron.php?doing_wp_cron=1565074240.7639129161834716796875" "WordPress/4.9.6; https://cary.mommybites.com"
159.69.242.206 - - [06/Aug/2019:02:50:40 -0400] "GET /feed HTTP/1.1" 301 20 "-" "FeedBurner/1.0 (http://www.FeedBurner.com) Mozilla/5.0 (Macintosh; Intel Mac OS X 10_11_6) AppleWebKit/537.36 (KHTML, like Gecko) Chrome/63.0.3239.132 Safari/537.36 Specificfeeds- http://www.specificfeeds.com"
159.69.242.206 - - [06/Aug/2019:02:50:41 -0400] "GET /feed/ HTTP/1.1" 200 23048 "-" "FeedBurner/1.0 (http://www.FeedBurner.com) Mozilla/5.0 (Macintosh; Intel Mac OS X 10_11_6) AppleWebKit/537.36 (KHTML, like Gecko) Chrome/63.0.3239.132 Safari/537.36 Specificfeeds- http://www.specificfeeds.com"
172.68.65.74 - - [06/Aug/2019:02:51:48 -0400] "GET / HTTP/1.1" 200 19157 "-" "Mozilla/5.0 (compatible; NetcraftSurveyAgent/1.0; [email protected])"
66.249.83.92 - - [06/Aug/2019:03:48:34 -0400] "GET /newyork/files/2018/11/Flexible-jobs-for-parents-in-NYC-1-1024x683.jpg HTTP/1.1" 200 88290 "-" "Mozilla/5.0 (Linux; Android 4.2.1; en-us; Nexus 5 Build/JOP40D) AppleWebKit/535.19 (KHTML, like Gecko; googleweblight) Chrome/38.0.1025.166 Mobile Safari/535.19"
172.69.23.53 - - [06/Aug/2019:06:00:27 -0400] "GET /robots.txt HTTP/1.1" 200 486 "-" "Mozilla/5.0 (compatible; bingbot/2.0; +http://www.bing.com/bingbot.htm)"
172.68.143.170 - - [06/Aug/2019:06:26:17 -0400] "POST /newyork/wp-cron.php?doing_wp_cron=1565087177.4966468811035156250000 HTTP/1.1" 200 20 "https://cary.mommybites.com/newyork/wp-cron.php?doing_wp_cron=1565087177.4966468811035156250000" "WordPress/4.9.6; https://cary.mommybites.com/newyork"
180.76.15.160 - - [06/Aug/2019:06:26:17 -0400] "GET /newyork/blog/ HTTP/1.1" 200 12977 "-" "Mozilla/5.0 (compatible; Baiduspider/2.0; +http://www.baidu.com/search/spider.html)"
159.69.242.206 - - [06/Aug/2019:06:28:41 -0400] "GET /feed HTTP/1.1" 301 20 "-" "FeedBurner/1.0 (http://www.FeedBurner.com) Mozilla/5.0 (Macintosh; Intel Mac OS X 10_11_6) AppleWebKit/537.36 (KHTML, like Gecko) Chrome/63.0.3239.132 Safari/537.36 Specificfeeds- http://www.specificfeeds.com"
172.68.142.97 - - [06/Aug/2019:06:28:41 -0400] "POST /wp-cron.php?doing_wp_cron=1565087321.3729500770568847656250 HTTP/1.1" 200 20 "https://cary.mommybites.com/wp-cron.php?doing_wp_cron=1565087321.3729500770568847656250" "WordPress/4.9.6; https://cary.mommybites.com"
159.69.242.206 - - [06/Aug/2019:06:28:43 -0400] "GET /feed/ HTTP/1.1" 200 23048 "-" "FeedBurner/1.0 (http://www.FeedBurner.com) Mozilla/5.0 (Macintosh; Intel Mac OS X 10_11_6) AppleWebKit/537.36 (KHTML, like Gecko) Chrome/63.0.3239.132 Safari/537.36 Specificfeeds- http://www.specificfeeds.com"
172.68.132.79 - - [06/Aug/2019:06:48:21 -0400] "POST /boston/wp-cron.php?doing_wp_cron=1565088501.1385619640350341796875 HTTP/1.1" 200 20 "https://cary.mommybites.com/boston/wp-cron.php?doing_wp_cron=1565088501.1385619640350341796875" "WordPress/4.9.6; https://cary.mommybites.com/boston"
37.187.162.191 - - [06/Aug/2019:06:48:20 -0400] "GET /boston/feed/ HTTP/1.1" 304 - "-" "Mozilla/5.0 (compatible; PaperLiBot/2.1; https://support.paper.li/entries/20023257-what-is-paper-li)"
180.76.15.137 - - [06/Aug/2019:08:50:30 -0400] "GET /raffles/ HTTP/1.1" 200 12302 "-" "Mozilla/5.0 (compatible; Baiduspider/2.0; +http://www.baidu.com/search/spider.html)"
172.68.141.156 - - [06/Aug/2019:08:50:31 -0400] "POST /wp-cron.php?doing_wp_cron=1565095831.1625499725341796875000 HTTP/1.1" 200 20 "https://cary.mommybites.com/wp-cron.php?doing_wp_cron=1565095831.1625499725341796875000" "WordPress/4.9.6; https://cary.mommybites.com"
172.69.23.5 - - [06/Aug/2019:10:52:01 -0400] "POST /wp-cron.php?doing_wp_cron=1565103121.1704618930816650390625 HTTP/1.1" 200 20 "https://cary.mommybites.com/wp-cron.php?doing_wp_cron=1565103121.1704618930816650390625" "WordPress/4.9.6; https://cary.mommybites.com"
180.76.15.153 - - [06/Aug/2019:10:52:00 -0400] "GET /wp-json/tribe/events/v1/ HTTP/1.1" 404 116 "-" "Mozilla/5.0 (compatible; Baiduspider/2.0; +http://www.baidu.com/search/spider.html)"
172.68.141.102 - - [06/Aug/2019:11:09:43 -0400] "POST /wp-cron.php?doing_wp_cron=1565104183.6264278888702392578125 HTTP/1.1" 200 20 "https://cary.mommybites.com/wp-cron.php?doing_wp_cron=1565104183.6264278888702392578125" "WordPress/4.9.6; https://cary.mommybites.com"
159.69.189.72 - - [06/Aug/2019:11:09:43 -0400] "GET /feed HTTP/1.1" 301 20 "-" "FeedBurner/1.0 (http://www.FeedBurner.com) Mozilla/5.0 (Macintosh; Intel Mac OS X 10_11_6) AppleWebKit/537.36 (KHTML, like Gecko) Chrome/63.0.3239.132 Safari/537.36 Specificfeeds- http://www.specificfeeds.com"
159.69.189.72 - - [06/Aug/2019:11:09:44 -0400] "GET /feed/ HTTP/1.1" 200 23048 "-" "FeedBurner/1.0 (http://www.FeedBurner.com) Mozilla/5.0 (Macintosh; Intel Mac OS X 10_11_6) AppleWebKit/537.36 (KHTML, like Gecko) Chrome/63.0.3239.132 Safari/537.36 Specificfeeds- http://www.specificfeeds.com"
172.68.132.67 - - [06/Aug/2019:11:25:21 -0400] "POST /newyork/wp-cron.php?doing_wp_cron=1565105121.8062200546264648437500 HTTP/1.1" 200 20 "https://cary.mommybites.com/newyork/wp-cron.php?doing_wp_cron=1565105121.8062200546264648437500" "WordPress/4.9.6; https://cary.mommybites.com/newyork"
180.76.15.34 - - [06/Aug/2019:11:25:21 -0400] "GET /newyork/blog/ HTTP/1.1" 200 12977 "-" "Mozilla/5.0 (compatible; Baiduspider/2.0; +http://www.baidu.com/search/spider.html)"
172.68.133.206 - - [06/Aug/2019:12:48:21 -0400] "POST /boston/wp-cron.php?doing_wp_cron=1565110101.0609180927276611328125 HTTP/1.1" 200 20 "https://cary.mommybites.com/boston/wp-cron.php?doing_wp_cron=1565110101.0609180927276611328125" "WordPress/4.9.6; https://cary.mommybites.com/boston"
37.187.162.191 - - [06/Aug/2019:12:48:20 -0400] "GET /boston/feed/ HTTP/1.1" 304 - "-" "Mozilla/5.0 (compatible; PaperLiBot/2.1; https://support.paper.li/entries/20023257-what-is-paper-li)"
172.68.255.184 - - [06/Aug/2019:13:26:29 -0400] "GET /wp-content/plugins/mb-boards/css/board.css?ver=0.1.6 HTTP/1.1" 304 - "-" "Mozilla/5.0 (compatible; Baiduspider/2.0; +http://www.baidu.com/search/spider.html)"
172.68.141.102 - - [06/Aug/2019:13:59:49 -0400] "POST /newyork/wp-cron.php?doing_wp_cron=1565114389.3057360649108886718750 HTTP/1.1" 200 20 "https://cary.mommybites.com/newyork/wp-cron.php?doing_wp_cron=1565114389.3057360649108886718750" "WordPress/4.9.6; https://cary.mommybites.com/newyork"
180.76.15.15 - - [06/Aug/2019:13:59:49 -0400] "GET /newyork/child-care/share-a-nanny/ HTTP/1.1" 200 13092 "-" "Mozilla/5.0 (compatible; Baiduspider/2.0; +http://www.baidu.com/search/spider.html)"
205.164.44.178 - - [06/Aug/2019:15:06:29 -0400] "POST /wp-cron.php?doing_wp_cron=1565118389.3402850627899169921875 HTTP/1.1" 200 20 "https://cary.mommybites.com/wp-cron.php?doing_wp_cron=1565118389.3402850627899169921875" "WordPress/4.9.6; https://cary.mommybites.com"
172.68.253.43 - - [06/Aug/2019:15:06:29 -0400] "GET /about/team/ HTTP/1.1" 200 13616 "-" "Mozilla/5.0 (compatible; Baiduspider/2.0; +http://www.baidu.com/search/spider.html)"
172.68.142.97 - - [06/Aug/2019:15:42:37 -0400] "POST /wp-cron.php?doing_wp_cron=1565120557.5901370048522949218750 HTTP/1.1" 200 20 "https://cary.mommybites.com/wp-cron.php?doing_wp_cron=1565120557.5901370048522949218750" "WordPress/4.9.6; https://cary.mommybites.com"
159.69.189.72 - - [06/Aug/2019:15:42:37 -0400] "GET /feed HTTP/1.1" 301 20 "-" "FeedBurner/1.0 (http://www.FeedBurner.com) Mozilla/5.0 (Macintosh; Intel Mac OS X 10_11_6) AppleWebKit/537.36 (KHTML, like Gecko) Chrome/63.0.3239.132 Safari/537.36 Specificfeeds- http://www.specificfeeds.com"
159.69.189.72 - - [06/Aug/2019:15:42:38 -0400] "GET /feed/ HTTP/1.1" 200 23048 "-" "FeedBurner/1.0 (http://www.FeedBurner.com) Mozilla/5.0 (Macintosh; Intel Mac OS X 10_11_6) AppleWebKit/537.36 (KHTML, like Gecko) Chrome/63.0.3239.132 Safari/537.36 Specificfeeds- http://www.specificfeeds.com"
180.76.15.153 - - [06/Aug/2019:16:13:09 -0400] "GET / HTTP/1.1" 200 19157 "-" "Mozilla/5.0 (compatible; Baiduspider/2.0; +http://www.baidu.com/search/spider.html)"
172.68.142.37 - - [06/Aug/2019:16:13:09 -0400] "POST /wp-cron.php?doing_wp_cron=1565122389.4208428859710693359375 HTTP/1.1" 200 20 "https://cary.mommybites.com/wp-cron.php?doing_wp_cron=1565122389.4208428859710693359375" "WordPress/4.9.6; https://cary.mommybites.com"
172.69.23.5 - - [06/Aug/2019:18:48:20 -0400] "POST /boston/wp-cron.php?doing_wp_cron=1565131700.1535270214080810546875 HTTP/1.1" 200 20 "https://cary.mommybites.com/boston/wp-cron.php?doing_wp_cron=1565131700.1535270214080810546875" "WordPress/4.9.6; https://cary.mommybites.com/boston"
37.187.162.191 - - [06/Aug/2019:18:48:19 -0400] "GET /boston/feed/ HTTP/1.1" 304 - "-" "Mozilla/5.0 (compatible; PaperLiBot/2.1; https://support.paper.li/entries/20023257-what-is-paper-li)"
159.69.189.72 - - [06/Aug/2019:20:56:53 -0400] "GET /feed HTTP/1.1" 301 20 "-" "FeedBurner/1.0 (http://www.FeedBurner.com) Mozilla/5.0 (Macintosh; Intel Mac OS X 10_11_6) AppleWebKit/537.36 (KHTML, like Gecko) Chrome/63.0.3239.132 Safari/537.36 Specificfeeds- http://www.specificfeeds.com"
172.68.189.75 - - [06/Aug/2019:20:56:54 -0400] "POST /wp-cron.php?doing_wp_cron=1565139414.0834519863128662109375 HTTP/1.1" 200 20 "https://cary.mommybites.com/wp-cron.php?doing_wp_cron=1565139414.0834519863128662109375" "WordPress/4.9.6; https://cary.mommybites.com"
159.69.189.72 - - [06/Aug/2019:20:56:55 -0400] "GET /feed/ HTTP/1.1" 200 23048 "-" "FeedBurner/1.0 (http://www.FeedBurner.com) Mozilla/5.0 (Macintosh; Intel Mac OS X 10_11_6) AppleWebKit/537.36 (KHTML, like Gecko) Chrome/63.0.3239.132 Safari/537.36 Specificfeeds- http://www.specificfeeds.com"
172.68.141.156 - - [06/Aug/2019:22:40:38 -0400] "POST /wp-cron.php?doing_wp_cron=1565145638.5989420413970947265625 HTTP/1.1" 200 20 "https://cary.mommybites.com/wp-cron.php?doing_wp_cron=1565145638.5989420413970947265625" "WordPress/4.9.6; https://cary.mommybites.com"
180.76.15.156 - - [06/Aug/2019:22:40:38 -0400] "GET /tag/gear/ HTTP/1.1" 200 14135 "-" "Mozilla/5.0 (compatible; Baiduspider/2.0; +http://www.baidu.com/search/spider.html)"
172.68.189.75 - - [07/Aug/2019:00:48:20 -0400] "POST /boston/wp-cron.php?doing_wp_cron=1565153300.1839809417724609375000 HTTP/1.1" 200 20 "https://cary.mommybites.com/boston/wp-cron.php?doing_wp_cron=1565153300.1839809417724609375000" "WordPress/4.9.6; https://cary.mommybites.com/boston"
37.187.162.191 - - [07/Aug/2019:00:48:20 -0400] "GET /boston/feed/ HTTP/1.1" 304 - "-" "Mozilla/5.0 (compatible; PaperLiBot/2.1; https://support.paper.li/entries/20023257-what-is-paper-li)"
172.68.133.170 - - [07/Aug/2019:00:58:56 -0400] "POST /wp-cron.php?doing_wp_cron=1565153936.1072399616241455078125 HTTP/1.1" 200 20 "https://cary.mommybites.com/wp-cron.php?doing_wp_cron=1565153936.1072399616241455078125" "WordPress/4.9.6; https://cary.mommybites.com"
159.69.242.206 - - [07/Aug/2019:00:58:55 -0400] "GET /feed HTTP/1.1" 301 20 "-" "FeedBurner/1.0 (http://www.FeedBurner.com) Mozilla/5.0 (Macintosh; Intel Mac OS X 10_11_6) AppleWebKit/537.36 (KHTML, like Gecko) Chrome/63.0.3239.132 Safari/537.36 Specificfeeds- http://www.specificfeeds.com"
159.69.242.206 - - [07/Aug/2019:00:58:57 -0400] "GET /feed/ HTTP/1.1" 200 23048 "-" "FeedBurner/1.0 (http://www.FeedBurner.com) Mozilla/5.0 (Macintosh; Intel Mac OS X 10_11_6) AppleWebKit/537.36 (KHTML, like Gecko) Chrome/63.0.3239.132 Safari/537.36 Specificfeeds- http://www.specificfeeds.com"
172.69.22.82 - - [07/Aug/2019:03:40:18 -0400] "POST /wp-cron.php?doing_wp_cron=1565163618.5319919586181640625000 HTTP/1.1" 200 20 "https://cary.mommybites.com/wp-cron.php?doing_wp_cron=1565163618.5319919586181640625000" "WordPress/4.9.6; https://cary.mommybites.com"
209.17.97.82 - - [07/Aug/2019:03:40:18 -0400] "GET / HTTP/1.1" 200 19157 "-" "Mozilla/5.0 (compatible; Nimbostratus-Bot/v1.3.2; http://cloudsystemnetworks.com)"
159.69.242.206 - - [07/Aug/2019:05:23:37 -0400] "GET /feed HTTP/1.1" 301 20 "-" "FeedBurner/1.0 (http://www.FeedBurner.com) Mozilla/5.0 (Macintosh; Intel Mac OS X 10_11_6) AppleWebKit/537.36 (KHTML, like Gecko) Chrome/63.0.3239.132 Safari/537.36 Specificfeeds- http://www.specificfeeds.com"
172.68.132.79 - - [07/Aug/2019:05:23:37 -0400] "POST /wp-cron.php?doing_wp_cron=1565169817.5092649459838867187500 HTTP/1.1" 200 20 "https://cary.mommybites.com/wp-cron.php?doing_wp_cron=1565169817.5092649459838867187500" "WordPress/4.9.6; https://cary.mommybites.com"
159.69.242.206 - - [07/Aug/2019:05:23:39 -0400] "GET /feed/ HTTP/1.1" 200 23048 "-" "FeedBurner/1.0 (http://www.FeedBurner.com) Mozilla/5.0 (Macintosh; Intel Mac OS X 10_11_6) AppleWebKit/537.36 (KHTML, like Gecko) Chrome/63.0.3239.132 Safari/537.36 Specificfeeds- http://www.specificfeeds.com"
172.68.174.96 - - [07/Aug/2019:05:37:06 -0400] "GET /robots.txt HTTP/1.1" 200 486 "-" "Mozilla/5.0 (compatible; DotBot/1.1; http://www.opensiteexplorer.org/dotbot, [email protected])"
172.69.23.5 - - [07/Aug/2019:06:48:17 -0400] "POST /boston/wp-cron.php?doing_wp_cron=1565174897.5179569721221923828125 HTTP/1.1" 200 20 "https://cary.mommybites.com/boston/wp-cron.php?doing_wp_cron=1565174897.5179569721221923828125" "WordPress/4.9.6; https://cary.mommybites.com/boston"
37.187.162.191 - - [07/Aug/2019:06:48:17 -0400] "GET /boston/feed/ HTTP/1.1" 304 - "-" "Mozilla/5.0 (compatible; PaperLiBot/2.1; https://support.paper.li/entries/20023257-what-is-paper-li)"
209.17.96.50 - - [07/Aug/2019:08:58:44 -0400] "GET / HTTP/1.1" 200 19157 "-" "Mozilla/5.0 (compatible; Nimbostratus-Bot/v1.3.2; http://cloudsystemnetworks.com)"
172.68.142.37 - - [07/Aug/2019:08:58:45 -0400] "POST /wp-cron.php?doing_wp_cron=1565182724.9586629867553710937500 HTTP/1.1" 200 20 "https://cary.mommybites.com/wp-cron.php?doing_wp_cron=1565182724.9586629867553710937500" "WordPress/4.9.6; https://cary.mommybites.com"
172.68.142.175 - - [07/Aug/2019:09:57:18 -0400] "POST /wp-cron.php?doing_wp_cron=1565186238.6380169391632080078125 HTTP/1.1" 200 20 "https://cary.mommybites.com/wp-cron.php?doing_wp_cron=1565186238.6380169391632080078125" "WordPress/4.9.6; https://cary.mommybites.com"
159.69.189.72 - - [07/Aug/2019:09:57:18 -0400] "GET /feed HTTP/1.1" 301 20 "-" "FeedBurner/1.0 (http://www.FeedBurner.com) Mozilla/5.0 (Macintosh; Intel Mac OS X 10_11_6) AppleWebKit/537.36 (KHTML, like Gecko) Chrome/63.0.3239.132 Safari/537.36 Specificfeeds- http://www.specificfeeds.com"
159.69.189.72 - - [07/Aug/2019:09:57:20 -0400] "GET /feed/ HTTP/1.1" 200 23048 "-" "FeedBurner/1.0 (http://www.FeedBurner.com) Mozilla/5.0 (Macintosh; Intel Mac OS X 10_11_6) AppleWebKit/537.36 (KHTML, like Gecko) Chrome/63.0.3239.132 Safari/537.36 Specificfeeds- http://www.specificfeeds.com"
172.68.143.170 - - [07/Aug/2019:12:32:35 -0400] "POST /wp-cron.php?doing_wp_cron=1565195554.9822030067443847656250 HTTP/1.1" 200 20 "https://cary.mommybites.com/wp-cron.php?doing_wp_cron=1565195554.9822030067443847656250" "WordPress/4.9.6; https://cary.mommybites.com"
180.76.15.144 - - [07/Aug/2019:12:32:34 -0400] "GET /wp-json/oembed/1.0/embed?url=https%3A%2F%2Fcary.mommybites.com%2F&format=xml HTTP/1.1" 200 1143 "-" "Mozilla/5.0 (compatible; Baiduspider/2.0; +http://www.baidu.com/search/spider.html)"
172.68.142.97 - - [07/Aug/2019:12:48:21 -0400] "POST /boston/wp-cron.php?doing_wp_cron=1565196501.3730819225311279296875 HTTP/1.1" 200 20 "https://cary.mommybites.com/boston/wp-cron.php?doing_wp_cron=1565196501.3730819225311279296875" "WordPress/4.9.6; https://cary.mommybites.com/boston"
37.187.162.191 - - [07/Aug/2019:12:48:21 -0400] "GET /boston/feed/ HTTP/1.1" 304 - "-" "Mozilla/5.0 (compatible; PaperLiBot/2.1; https://support.paper.li/entries/20023257-what-is-paper-li)"
172.69.70.151 - - [07/Aug/2019:12:59:18 -0400] "GET /robots.txt HTTP/1.1" 304 - "-" "Mozilla/5.0 (compatible; Googlebot/2.1; +http://www.google.com/bot.html)"
172.68.143.50 - - [07/Aug/2019:14:01:04 -0400] "POST /wp-cron.php?doing_wp_cron=1565200864.1044149398803710937500 HTTP/1.1" 200 20 "https://cary.mommybites.com/wp-cron.php?doing_wp_cron=1565200864.1044149398803710937500" "WordPress/4.9.6; https://cary.mommybites.com"
180.76.15.18 - - [07/Aug/2019:14:01:03 -0400] "GET /wp-json/oembed/1.0/embed?url=https%3A%2F%2Fcary.mommybites.com%2Fabout-2%2F HTTP/1.1" 200 1120 "-" "Mozilla/5.0 (compatible; Baiduspider/2.0; +http://www.baidu.com/search/spider.html)"
172.68.141.102 - - [07/Aug/2019:15:41:47 -0400] "POST /wp-cron.php?doing_wp_cron=1565206907.2590219974517822265625 HTTP/1.1" 200 20 "https://cary.mommybites.com/wp-cron.php?doing_wp_cron=1565206907.2590219974517822265625" "WordPress/4.9.6; https://cary.mommybites.com"
159.69.242.206 - - [07/Aug/2019:15:41:47 -0400] "GET /feed HTTP/1.1" 301 20 "-" "FeedBurner/1.0 (http://www.FeedBurner.com) Mozilla/5.0 (Macintosh; Intel Mac OS X 10_11_6) AppleWebKit/537.36 (KHTML, like Gecko) Chrome/63.0.3239.132 Safari/537.36 Specificfeeds- http://www.specificfeeds.com"
159.69.242.206 - - [07/Aug/2019:15:41:48 -0400] "GET /feed/ HTTP/1.1" 200 23048 "-" "FeedBurner/1.0 (http://www.FeedBurner.com) Mozilla/5.0 (Macintosh; Intel Mac OS X 10_11_6) AppleWebKit/537.36 (KHTML, like Gecko) Chrome/63.0.3239.132 Safari/537.36 Specificfeeds- http://www.specificfeeds.com"
172.69.69.126 - - [07/Aug/2019:18:34:47 -0400] "GET /newyork/files/2018/11/Flexible-jobs-for-parents-in-NYC-1-1024x683.jpg HTTP/1.1" 200 88290 "-" "Mozilla/5.0 (Linux; Android 9; SM-G960U) AppleWebKit/537.36 (KHTML, like Gecko) Chrome/76.0.3809.89 Mobile Safari/537.36"
172.68.142.37 - - [07/Aug/2019:18:48:18 -0400] "POST /boston/wp-cron.php?doing_wp_cron=1565218098.6147310733795166015625 HTTP/1.1" 200 20 "https://cary.mommybites.com/boston/wp-cron.php?doing_wp_cron=1565218098.6147310733795166015625" "WordPress/4.9.6; https://cary.mommybites.com/boston"
37.187.162.191 - - [07/Aug/2019:18:48:18 -0400] "GET /boston/feed/ HTTP/1.1" 304 - "-" "Mozilla/5.0 (compatible; PaperLiBot/2.1; https://support.paper.li/entries/20023257-what-is-paper-li)"
172.68.142.97 - - [07/Aug/2019:19:24:21 -0400] "POST /newyork/wp-cron.php?doing_wp_cron=1565220261.7763020992279052734375 HTTP/1.1" 200 20 "https://cary.mommybites.com/newyork/wp-cron.php?doing_wp_cron=1565220261.7763020992279052734375" "WordPress/4.9.6; https://cary.mommybites.com/newyork"
172.68.253.43 - - [07/Aug/2019:19:24:21 -0400] "GET /newyork/category/col2/moms/ HTTP/1.1" 200 14130 "-" "Mozilla/5.0 (compatible; Baiduspider/2.0; +http://www.baidu.com/search/spider.html)"
159.69.189.72 - - [07/Aug/2019:19:43:08 -0400] "GET /feed HTTP/1.1" 301 20 "-" "FeedBurner/1.0 (http://www.FeedBurner.com) Mozilla/5.0 (Macintosh; Intel Mac OS X 10_11_6) AppleWebKit/537.36 (KHTML, like Gecko) Chrome/63.0.3239.132 Safari/537.36 Specificfeeds- http://www.specificfeeds.com"
172.68.132.67 - - [07/Aug/2019:19:43:09 -0400] "POST /wp-cron.php?doing_wp_cron=1565221389.1505339145660400390625 HTTP/1.1" 200 20 "https://cary.mommybites.com/wp-cron.php?doing_wp_cron=1565221389.1505339145660400390625" "WordPress/4.9.6; https://cary.mommybites.com"
159.69.189.72 - - [07/Aug/2019:19:43:10 -0400] "GET /feed/ HTTP/1.1" 200 23048 "-" "FeedBurner/1.0 (http://www.FeedBurner.com) Mozilla/5.0 (Macintosh; Intel Mac OS X 10_11_6) AppleWebKit/537.36 (KHTML, like Gecko) Chrome/63.0.3239.132 Safari/537.36 Specificfeeds- http://www.specificfeeds.com"
172.68.255.106 - - [07/Aug/2019:19:57:41 -0400] "GET /wp-content/plugins/contact-form-7/includes/js/scripts.js HTTP/1.1" 200 3667 "-" "Mozilla/5.0 (compatible; Baiduspider/2.0; +http://www.baidu.com/search/spider.html)"
172.68.141.156 - - [07/Aug/2019:21:30:46 -0400] "POST /wp-cron.php?doing_wp_cron=1565227846.1675670146942138671875 HTTP/1.1" 200 20 "https://cary.mommybites.com/wp-cron.php?doing_wp_cron=1565227846.1675670146942138671875" "WordPress/4.9.6; https://cary.mommybites.com"
159.69.242.206 - - [07/Aug/2019:21:30:45 -0400] "GET /feed HTTP/1.1" 301 20 "-" "FeedBurner/1.0 (http://www.FeedBurner.com) Mozilla/5.0 (Macintosh; Intel Mac OS X 10_11_6) AppleWebKit/537.36 (KHTML, like Gecko) Chrome/63.0.3239.132 Safari/537.36 Specificfeeds- http://www.specificfeeds.com"
159.69.242.206 - - [07/Aug/2019:21:30:47 -0400] "GET /feed/ HTTP/1.1" 200 23048 "-" "FeedBurner/1.0 (http://www.FeedBurner.com) Mozilla/5.0 (Macintosh; Intel Mac OS X 10_11_6) AppleWebKit/537.36 (KHTML, like Gecko) Chrome/63.0.3239.132 Safari/537.36 Specificfeeds- http://www.specificfeeds.com"
172.68.142.97 - - [07/Aug/2019:22:11:01 -0400] "POST /wp-cron.php?doing_wp_cron=1565230261.7553219795227050781250 HTTP/1.1" 200 20 "https://cary.mommybites.com/wp-cron.php?doing_wp_cron=1565230261.7553219795227050781250" "WordPress/4.9.6; https://cary.mommybites.com"
180.76.15.143 - - [07/Aug/2019:22:11:01 -0400] "GET /?p=35471 HTTP/1.1" 301 20 "-" "Mozilla/5.0 (compatible; Baiduspider/2.0; +http://www.baidu.com/search/spider.html)"
172.68.254.86 - - [07/Aug/2019:22:11:03 -0400] "GET /col1/baby/creating-the-perfect-eco-friendly-nursery/ HTTP/1.1" 200 16887 "-" "Mozilla/5.0 (compatible; Baiduspider/2.0; +http://www.baidu.com/search/spider.html)"
172.68.133.170 - - [08/Aug/2019:00:08:30 -0400] "POST /wp-cron.php?doing_wp_cron=1565237310.7765679359436035156250 HTTP/1.1" 200 20 "https://cary.mommybites.com/wp-cron.php?doing_wp_cron=1565237310.7765679359436035156250" "WordPress/4.9.6; https://cary.mommybites.com"
159.69.189.72 - - [08/Aug/2019:00:08:30 -0400] "GET /feed HTTP/1.1" 301 20 "-" "FeedBurner/1.0 (http://www.FeedBurner.com) Mozilla/5.0 (Macintosh; Intel Mac OS X 10_11_6) AppleWebKit/537.36 (KHTML, like Gecko) Chrome/63.0.3239.132 Safari/537.36 Specificfeeds- http://www.specificfeeds.com"
159.69.189.72 - - [08/Aug/2019:00:08:31 -0400] "GET /feed/ HTTP/1.1" 200 23048 "-" "FeedBurner/1.0 (http://www.FeedBurner.com) Mozilla/5.0 (Macintosh; Intel Mac OS X 10_11_6) AppleWebKit/537.36 (KHTML, like Gecko) Chrome/63.0.3239.132 Safari/537.36 Specificfeeds- http://www.specificfeeds.com"
172.69.23.5 - - [08/Aug/2019:00:48:20 -0400] "POST /boston/wp-cron.php?doing_wp_cron=1565239700.8601119518280029296875 HTTP/1.1" 200 20 "https://cary.mommybites.com/boston/wp-cron.php?doing_wp_cron=1565239700.8601119518280029296875" "WordPress/4.9.6; https://cary.mommybites.com/boston"
37.187.162.191 - - [08/Aug/2019:00:48:20 -0400] "GET /boston/feed/ HTTP/1.1" 304 - "-" "Mozilla/5.0 (compatible; PaperLiBot/2.1; https://support.paper.li/entries/20023257-what-is-paper-li)"
2604:2000:1343:88e3:f1cb:70c0:3752:86e4 - - [08/Aug/2019:01:00:35 -0400] "GET /newyork/files/2018/11/Flexible-jobs-for-parents-in-NYC-1-1024x683.jpg HTTP/1.1" 200 88290 "-" "Mozilla/5.0 (iPhone; CPU iPhone OS 12_3_1 like Mac OS X) AppleWebKit/605.1.15 (KHTML, like Gecko) Version/12.1.1 Mobile/15E148 Safari/604.1"
159.69.189.72 - - [08/Aug/2019:03:58:23 -0400] "GET /feed HTTP/1.1" 301 20 "-" "FeedBurner/1.0 (http://www.FeedBurner.com) Mozilla/5.0 (Macintosh; Intel Mac OS X 10_11_6) AppleWebKit/537.36 (KHTML, like Gecko) Chrome/63.0.3239.132 Safari/537.36 Specificfeeds- http://www.specificfeeds.com"
172.69.22.82 - - [08/Aug/2019:03:58:24 -0400] "POST /wp-cron.php?doing_wp_cron=1565251104.2462480068206787109375 HTTP/1.1" 200 20 "https://cary.mommybites.com/wp-cron.php?doing_wp_cron=1565251104.2462480068206787109375" "WordPress/4.9.6; https://cary.mommybites.com"
159.69.189.72 - - [08/Aug/2019:03:58:26 -0400] "GET /feed/ HTTP/1.1" 200 23048 "-" "FeedBurner/1.0 (http://www.FeedBurner.com) Mozilla/5.0 (Macintosh; Intel Mac OS X 10_11_6) AppleWebKit/537.36 (KHTML, like Gecko) Chrome/63.0.3239.132 Safari/537.36 Specificfeeds- http://www.specificfeeds.com"
172.68.174.96 - - [08/Aug/2019:05:59:13 -0400] "GET /robots.txt HTTP/1.1" 200 486 "-" "Mozilla/5.0 (compatible; DotBot/1.1; http://www.opensiteexplorer.org/dotbot, [email protected])"
172.68.142.175 - - [08/Aug/2019:06:48:18 -0400] "POST /boston/wp-cron.php?doing_wp_cron=1565261298.8628149032592773437500 HTTP/1.1" 200 20 "https://cary.mommybites.com/boston/wp-cron.php?doing_wp_cron=1565261298.8628149032592773437500" "WordPress/4.9.6; https://cary.mommybites.com/boston"
37.187.162.191 - - [08/Aug/2019:06:48:18 -0400] "GET /boston/feed/ HTTP/1.1" 304 - "-" "Mozilla/5.0 (compatible; PaperLiBot/2.1; https://support.paper.li/entries/20023257-what-is-paper-li)"
172.68.132.67 - - [08/Aug/2019:08:41:57 -0400] "POST /wp-cron.php?doing_wp_cron=1565268117.3125829696655273437500 HTTP/1.1" 200 20 "https://cary.mommybites.com/wp-cron.php?doing_wp_cron=1565268117.3125829696655273437500" "WordPress/4.9.6; https://cary.mommybites.com"
159.69.242.206 - - [08/Aug/2019:08:41:57 -0400] "GET /feed HTTP/1.1" 301 20 "-" "FeedBurner/1.0 (http://www.FeedBurner.com) Mozilla/5.0 (Macintosh; Intel Mac OS X 10_11_6) AppleWebKit/537.36 (KHTML, like Gecko) Chrome/63.0.3239.132 Safari/537.36 Specificfeeds- http://www.specificfeeds.com"
159.69.242.206 - - [08/Aug/2019:08:41:59 -0400] "GET /feed/ HTTP/1.1" 200 23048 "-" "FeedBurner/1.0 (http://www.FeedBurner.com) Mozilla/5.0 (Macintosh; Intel Mac OS X 10_11_6) AppleWebKit/537.36 (KHTML, like Gecko) Chrome/63.0.3239.132 Safari/537.36 Specificfeeds- http://www.specificfeeds.com"
159.69.189.72 - - [08/Aug/2019:12:54:30 -0400] "GET /feed HTTP/1.1" 500 200 "-" "FeedBurner/1.0 (http://www.FeedBurner.com) Mozilla/5.0 (Macintosh; Intel Mac OS X 10_11_6) AppleWebKit/537.36 (KHTML, like Gecko) Chrome/63.0.3239.132 Safari/537.36 Specificfeeds- http://www.specificfeeds.com"
180.76.15.26 - - [08/Aug/2019:16:13:57 -0400] "GET /wp-json/tribe/events/v1/ HTTP/1.1" 404 116 "-" "Mozilla/5.0 (compatible; Baiduspider/2.0; +http://www.baidu.com/search/spider.html)"
172.68.142.175 - - [08/Aug/2019:16:13:57 -0400] "POST /wp-cron.php?doing_wp_cron=1565295237.4273200035095214843750 HTTP/1.1" 200 20 "https://cary.mommybites.com/wp-cron.php?doing_wp_cron=1565295237.4273200035095214843750" "WordPress/4.9.6; https://cary.mommybites.com"
172.68.132.79 - - [08/Aug/2019:18:48:20 -0400] "POST /boston/wp-cron.php?doing_wp_cron=1565304500.0702950954437255859375 HTTP/1.1" 200 20 "https://cary.mommybites.com/boston/wp-cron.php?doing_wp_cron=1565304500.0702950954437255859375" "WordPress/4.9.6; https://cary.mommybites.com/boston"
37.187.162.191 - - [08/Aug/2019:18:48:19 -0400] "GET /boston/feed/ HTTP/1.1" 304 - "-" "Mozilla/5.0 (compatible; PaperLiBot/2.1; https://support.paper.li/entries/20023257-what-is-paper-li)"
157.55.39.13 - - [08/Aug/2019:19:43:18 -0400] "GET /robots.txt HTTP/1.1" 304 - "-" "Mozilla/5.0 (compatible; bingbot/2.0; +http://www.bing.com/bingbot.htm)"
172.69.22.82 - - [08/Aug/2019:19:58:34 -0400] "POST /wp-cron.php?doing_wp_cron=1565308714.0891098976135253906250 HTTP/1.1" 200 20 "https://cary.mommybites.com/wp-cron.php?doing_wp_cron=1565308714.0891098976135253906250" "WordPress/4.9.6; https://cary.mommybites.com"
159.69.189.72 - - [08/Aug/2019:19:58:33 -0400] "GET /feed HTTP/1.1" 301 20 "-" "FeedBurner/1.0 (http://www.FeedBurner.com) Mozilla/5.0 (Macintosh; Intel Mac OS X 10_11_6) AppleWebKit/537.36 (KHTML, like Gecko) Chrome/63.0.3239.132 Safari/537.36 Specificfeeds- http://www.specificfeeds.com"
159.69.189.72 - - [08/Aug/2019:19:58:36 -0400] "GET /feed/ HTTP/1.1" 200 23048 "-" "FeedBurner/1.0 (http://www.FeedBurner.com) Mozilla/5.0 (Macintosh; Intel Mac OS X 10_11_6) AppleWebKit/537.36 (KHTML, like Gecko) Chrome/63.0.3239.132 Safari/537.36 Specificfeeds- http://www.specificfeeds.com"
159.69.189.72 - - [08/Aug/2019:23:25:23 -0400] "GET /feed HTTP/1.1" 301 20 "-" "FeedBurner/1.0 (http://www.FeedBurner.com) Mozilla/5.0 (Macintosh; Intel Mac OS X 10_11_6) AppleWebKit/537.36 (KHTML, like Gecko) Chrome/63.0.3239.132 Safari/537.36 Specificfeeds- http://www.specificfeeds.com"
172.68.132.79 - - [08/Aug/2019:23:25:24 -0400] "POST /wp-cron.php?doing_wp_cron=1565321123.9700388908386230468750 HTTP/1.1" 200 20 "https://cary.mommybites.com/wp-cron.php?doing_wp_cron=1565321123.9700388908386230468750" "WordPress/4.9.6; https://cary.mommybites.com"
159.69.189.72 - - [08/Aug/2019:23:25:25 -0400] "GET /feed/ HTTP/1.1" 200 23048 "-" "FeedBurner/1.0 (http://www.FeedBurner.com) Mozilla/5.0 (Macintosh; Intel Mac OS X 10_11_6) AppleWebKit/537.36 (KHTML, like Gecko) Chrome/63.0.3239.132 Safari/537.36 Specificfeeds- http://www.specificfeeds.com"
172.68.141.102 - - [09/Aug/2019:00:48:18 -0400] "POST /boston/wp-cron.php?doing_wp_cron=1565326098.1262719631195068359375 HTTP/1.1" 200 20 "https://cary.mommybites.com/boston/wp-cron.php?doing_wp_cron=1565326098.1262719631195068359375" "WordPress/4.9.6; https://cary.mommybites.com/boston"
37.187.162.191 - - [09/Aug/2019:00:48:17 -0400] "GET /boston/feed/ HTTP/1.1" 304 - "-" "Mozilla/5.0 (compatible; PaperLiBot/2.1; https://support.paper.li/entries/20023257-what-is-paper-li)"
172.69.22.82 - - [09/Aug/2019:01:11:12 -0400] "POST /wp-cron.php?doing_wp_cron=1565327472.6121969223022460937500 HTTP/1.1" 200 20 "https://cary.mommybites.com/wp-cron.php?doing_wp_cron=1565327472.6121969223022460937500" "WordPress/4.9.6; https://cary.mommybites.com"
159.69.189.72 - - [09/Aug/2019:01:11:12 -0400] "GET /feed HTTP/1.1" 301 20 "-" "FeedBurner/1.0 (http://www.FeedBurner.com) Mozilla/5.0 (Macintosh; Intel Mac OS X 10_11_6) AppleWebKit/537.36 (KHTML, like Gecko) Chrome/63.0.3239.132 Safari/537.36 Specificfeeds- http://www.specificfeeds.com"
159.69.189.72 - - [09/Aug/2019:01:11:13 -0400] "GET /feed/ HTTP/1.1" 200 23048 "-" "FeedBurner/1.0 (http://www.FeedBurner.com) Mozilla/5.0 (Macintosh; Intel Mac OS X 10_11_6) AppleWebKit/537.36 (KHTML, like Gecko) Chrome/63.0.3239.132 Safari/537.36 Specificfeeds- http://www.specificfeeds.com"
172.68.174.96 - - [09/Aug/2019:03:48:05 -0400] "GET /robots.txt HTTP/1.1" 200 486 "-" "Mozilla/5.0 (compatible; DotBot/1.1; http://www.opensiteexplorer.org/dotbot, [email protected])"
66.249.79.227 - - [09/Aug/2019:05:32:13 -0400] "GET /robots.txt HTTP/1.1" 304 - "-" "Mozilla/5.0 (compatible; Googlebot/2.1; +http://www.google.com/bot.html)"
159.69.189.72 - - [09/Aug/2019:05:38:02 -0400] "GET /feed HTTP/1.1" 301 20 "-" "FeedBurner/1.0 (http://www.FeedBurner.com) Mozilla/5.0 (Macintosh; Intel Mac OS X 10_11_6) AppleWebKit/537.36 (KHTML, like Gecko) Chrome/63.0.3239.132 Safari/537.36 Specificfeeds- http://www.specificfeeds.com"
172.68.141.168 - - [09/Aug/2019:05:38:03 -0400] "POST /wp-cron.php?doing_wp_cron=1565343483.3435380458831787109375 HTTP/1.1" 200 20 "https://cary.mommybites.com/wp-cron.php?doing_wp_cron=1565343483.3435380458831787109375" "WordPress/4.9.6; https://cary.mommybites.com"
159.69.189.72 - - [09/Aug/2019:05:38:05 -0400] "GET /feed/ HTTP/1.1" 200 23048 "-" "FeedBurner/1.0 (http://www.FeedBurner.com) Mozilla/5.0 (Macintosh; Intel Mac OS X 10_11_6) AppleWebKit/537.36 (KHTML, like Gecko) Chrome/63.0.3239.132 Safari/537.36 Specificfeeds- http://www.specificfeeds.com"
172.68.142.37 - - [09/Aug/2019:06:48:19 -0400] "POST /boston/wp-cron.php?doing_wp_cron=1565347699.4272909164428710937500 HTTP/1.1" 200 20 "https://cary.mommybites.com/boston/wp-cron.php?doing_wp_cron=1565347699.4272909164428710937500" "WordPress/4.9.6; https://cary.mommybites.com/boston"
37.187.162.191 - - [09/Aug/2019:06:48:19 -0400] "GET /boston/feed/ HTTP/1.1" 304 - "-" "Mozilla/5.0 (compatible; PaperLiBot/2.1; https://support.paper.li/entries/20023257-what-is-paper-li)"
172.68.174.96 - - [09/Aug/2019:09:51:21 -0400] "GET /robots.txt HTTP/1.1" 304 - "-" "Mozilla/5.0 (compatible; DotBot/1.1; http://www.opensiteexplorer.org/dotbot, [email protected])"
159.69.242.206 - - [09/Aug/2019:09:59:47 -0400] "GET /feed HTTP/1.1" 301 20 "-" "FeedBurner/1.0 (http://www.FeedBurner.com) Mozilla/5.0 (Macintosh; Intel Mac OS X 10_11_6) AppleWebKit/537.36 (KHTML, like Gecko) Chrome/63.0.3239.132 Safari/537.36 Specificfeeds- http://www.specificfeeds.com"
172.68.133.170 - - [09/Aug/2019:09:59:47 -0400] "POST /wp-cron.php?doing_wp_cron=1565359187.8411250114440917968750 HTTP/1.1" 200 20 "https://cary.mommybites.com/wp-cron.php?doing_wp_cron=1565359187.8411250114440917968750" "WordPress/4.9.6; https://cary.mommybites.com"
159.69.242.206 - - [09/Aug/2019:09:59:50 -0400] "GET /feed/ HTTP/1.1" 200 23048 "-" "FeedBurner/1.0 (http://www.FeedBurner.com) Mozilla/5.0 (Macintosh; Intel Mac OS X 10_11_6) AppleWebKit/537.36 (KHTML, like Gecko) Chrome/63.0.3239.132 Safari/537.36 Specificfeeds- http://www.specificfeeds.com"
69.119.155.17 - - [09/Aug/2019:10:30:35 -0400] "GET /newyork/files/2018/11/Flexible-jobs-for-parents-in-NYC-1-1024x683.jpg HTTP/1.1" 200 88290 "-" "Mozilla/5.0 (iPhone; CPU iPhone OS 12_4 like Mac OS X) AppleWebKit/605.1.15 (KHTML, like Gecko) Version/12.1.2 Mobile/15E148 Safari/604.1"
172.68.174.96 - - [09/Aug/2019:10:36:56 -0400] "GET /robots.txt HTTP/1.1" 304 - "-" "Mozilla/5.0 (compatible; DotBot/1.1; http://www.opensiteexplorer.org/dotbot, [email protected])"
172.68.65.182 - - [09/Aug/2019:12:09:43 -0400] "GET /newyork/files/2018/11/Flexible-jobs-for-parents-in-NYC-1-1024x683.jpg HTTP/1.1" 200 88290 "-" "Mozilla/5.0 (Macintosh; Intel Mac OS X 10_13_6) AppleWebKit/605.1.15 (KHTML, like Gecko) Version/12.1.2 Safari/605.1.15"
172.68.133.206 - - [09/Aug/2019:12:48:21 -0400] "POST /boston/wp-cron.php?doing_wp_cron=1565369301.3553380966186523437500 HTTP/1.1" 200 20 "https://cary.mommybites.com/boston/wp-cron.php?doing_wp_cron=1565369301.3553380966186523437500" "WordPress/4.9.6; https://cary.mommybites.com/boston"
37.187.162.191 - - [09/Aug/2019:12:48:21 -0400] "GET /boston/feed/ HTTP/1.1" 304 - "-" "Mozilla/5.0 (compatible; PaperLiBot/2.1; https://support.paper.li/entries/20023257-what-is-paper-li)"
172.68.142.175 - - [09/Aug/2019:12:58:05 -0400] "POST /newyork/wp-cron.php?doing_wp_cron=1565369885.2959380149841308593750 HTTP/1.1" 200 20 "https://cary.mommybites.com/newyork/wp-cron.php?doing_wp_cron=1565369885.2959380149841308593750" "WordPress/4.9.6; https://cary.mommybites.com/newyork"
172.68.253.205 - - [09/Aug/2019:12:58:05 -0400] "GET /newyork/blog/ HTTP/1.1" 200 12977 "-" "Mozilla/5.0 (compatible; Baiduspider/2.0; +http://www.baidu.com/search/spider.html)"
172.69.70.151 - - [09/Aug/2019:13:23:07 -0400] "GET /robots.txt HTTP/1.1" 304 - "-" "Mozilla/5.0 (compatible; Googlebot/2.1; +http://www.google.com/bot.html)"
172.68.189.75 - - [09/Aug/2019:13:31:25 -0400] "POST /wp-cron.php?doing_wp_cron=1565371885.2594120502471923828125 HTTP/1.1" 200 20 "https://cary.mommybites.com/wp-cron.php?doing_wp_cron=1565371885.2594120502471923828125" "WordPress/4.9.6; https://cary.mommybites.com"
180.76.15.152 - - [09/Aug/2019:13:31:25 -0400] "GET /about-2/feed/ HTTP/1.1" 200 433 "-" "Mozilla/5.0 (compatible; Baiduspider/2.0; +http://www.baidu.com/search/spider.html)"
172.68.142.175 - - [09/Aug/2019:14:20:49 -0400] "POST /wp-cron.php?doing_wp_cron=1565374849.8269679546356201171875 HTTP/1.1" 200 20 "https://cary.mommybites.com/wp-cron.php?doing_wp_cron=1565374849.8269679546356201171875" "WordPress/4.9.6; https://cary.mommybites.com"
159.69.189.72 - - [09/Aug/2019:14:20:49 -0400] "GET /feed HTTP/1.1" 301 20 "-" "FeedBurner/1.0 (http://www.FeedBurner.com) Mozilla/5.0 (Macintosh; Intel Mac OS X 10_11_6) AppleWebKit/537.36 (KHTML, like Gecko) Chrome/63.0.3239.132 Safari/537.36 Specificfeeds- http://www.specificfeeds.com"
159.69.189.72 - - [09/Aug/2019:14:20:50 -0400] "GET /feed/ HTTP/1.1" 200 23048 "-" "FeedBurner/1.0 (http://www.FeedBurner.com) Mozilla/5.0 (Macintosh; Intel Mac OS X 10_11_6) AppleWebKit/537.36 (KHTML, like Gecko) Chrome/63.0.3239.132 Safari/537.36 Specificfeeds- http://www.specificfeeds.com"
180.76.15.157 - - [09/Aug/2019:17:00:27 -0400] "GET / HTTP/1.1" 200 19157 "-" "Mozilla/5.0 (compatible; Baiduspider/2.0; +http://www.baidu.com/search/spider.html)"
205.164.44.178 - - [09/Aug/2019:17:00:27 -0400] "POST /wp-cron.php?doing_wp_cron=1565384427.5009150505065917968750 HTTP/1.1" 200 20 "https://cary.mommybites.com/wp-cron.php?doing_wp_cron=1565384427.5009150505065917968750" "WordPress/4.9.6; https://cary.mommybites.com"
172.68.255.184 - - [09/Aug/2019:17:35:29 -0400] "GET /wp-content/plugins/mb-boards/css/board.css?ver=0.1.6 HTTP/1.1" 200 1445 "-" "Mozilla/5.0 (compatible; Baiduspider/2.0; +http://www.baidu.com/search/spider.html)"
172.68.141.102 - - [09/Aug/2019:17:42:53 -0400] "POST /newyork/wp-cron.php?doing_wp_cron=1565386973.7820940017700195312500 HTTP/1.1" 200 20 "https://cary.mommybites.com/newyork/wp-cron.php?doing_wp_cron=1565386973.7820940017700195312500" "WordPress/4.9.6; https://cary.mommybites.com/newyork"
180.76.15.135 - - [09/Aug/2019:17:42:53 -0400] "GET /newyork/category/col2/moms/ HTTP/1.1" 200 14126 "-" "Mozilla/5.0 (compatible; Baiduspider/2.0; +http://www.baidu.com/search/spider.html)"
172.68.142.37 - - [09/Aug/2019:18:13:38 -0400] "POST /wp-cron.php?doing_wp_cron=1565388818.4118280410766601562500 HTTP/1.1" 200 20 "https://cary.mommybites.com/wp-cron.php?doing_wp_cron=1565388818.4118280410766601562500" "WordPress/4.9.6; https://cary.mommybites.com"
172.68.70.54 - - [09/Aug/2019:18:13:38 -0400] "GET / HTTP/1.1" 200 19157 "-" "Mozilla/5.0 (compatible; Nimbostratus-Bot/v1.3.2; http://cloudsystemnetworks.com)"
172.68.132.67 - - [09/Aug/2019:18:48:19 -0400] "POST /boston/wp-cron.php?doing_wp_cron=1565390899.5903270244598388671875 HTTP/1.1" 200 20 "https://cary.mommybites.com/boston/wp-cron.php?doing_wp_cron=1565390899.5903270244598388671875" "WordPress/4.9.6; https://cary.mommybites.com/boston"
37.187.162.191 - - [09/Aug/2019:18:48:19 -0400] "GET /boston/feed/ HTTP/1.1" 304 - "-" "Mozilla/5.0 (compatible; PaperLiBot/2.1; https://support.paper.li/entries/20023257-what-is-paper-li)"
159.69.189.72 - - [09/Aug/2019:19:16:54 -0400] "GET /feed HTTP/1.1" 301 20 "-" "FeedBurner/1.0 (http://www.FeedBurner.com) Mozilla/5.0 (Macintosh; Intel Mac OS X 10_11_6) AppleWebKit/537.36 (KHTML, like Gecko) Chrome/63.0.3239.132 Safari/537.36 Specificfeeds- http://www.specificfeeds.com"
172.68.133.170 - - [09/Aug/2019:19:16:55 -0400] "POST /wp-cron.php?doing_wp_cron=1565392615.0976059436798095703125 HTTP/1.1" 200 20 "https://cary.mommybites.com/wp-cron.php?doing_wp_cron=1565392615.0976059436798095703125" "WordPress/4.9.6; https://cary.mommybites.com"
159.69.189.72 - - [09/Aug/2019:19:16:56 -0400] "GET /feed/ HTTP/1.1" 200 23048 "-" "FeedBurner/1.0 (http://www.FeedBurner.com) Mozilla/5.0 (Macintosh; Intel Mac OS X 10_11_6) AppleWebKit/537.36 (KHTML, like Gecko) Chrome/63.0.3239.132 Safari/537.36 Specificfeeds- http://www.specificfeeds.com"
172.68.133.206 - - [09/Aug/2019:20:10:08 -0400] "POST /wp-cron.php?doing_wp_cron=1565395808.4000530242919921875000 HTTP/1.1" 200 20 "https://cary.mommybites.com/wp-cron.php?doing_wp_cron=1565395808.4000530242919921875000" "WordPress/4.9.6; https://cary.mommybites.com"
180.76.15.12 - - [09/Aug/2019:20:10:08 -0400] "GET /col1/toddler/testing-tired-toddlers-making-sleep-priority/ HTTP/1.1" 200 16462 "-" "Mozilla/5.0 (compatible; Baiduspider/2.0; +http://www.baidu.com/search/spider.html)"
172.68.143.170 - - [09/Aug/2019:21:51:01 -0400] "POST /wp-cron.php?doing_wp_cron=1565401861.2324979305267333984375 HTTP/1.1" 200 20 "https://cary.mommybites.com/wp-cron.php?doing_wp_cron=1565401861.2324979305267333984375" "WordPress/4.9.6; https://cary.mommybites.com"
159.69.242.206 - - [09/Aug/2019:21:51:01 -0400] "GET /feed HTTP/1.1" 301 20 "-" "FeedBurner/1.0 (http://www.FeedBurner.com) Mozilla/5.0 (Macintosh; Intel Mac OS X 10_11_6) AppleWebKit/537.36 (KHTML, like Gecko) Chrome/63.0.3239.132 Safari/537.36 Specificfeeds- http://www.specificfeeds.com"
159.69.242.206 - - [09/Aug/2019:21:51:02 -0400] "GET /feed/ HTTP/1.1" 200 23048 "-" "FeedBurner/1.0 (http://www.FeedBurner.com) Mozilla/5.0 (Macintosh; Intel Mac OS X 10_11_6) AppleWebKit/537.36 (KHTML, like Gecko) Chrome/63.0.3239.132 Safari/537.36 Specificfeeds- http://www.specificfeeds.com"
172.69.23.5 - - [09/Aug/2019:23:30:42 -0400] "POST /wp-cron.php?doing_wp_cron=1565407842.8497920036315917968750 HTTP/1.1" 200 20 "https://cary.mommybites.com/wp-cron.php?doing_wp_cron=1565407842.8497920036315917968750" "WordPress/4.9.6; https://cary.mommybites.com"
159.69.242.206 - - [09/Aug/2019:23:30:42 -0400] "GET /feed HTTP/1.1" 301 20 "-" "FeedBurner/1.0 (http://www.FeedBurner.com) Mozilla/5.0 (Macintosh; Intel Mac OS X 10_11_6) AppleWebKit/537.36 (KHTML, like Gecko) Chrome/63.0.3239.132 Safari/537.36 Specificfeeds- http://www.specificfeeds.com"
159.69.242.206 - - [09/Aug/2019:23:30:43 -0400] "GET /feed/ HTTP/1.1" 200 23048 "-" "FeedBurner/1.0 (http://www.FeedBurner.com) Mozilla/5.0 (Macintosh; Intel Mac OS X 10_11_6) AppleWebKit/537.36 (KHTML, like Gecko) Chrome/63.0.3239.132 Safari/537.36 Specificfeeds- http://www.specificfeeds.com"
2604:2000:1500:847b:1cfb:da68:b8b7:dba9 - - [09/Aug/2019:23:50:40 -0400] "GET /newyork/files/2018/11/Flexible-jobs-for-parents-in-NYC-1-1024x683.jpg HTTP/1.1" 200 88290 "-" "Mozilla/5.0 (Windows NT 10.0; Win64; x64; rv:68.0) Gecko/20100101 Firefox/68.0"
172.68.132.67 - - [10/Aug/2019:00:48:18 -0400] "POST /boston/wp-cron.php?doing_wp_cron=1565412498.6200730800628662109375 HTTP/1.1" 200 20 "https://cary.mommybites.com/boston/wp-cron.php?doing_wp_cron=1565412498.6200730800628662109375" "WordPress/4.9.6; https://cary.mommybites.com/boston"
37.187.162.191 - - [10/Aug/2019:00:48:18 -0400] "GET /boston/feed/ HTTP/1.1" 304 - "-" "Mozilla/5.0 (compatible; PaperLiBot/2.1; https://support.paper.li/entries/20023257-what-is-paper-li)"
172.68.132.79 - - [10/Aug/2019:03:29:26 -0400] "POST /wp-cron.php?doing_wp_cron=1565422166.1823720932006835937500 HTTP/1.1" 200 20 "https://cary.mommybites.com/wp-cron.php?doing_wp_cron=1565422166.1823720932006835937500" "WordPress/4.9.6; https://cary.mommybites.com"
159.69.242.206 - - [10/Aug/2019:03:29:25 -0400] "GET /feed HTTP/1.1" 301 20 "-" "FeedBurner/1.0 (http://www.FeedBurner.com) Mozilla/5.0 (Macintosh; Intel Mac OS X 10_11_6) AppleWebKit/537.36 (KHTML, like Gecko) Chrome/63.0.3239.132 Safari/537.36 Specificfeeds- http://www.specificfeeds.com"
159.69.242.206 - - [10/Aug/2019:03:29:27 -0400] "GET /feed/ HTTP/1.1" 200 23048 "-" "FeedBurner/1.0 (http://www.FeedBurner.com) Mozilla/5.0 (Macintosh; Intel Mac OS X 10_11_6) AppleWebKit/537.36 (KHTML, like Gecko) Chrome/63.0.3239.132 Safari/537.36 Specificfeeds- http://www.specificfeeds.com"
172.68.141.156 - - [10/Aug/2019:06:48:19 -0400] "POST /boston/wp-cron.php?doing_wp_cron=1565434099.6038498878479003906250 HTTP/1.1" 200 20 "https://cary.mommybites.com/boston/wp-cron.php?doing_wp_cron=1565434099.6038498878479003906250" "WordPress/4.9.6; https://cary.mommybites.com/boston"
37.187.162.191 - - [10/Aug/2019:06:48:19 -0400] "GET /boston/feed/ HTTP/1.1" 304 - "-" "Mozilla/5.0 (compatible; PaperLiBot/2.1; https://support.paper.li/entries/20023257-what-is-paper-li)"
159.69.189.72 - - [10/Aug/2019:07:38:07 -0400] "GET /feed HTTP/1.1" 301 20 "-" "FeedBurner/1.0 (http://www.FeedBurner.com) Mozilla/5.0 (Macintosh; Intel Mac OS X 10_11_6) AppleWebKit/537.36 (KHTML, like Gecko) Chrome/63.0.3239.132 Safari/537.36 Specificfeeds- http://www.specificfeeds.com"
172.68.141.156 - - [10/Aug/2019:07:38:07 -0400] "POST /wp-cron.php?doing_wp_cron=1565437087.3472549915313720703125 HTTP/1.1" 200 20 "https://cary.mommybites.com/wp-cron.php?doing_wp_cron=1565437087.3472549915313720703125" "WordPress/4.9.6; https://cary.mommybites.com"
